000
CDUS43 KUNR 310830
CLID07


CLIMATE REPORT
NATIONAL WEATHER SERVICE RAPID CITY SD
230 AM MDT WED AUG 31 2016


...................................

...THE FAITH SD CLIMATE SUMMARY FOR AUGUST 30 2016...

CLIMATE NORMAL PERIOD 1981 TO 2010
CLIMATE RECORD PERIOD 9999 TO 9999


WEATHER ITEM   OBSERVED TIME   NORMAL DEPARTURE LAST
                VALUE   (LST)  VALUE  FROM      YEAR
                                      NORMAL
......................................................
TEMPERATURE (F)
 YESTERDAY
  MAXIMUM         89    232 PM  82      7       96
  MINIMUM         57    259 AM  55      2       58
  AVERAGE         73            68      5       77

PRECIPITATION (IN)
  YESTERDAY        0.00          0.05  -0.05     0.00
  MONTH TO DATE    1.23          1.57  -0.34     2.51
  SINCE JUN 1      4.77          7.46  -2.69     5.73
  SINCE JAN 1     11.62         13.76  -2.14    12.97

DEGREE DAYS
 HEATING
  YESTERDAY        0             2     -2        0
  MONTH TO DATE   26            16     10       29
  SINCE JUN 1     44           118    -74       63
  SINCE JUL 1     29            28      1       29

 COOLING
  YESTERDAY        8             5      3       12
  MONTH TO DATE  219           226     -7      220
  SINCE JUN 1    676           559    117      572
  SINCE JAN 1    678           571    107      574
......................................................


WIND (MPH)
  HIGHEST WIND SPEED    20   HIGHEST WIND DIRECTION    SE (120)
  HIGHEST GUST SPEED    23   HIGHEST GUST DIRECTION    SE (130)
  AVERAGE WIND SPEED    10.9




RELATIVE HUMIDITY (PERCENT)
 HIGHEST    87           500 AM
 LOWEST     43           200 PM
 AVERAGE    65

..........................................................




SUNRISE AND SUNSET
AUGUST 31 2016........SUNRISE   609 AM MDT   SUNSET   726 PM MDT
SEPTEMBER  1 2016.....SUNRISE   611 AM MDT   SUNSET   724 PM MDT


-  INDICATES NEGATIVE NUMBERS.
R  INDICATES RECORD WAS SET OR TIED.
MM INDICATES DATA IS MISSING.
T  INDICATES TRACE AMOUNT.




$$
