000
CDUS43 KUNR 050838
CLID07


CLIMATE REPORT
NATIONAL WEATHER SERVICE RAPID CITY SD
238 AM MDT SUN JUL 5 2015


...................................

...THE FAITH SD CLIMATE SUMMARY FOR JULY 4 2015...

CLIMATE NORMAL PERIOD 1981 TO 2010
CLIMATE RECORD PERIOD 9999 TO 9999


WEATHER ITEM   OBSERVED TIME   NORMAL DEPARTURE LAST
                VALUE   (LST)  VALUE  FROM      YEAR
                                      NORMAL
......................................................
TEMPERATURE (F)
 YESTERDAY
  MAXIMUM         91    614 PM  84      7       83
  MINIMUM         63    504 AM  58      5       63
  AVERAGE         77            71      6       73

PRECIPITATION (IN)
  YESTERDAY        0.00          0.10  -0.10     0.00
  MONTH TO DATE    0.00          0.42  -0.42     0.02
  SINCE JUN 1      2.64          3.51  -0.87     5.95
  SINCE JAN 1      9.88          9.81   0.07    10.53

DEGREE DAYS
 HEATING
  YESTERDAY        0             1     -1        0
  MONTH TO DATE    0             4     -4        6
  SINCE JUN 1     34            94    -60      111
  SINCE JUL 1      0             4     -4        6

 COOLING
  YESTERDAY       12             7      5        8
  MONTH TO DATE   31            25      6        8
  SINCE JUN 1    126           113     13       30
  SINCE JAN 1    128           125      3       60
......................................................


WIND (MPH)
  HIGHEST WIND SPEED    20   HIGHEST WIND DIRECTION     S (170)
  HIGHEST GUST SPEED    24   HIGHEST GUST DIRECTION     S (180)
  AVERAGE WIND SPEED    11.4




RELATIVE HUMIDITY (PERCENT)
 HIGHEST    90           500 AM
 LOWEST     38           500 PM
 AVERAGE    64

..........................................................




SUNRISE AND SUNSET
JULY  5 2015..........SUNRISE   507 AM MDT   SUNSET   838 PM MDT
JULY  6 2015..........SUNRISE   508 AM MDT   SUNSET   837 PM MDT


-  INDICATES NEGATIVE NUMBERS.
R  INDICATES RECORD WAS SET OR TIED.
MM INDICATES DATA IS MISSING.
T  INDICATES TRACE AMOUNT.




$$
