000
CDUS43 KUNR 270854
CLID07


CLIMATE REPORT
NATIONAL WEATHER SERVICE RAPID CITY SD
247 AM MDT MON MAR 27 2017


...................................

...THE FAITH SD CLIMATE SUMMARY FOR MARCH 26 2017...

CLIMATE NORMAL PERIOD 1981 TO 2010
CLIMATE RECORD PERIOD 9999 TO 9999


WEATHER ITEM   OBSERVED TIME   NORMAL DEPARTURE LAST
                VALUE   (LST)  VALUE  FROM      YEAR
                                      NORMAL
......................................................
TEMPERATURE (F)
 YESTERDAY
  MAXIMUM         50        MM  47      3       36
  MINIMUM         36        MM  25     11        9
  AVERAGE         43            36      7       23

PRECIPITATION (IN)
  YESTERDAY        0.00          0.04  -0.04     0.00
  MONTH TO DATE    0.38          0.74  -0.36     0.59
  SINCE MAR 1      0.38          0.74  -0.36     0.59
  SINCE JAN 1      1.40          1.36   0.04     2.10

DEGREE DAYS
 HEATING
  YESTERDAY       22            29     -7       42
  MONTH TO DATE  805           867    -62      664
  SINCE MAR 1    805           867    -62      664
  SINCE JUL 1   6156          6555   -399     5610

 COOLING
  YESTERDAY        0             0      0        0
  MONTH TO DATE    0             0      0        0
  SINCE MAR 1      0             0      0        0
  SINCE JAN 1      0             0      0        0
......................................................


WIND (MPH)
  HIGHEST WIND SPEED    MM   HIGHEST WIND DIRECTION    MM
  HIGHEST GUST SPEED    MM   HIGHEST GUST DIRECTION    MM
  AVERAGE WIND SPEED    MM




RELATIVE HUMIDITY (PERCENT)
 HIGHEST   100           400 AM
 LOWEST     52           300 PM
 AVERAGE    76

..........................................................




SUNRISE AND SUNSET
MARCH 27 2017.........SUNRISE   638 AM MDT   SUNSET   710 PM MDT
MARCH 28 2017.........SUNRISE   636 AM MDT   SUNSET   711 PM MDT


-  INDICATES NEGATIVE NUMBERS.
R  INDICATES RECORD WAS SET OR TIED.
MM INDICATES DATA IS MISSING.
T  INDICATES TRACE AMOUNT.




$$
