000
CDUS43 KUNR 260850
CLID07


CLIMATE REPORT
NATIONAL WEATHER SERVICE RAPID CITY SD
247 AM MDT TUE MAY 26 2015


...................................

...THE FAITH SD CLIMATE SUMMARY FOR MAY 25 2015...

CLIMATE NORMAL PERIOD 1981 TO 2010
CLIMATE RECORD PERIOD 9999 TO 9999


WEATHER ITEM   OBSERVED TIME   NORMAL DEPARTURE LAST
                VALUE   (LST)  VALUE  FROM      YEAR
                                      NORMAL
......................................................
TEMPERATURE (F)
 YESTERDAY
  MAXIMUM         60    306 PM  69     -9       80
  MINIMUM         53   1119 PM  46      7       56
  AVERAGE         57            58     -1       68

PRECIPITATION (IN)
  YESTERDAY        0.26          0.11   0.15     0.00
  MONTH TO DATE    5.65          2.45   3.20     0.90
  SINCE MAR 1      6.30          5.06   1.24     2.97
  SINCE JAN 1      6.73          5.68   1.05     3.87

DEGREE DAYS
 HEATING
  YESTERDAY        8             8      0        0
  MONTH TO DATE  336           277     59      337
  SINCE MAR 1   1601          1888   -287     2063
  SINCE JUL 1   7100          7576   -476     8149

 COOLING
  YESTERDAY        0             0      0        3
  MONTH TO DATE    0             0      0        8
  SINCE MAR 1      2             1      1        8
  SINCE JAN 1      2             1      1        8
......................................................


WIND (MPH)
  HIGHEST WIND SPEED    23   HIGHEST WIND DIRECTION     E (70)
  HIGHEST GUST SPEED    31   HIGHEST GUST DIRECTION    NE (60)
  AVERAGE WIND SPEED     8.7




RELATIVE HUMIDITY (PERCENT)
 HIGHEST    93          1200 AM
 LOWEST     75           300 PM
 AVERAGE    84

..........................................................




SUNRISE AND SUNSET
MAY 26 2015...........SUNRISE   509 AM MDT   SUNSET   822 PM MDT
MAY 27 2015...........SUNRISE   508 AM MDT   SUNSET   823 PM MDT


-  INDICATES NEGATIVE NUMBERS.
R  INDICATES RECORD WAS SET OR TIED.
MM INDICATES DATA IS MISSING.
T  INDICATES TRACE AMOUNT.




$$
