000
CDUS43 KUNR 190834
CLID07


CLIMATE REPORT
NATIONAL WEATHER SERVICE RAPID CITY SD
232 AM MDT FRI SEP 19 2014


...................................

...THE FAITH SD CLIMATE SUMMARY FOR SEPTEMBER 18 2014...

CLIMATE NORMAL PERIOD 1981 TO 2010
CLIMATE RECORD PERIOD 9999 TO 9999


WEATHER ITEM   OBSERVED TIME   NORMAL DEPARTURE LAST
                VALUE   (LST)  VALUE  FROM      YEAR
                                      NORMAL
......................................................
TEMPERATURE (F)
 YESTERDAY
  MAXIMUM         82    404 PM  72     10       88
  MINIMUM         52    548 AM  46      6       56
  AVERAGE         67            59      8       72

PRECIPITATION (IN)
  YESTERDAY        0.06          0.05   0.01     0.05
  MONTH TO DATE    0.34          0.87  -0.53     0.39
  SINCE SEP 1      0.34          0.87  -0.53     0.39
  SINCE JAN 1     16.85         14.69   2.16    12.76

DEGREE DAYS
 HEATING
  YESTERDAY        0             7     -7        0
  MONTH TO DATE  159            79     80        7
  SINCE SEP 1    159            79     80        7
  SINCE JUL 1    202           112     90       22

 COOLING
  YESTERDAY        2             1      1        7
  MONTH TO DATE   11            53    -42      116
  SINCE SEP 1     11            53    -42      116
  SINCE JAN 1    410           628   -218      706
......................................................


WIND (MPH)
  HIGHEST WIND SPEED    20   HIGHEST WIND DIRECTION     S (160)
  HIGHEST GUST SPEED    26   HIGHEST GUST DIRECTION    SE (150)
  AVERAGE WIND SPEED    13.0




RELATIVE HUMIDITY (PERCENT)
 HIGHEST    87           900 PM
 LOWEST     54           100 PM
 AVERAGE    71

..........................................................




SUNRISE AND SUNSET
SEPTEMBER 19 2014.....SUNRISE   632 AM MDT   SUNSET   651 PM MDT
SEPTEMBER 20 2014.....SUNRISE   633 AM MDT   SUNSET   649 PM MDT


-  INDICATES NEGATIVE NUMBERS.
R  INDICATES RECORD WAS SET OR TIED.
MM INDICATES DATA IS MISSING.
T  INDICATES TRACE AMOUNT.




$$
