000
CDUS43 KUNR 280836
CLID07


CLIMATE REPORT
NATIONAL WEATHER SERVICE RAPID CITY SD
135 AM MST FRI NOV 28 2014


...................................

...THE FAITH SD CLIMATE SUMMARY FOR NOVEMBER 27 2014...

CLIMATE NORMAL PERIOD 1981 TO 2010
CLIMATE RECORD PERIOD 9999 TO 9999


WEATHER ITEM   OBSERVED TIME   NORMAL DEPARTURE LAST
                VALUE   (LST)  VALUE  FROM      YEAR
                                      NORMAL
......................................................
TEMPERATURE (F)
 YESTERDAY
  MAXIMUM         27    532 PM  36     -9       48
  MINIMUM         13    637 AM  16     -3       15
  AVERAGE         20            26     -6       32

PRECIPITATION (IN)
  YESTERDAY        0.00          0.00   0.00     0.00
  MONTH TO DATE    0.34          0.52  -0.18     0.22
  SINCE SEP 1      2.02          3.43  -1.41     3.96
  SINCE JAN 1     18.53         17.25   1.28    16.33

DEGREE DAYS
 HEATING
  YESTERDAY       45            39      6       33
  MONTH TO DATE 1048           864    184      865
  SINCE SEP 1   1700          1630     70     1632
  SINCE JUL 1   1743          1663     80     1647

 COOLING
  YESTERDAY        0             0      0        0
  MONTH TO DATE    0             0      0        0
  SINCE SEP 1     46            60    -14      130
  SINCE JAN 1    445           635   -190      720
......................................................


WIND (MPH)
  HIGHEST WIND SPEED    22   HIGHEST WIND DIRECTION     S (160)
  HIGHEST GUST SPEED    27   HIGHEST GUST DIRECTION     S (160)
  AVERAGE WIND SPEED    13.8




RELATIVE HUMIDITY (PERCENT)
 HIGHEST    92           300 AM
 LOWEST     68           400 PM
 AVERAGE    80

..........................................................




SUNRISE AND SUNSET
NOVEMBER 28 2014......SUNRISE   703 AM MST   SUNSET   409 PM MST
NOVEMBER 29 2014......SUNRISE   704 AM MST   SUNSET   409 PM MST


-  INDICATES NEGATIVE NUMBERS.
R  INDICATES RECORD WAS SET OR TIED.
MM INDICATES DATA IS MISSING.
T  INDICATES TRACE AMOUNT.




$$
