000
CDUS43 KUNR 200833
CLID07


CLIMATE REPORT
NATIONAL WEATHER SERVICE RAPID CITY SD
133 AM MST MON NOV 20 2017


...................................

...THE FAITH SD CLIMATE SUMMARY FOR NOVEMBER 19 2017...

CLIMATE NORMAL PERIOD 1981 TO 2010
CLIMATE RECORD PERIOD 9999 TO 9999


WEATHER ITEM   OBSERVED TIME   NORMAL DEPARTURE LAST
                VALUE   (LST)  VALUE  FROM      YEAR
                                      NORMAL
......................................................
TEMPERATURE (F)
 YESTERDAY
  MAXIMUM         53    134 PM  41     12       31
  MINIMUM         20    626 AM  20      0       15
  AVERAGE         37            30      7       23

PRECIPITATION (IN)
  YESTERDAY        0.00          0.00   0.00     0.00
  MONTH TO DATE    0.17          0.48  -0.31     0.15
  SINCE SEP 1      1.32          3.39  -2.07     2.19
  SINCE JAN 1      9.79         17.21  -7.42    13.81

DEGREE DAYS
 HEATING
  YESTERDAY       28            35     -7       42
  MONTH TO DATE  637           565     72      328
  SINCE SEP 1   1364          1331     33      860
  SINCE JUL 1   1376          1364     12      889

 COOLING
  YESTERDAY        0             0      0        0
  MONTH TO DATE    0             0      0        0
  SINCE SEP 1     92            60     32       48
  SINCE JAN 1    756           635    121      734
......................................................


WIND (MPH)
  HIGHEST WIND SPEED    18   HIGHEST WIND DIRECTION     S (180)
  HIGHEST GUST SPEED    19   HIGHEST GUST DIRECTION     S (180)
  AVERAGE WIND SPEED    11.2




RELATIVE HUMIDITY (PERCENT)
 HIGHEST    84           600 AM
 LOWEST     28           100 PM
 AVERAGE    56

..........................................................




SUNRISE AND SUNSET
NOVEMBER 20 2017......SUNRISE   653 AM MST   SUNSET   414 PM MST
NOVEMBER 21 2017......SUNRISE   654 AM MST   SUNSET   413 PM MST


-  INDICATES NEGATIVE NUMBERS.
R  INDICATES RECORD WAS SET OR TIED.
MM INDICATES DATA IS MISSING.
T  INDICATES TRACE AMOUNT.




$$
