000
CDUS43 KUNR 250836
CLID07


CLIMATE REPORT
NATIONAL WEATHER SERVICE RAPID CITY SD
236 AM MDT MON SEP 25 2017


...................................

...THE FAITH SD CLIMATE SUMMARY FOR SEPTEMBER 24 2017...

CLIMATE NORMAL PERIOD 1981 TO 2010
CLIMATE RECORD PERIOD 9999 TO 9999


WEATHER ITEM   OBSERVED TIME   NORMAL DEPARTURE LAST
                VALUE   (LST)  VALUE  FROM      YEAR
                                      NORMAL
......................................................
TEMPERATURE (F)
 YESTERDAY
  MAXIMUM         51    307 PM  69    -18       72
  MINIMUM         45    722 AM  43      2       50
  AVERAGE         48            56     -8       61

PRECIPITATION (IN)
  YESTERDAY        0.14          0.04   0.10     0.01
  MONTH TO DATE    0.91          1.14  -0.23     1.39
  SINCE SEP 1      0.91          1.14  -0.23     1.39
  SINCE JAN 1      9.38         14.96  -5.58    13.01

DEGREE DAYS
 HEATING
  YESTERDAY       17            10      7        4
  MONTH TO DATE  134           131      3       86
  SINCE SEP 1    134           131      3       86
  SINCE JUL 1    146           164    -18      115

 COOLING
  YESTERDAY        0             1     -1        0
  MONTH TO DATE   88            59     29       46
  SINCE SEP 1     88            59     29       46
  SINCE JAN 1    752           634    118      732
......................................................


WIND (MPH)
  HIGHEST WIND SPEED    21   HIGHEST WIND DIRECTION     N (360)
  HIGHEST GUST SPEED    24   HIGHEST GUST DIRECTION     N (350)
  AVERAGE WIND SPEED    12.8




RELATIVE HUMIDITY (PERCENT)
 HIGHEST   100          1200 AM
 LOWEST     80           300 PM
 AVERAGE    90

..........................................................




SUNRISE AND SUNSET
SEPTEMBER 25 2017.....SUNRISE   639 AM MDT   SUNSET   639 PM MDT
SEPTEMBER 26 2017.....SUNRISE   640 AM MDT   SUNSET   637 PM MDT


-  INDICATES NEGATIVE NUMBERS.
R  INDICATES RECORD WAS SET OR TIED.
MM INDICATES DATA IS MISSING.
T  INDICATES TRACE AMOUNT.




$$
