000
CDUS43 KUNR 160848
CLID07


CLIMATE REPORT
NATIONAL WEATHER SERVICE RAPID CITY SD
248 AM MDT WED APR 16 2014


...................................

...THE FAITH SD CLIMATE SUMMARY FOR APRIL 15 2014...

CLIMATE NORMAL PERIOD 1981 TO 2010
CLIMATE RECORD PERIOD 9999 TO 9999


WEATHER ITEM   OBSERVED TIME   NORMAL DEPARTURE LAST
                VALUE   (LST)  VALUE  FROM      YEAR
                                      NORMAL
......................................................
TEMPERATURE (F)
 YESTERDAY
  MAXIMUM         60    223 PM  57      3       38
  MINIMUM         20    517 AM  33    -13       23
  AVERAGE         40            45     -5       31

PRECIPITATION (IN)
  YESTERDAY        0.00          0.05  -0.05     0.01
  MONTH TO DATE    0.17          0.59  -0.42     0.63
  SINCE MAR 1      1.36          1.57  -0.21     1.06
  SINCE JAN 1      2.26          2.19   0.07     1.63

DEGREE DAYS
 HEATING
  YESTERDAY       25            20      5       34
  MONTH TO DATE  388           351     37      457
  SINCE MAR 1   1506          1354    152     1523
  SINCE JUL 1   7592          7042    550     6866

 COOLING
  YESTERDAY        0             0      0        0
  MONTH TO DATE    0             0      0        0
  SINCE MAR 1      0             0      0        0
  SINCE JAN 1      0             0      0        0
......................................................


WIND (MPH)
  HIGHEST WIND SPEED    26   HIGHEST WIND DIRECTION    SE (150)
  HIGHEST GUST SPEED    32   HIGHEST GUST DIRECTION    SE (150)
  AVERAGE WIND SPEED    15.7




RELATIVE HUMIDITY (PERCENT)
 HIGHEST    MM
 LOWEST     MM
 AVERAGE    MM

..........................................................




SUNRISE AND SUNSET
APRIL 16 2014.........SUNRISE   602 AM MDT   SUNSET   735 PM MDT
APRIL 17 2014.........SUNRISE   600 AM MDT   SUNSET   736 PM MDT


-  INDICATES NEGATIVE NUMBERS.
R  INDICATES RECORD WAS SET OR TIED.
MM INDICATES DATA IS MISSING.
T  INDICATES TRACE AMOUNT.




$$
