000
CDUS42 KMLB 230635
CLIDAB


CLIMATE REPORT
NATIONAL WEATHER SERVICE MELBOURNE
235 AM EDT WED APR 23 2014


...................................

...THE DAYTONA BEACH CLIMATE SUMMARY FOR APRIL 22 2014...

CLIMATE NORMAL PERIOD 1981 TO 2010
CLIMATE RECORD PERIOD 1923 TO 2014


WEATHER ITEM   OBSERVED TIME   RECORD YEAR NORMAL DEPARTURE LAST
                VALUE   (LST)  VALUE       VALUE  FROM      YEAR
                                                  NORMAL
..................................................................
TEMPERATURE (F)
 YESTERDAY
  MAXIMUM         82    246 PM  93    1988  80      2       77
  MINIMUM         55    529 AM  39    1940  60     -5       65
  AVERAGE         69                        70     -1       71

PRECIPITATION (IN)
  YESTERDAY        0.00          0.73 2012   0.07  -0.07     0.11
  MONTH TO DATE    2.23                      1.73   0.50     1.77
  SINCE MAR 1      6.95                      5.97   0.98     2.59
  SINCE JAN 1     13.53                     11.49   2.04     4.47

SNOWFALL (IN)
  YESTERDAY        0.0
  MONTH TO DATE    0.0
  SINCE JUL 1      0.0

DEGREE DAYS
 HEATING
  YESTERDAY        0                         1     -1        0
  MONTH TO DATE    9                        25    -16        2
  SINCE MAR 1     89                       122    -33      228
  SINCE JUL 1    602                       804   -202      694

 COOLING
  YESTERDAY        4                         6     -2        6
  MONTH TO DATE  105                        95     10      145
  SINCE MAR 1    164                       172     -8      182
  SINCE JAN 1    248                       237     11      315
..................................................................


WIND (MPH)
  HIGHEST WIND SPEED    15   HIGHEST WIND DIRECTION    SW (240)
  HIGHEST GUST SPEED    19   HIGHEST GUST DIRECTION     W (280)
  AVERAGE WIND SPEED     5.9


SKY COVER
  AVERAGE SKY COVER 0.5


WEATHER CONDITIONS
 THE FOLLOWING WEATHER WAS RECORDED YESTERDAY.
  FOG


RELATIVE HUMIDITY (PERCENT)
 HIGHEST   100          1200 AM
 LOWEST     45           400 PM
 AVERAGE    73

..........................................................


THE DAYTONA BEACH CLIMATE NORMALS FOR TODAY
                         NORMAL    RECORD    YEAR
 MAXIMUM TEMPERATURE (F)   80        92      1988
                                             1963
 MINIMUM TEMPERATURE (F)   60        42      1993


SUNRISE AND SUNSET
APRIL 23 2014.........SUNRISE   650 AM EDT   SUNSET   755 PM EDT
APRIL 24 2014.........SUNRISE   649 AM EDT   SUNSET   756 PM EDT


-  INDICATES NEGATIVE NUMBERS.
R  INDICATES RECORD WAS SET OR TIED.
MM INDICATES DATA IS MISSING.
T  INDICATES TRACE AMOUNT.




$$
