000
CDUS42 KMLB 310635
CLIDAB


CLIMATE REPORT
NATIONAL WEATHER SERVICE MELBOURNE FL
235 AM EDT THU JUL 31 2014


...................................

...THE DAYTONA BEACH CLIMATE SUMMARY FOR JULY 30 2014...

CLIMATE NORMAL PERIOD 1981 TO 2010
CLIMATE RECORD PERIOD 1923 TO 2014


WEATHER ITEM   OBSERVED TIME   RECORD YEAR NORMAL DEPARTURE LAST
                VALUE   (LST)  VALUE       VALUE  FROM      YEAR
                                                  NORMAL
..................................................................
TEMPERATURE (F)
 YESTERDAY
  MAXIMUM         92    421 PM  99    2010  91      1       90
                                      1930
  MINIMUM         72    617 AM  66    1940  73     -1       76
  AVERAGE         82                        82      0       83

PRECIPITATION (IN)
  YESTERDAY        0.00          2.17 1997   0.20  -0.20     0.00
                                      1937
  MONTH TO DATE    7.43                      5.63   1.80     6.75
  SINCE JUN 1     11.18                     11.46  -0.28    14.15
  SINCE JAN 1     30.93                     26.53   4.40    28.98

SNOWFALL (IN)
  YESTERDAY        0.0
  MONTH TO DATE    0.0
  SINCE JUL 1      0.0

DEGREE DAYS
 HEATING
  YESTERDAY        0                         0      0        0
  MONTH TO DATE    0                         0      0        0
  SINCE JUN 1      0                         0      0        0
  SINCE JUL 1      0                         0      0        0

 COOLING
  YESTERDAY       17                        17      0       18
  MONTH TO DATE  497                       499     -2      490
  SINCE JUN 1    945                       946     -1      978
  SINCE JAN 1   1611                      1547     64     1630
..................................................................


WIND (MPH)
  HIGHEST WIND SPEED    15   HIGHEST WIND DIRECTION     W (260)
  HIGHEST GUST SPEED    22   HIGHEST GUST DIRECTION     W (250)
  AVERAGE WIND SPEED     5.2


SKY COVER
  AVERAGE SKY COVER 0.2


WEATHER CONDITIONS
 THE FOLLOWING WEATHER WAS RECORDED YESTERDAY.
  NO SIGNIFICANT WEATHER WAS OBSERVED.


RELATIVE HUMIDITY (PERCENT)
 HIGHEST    94          1200 AM
 LOWEST     36           300 PM
 AVERAGE    65

..........................................................


THE DAYTONA BEACH CLIMATE NORMALS FOR TODAY
                         NORMAL    RECORD    YEAR
 MAXIMUM TEMPERATURE (F)   91        98      1999
                                             1993
 MINIMUM TEMPERATURE (F)   73        63      1940


SUNRISE AND SUNSET
JULY 31 2014..........SUNRISE   644 AM EDT   SUNSET   817 PM EDT
AUGUST  1 2014........SUNRISE   645 AM EDT   SUNSET   816 PM EDT


-  INDICATES NEGATIVE NUMBERS.
R  INDICATES RECORD WAS SET OR TIED.
MM INDICATES DATA IS MISSING.
T  INDICATES TRACE AMOUNT.




$$
