000
CDUS42 KMLB 032019
CLIDAB


CLIMATE REPORT
NATIONAL WEATHER SERVICE MELBOURNE FL
418 PM EDT WED JUN 3 2015


...................................

...THE DAYTONA BEACH CLIMATE SUMMARY FOR JUNE 3 2015...
VALID TODAY AS OF 0400 PM LOCAL TIME.

CLIMATE NORMAL PERIOD 1981 TO 2010
CLIMATE RECORD PERIOD 1923 TO 2015


WEATHER ITEM   OBSERVED TIME   RECORD YEAR NORMAL DEPARTURE LAST
                VALUE   (LST)  VALUE       VALUE  FROM      YEAR
                                                  NORMAL
..................................................................
TEMPERATURE (F)
 TODAY
  MAXIMUM         85    247 PM 100    1998  87     -2       82
  MINIMUM         69    244 AM  57    1961  70     -1       68
                                      1951
                                      1948
  AVERAGE         77                        79     -2       75

PRECIPITATION (IN)
  TODAY            T             1.96 1992   0.18  -0.18     0.00
  MONTH TO DATE    0.05                      0.55  -0.50     0.19
  SINCE JUN 1      0.05                      0.55  -0.50     0.19
  SINCE JAN 1     14.39                     15.62  -1.23    19.94

SNOWFALL (IN)
  TODAY            0.0
  MONTH TO DATE    0.0
  SINCE JUL 1      0.0

DEGREE DAYS
 HEATING
  TODAY            0                         0      0        0
  MONTH TO DATE    0                         0      0        0
  SINCE JUN 1      0                         0      0        0
  SINCE JUL 1    682                       809   -127      602

 COOLING
  TODAY           12                        14     -2       10
  MONTH TO DATE   37                        40     -3       36
  SINCE JUN 1     37                        40     -3       36
  SINCE JAN 1    950                       641    309      702
..................................................................


WIND (MPH)
  HIGHEST WIND SPEED    16   HIGHEST WIND DIRECTION     E (70)
  HIGHEST GUST SPEED    21   HIGHEST GUST DIRECTION     E (70)
  AVERAGE WIND SPEED     4.5


SKY COVER
  AVERAGE SKY COVER 0.6


WEATHER CONDITIONS
 THE FOLLOWING WEATHER WAS RECORDED TODAY.
  LIGHT RAIN


RELATIVE HUMIDITY (PERCENT)
 HIGHEST    97           300 AM
 LOWEST     48           200 PM
 AVERAGE    73

..........................................................


THE DAYTONA BEACH CLIMATE NORMALS FOR TOMORROW
                         NORMAL    RECORD    YEAR
 MAXIMUM TEMPERATURE (F)   88       100      1998
 MINIMUM TEMPERATURE (F)   70        58      1935


SUNRISE AND SUNSET
JUNE  3 2015..........SUNRISE   625 AM EDT   SUNSET   820 PM EDT
JUNE  4 2015..........SUNRISE   625 AM EDT   SUNSET   820 PM EDT


-  INDICATES NEGATIVE NUMBERS.
R  INDICATES RECORD WAS SET OR TIED.
MM INDICATES DATA IS MISSING.
T  INDICATES TRACE AMOUNT.




$$
