000
CDUS42 KMLB 222115
CLIDAB


CLIMATE REPORT
NATIONAL WEATHER SERVICE MELBOURNE FL
414 PM EST MON DEC 22 2014


...................................

...THE DAYTONA BEACH CLIMATE SUMMARY FOR DECEMBER 22 2014...
VALID TODAY AS OF 0400 PM LOCAL TIME.

CLIMATE NORMAL PERIOD 1981 TO 2010
CLIMATE RECORD PERIOD 1923 TO 2014


WEATHER ITEM   OBSERVED TIME   RECORD YEAR NORMAL DEPARTURE LAST
                VALUE   (LST)  VALUE       VALUE  FROM      YEAR
                                                  NORMAL
..................................................................
TEMPERATURE (F)
 TODAY
  MAXIMUM         77    259 PM  85    2013  69      8       85
  MINIMUM         66    819 AM  29    1960  49     17       69
  AVERAGE         72                        59     13       77

PRECIPITATION (IN)
  TODAY            1.51          2.04 1930   0.10   1.41     0.00
  MONTH TO DATE    2.16                      1.83   0.33     0.97
  SINCE DEC 1      2.16                      1.83   0.33     0.97
  SINCE JAN 1     63.15                     48.82  14.33    47.33

SNOWFALL (IN)
  TODAY            0.0
  MONTH TO DATE    0.0
  SINCE JUL 1      0.0

DEGREE DAYS
 HEATING
  TODAY            0                         7     -7        0
  MONTH TO DATE  101                       123    -22       52
  SINCE DEC 1    101                       123    -22       52
  SINCE JUL 1    230                       197     33       83

 COOLING
  TODAY            7                         1      6       12
  MONTH TO DATE   47                        38      9       89
  SINCE DEC 1     47                        38      9       89
  SINCE JAN 1   3029                      2950     79     3231
..................................................................


WIND (MPH)
  HIGHEST WIND SPEED    14   HIGHEST WIND DIRECTION     S (160)
  HIGHEST GUST SPEED    17   HIGHEST GUST DIRECTION     S (160)
  AVERAGE WIND SPEED     4.2


SKY COVER
  AVERAGE SKY COVER 0.9


WEATHER CONDITIONS
 THE FOLLOWING WEATHER WAS RECORDED TODAY.
  HEAVY RAIN
  RAIN
  LIGHT RAIN
  FOG


RELATIVE HUMIDITY (PERCENT)
 HIGHEST   100           300 AM
 LOWEST     69           400 PM
 AVERAGE    85

..........................................................


THE DAYTONA BEACH CLIMATE NORMALS FOR TOMORROW
                         NORMAL    RECORD    YEAR
 MAXIMUM TEMPERATURE (F)   69        85      2013
 MINIMUM TEMPERATURE (F)   49        23      1989


SUNRISE AND SUNSET
DECEMBER 22 2014......SUNRISE   714 AM EST   SUNSET   531 PM EST
DECEMBER 23 2014......SUNRISE   715 AM EST   SUNSET   532 PM EST


-  INDICATES NEGATIVE NUMBERS.
R  INDICATES RECORD WAS SET OR TIED.
MM INDICATES DATA IS MISSING.
T  INDICATES TRACE AMOUNT.

&&

DAYTONA BEACH SURF TEMPERATURE 64 DEGREES.

$$
