000
CDUS42 KMLB 310635
CLIDAB


CLIMATE REPORT
NATIONAL WEATHER SERVICE MELBOURNE FL
235 AM EDT MON AUG 31 2015


...................................

...THE DAYTONA BEACH CLIMATE SUMMARY FOR AUGUST 30 2015...

CLIMATE NORMAL PERIOD 1981 TO 2010
CLIMATE RECORD PERIOD 1923 TO 2015


WEATHER ITEM   OBSERVED TIME   RECORD YEAR NORMAL DEPARTURE LAST
                VALUE   (LST)  VALUE       VALUE  FROM      YEAR
                                                  NORMAL
..................................................................
TEMPERATURE (F)
 YESTERDAY
  MAXIMUM         86   1140 AM  96    1954  89     -3       91
  MINIMUM         73   1226 AM  66    1938  73      0       72
  AVERAGE         80                        81     -1       82

PRECIPITATION (IN)
  YESTERDAY        0.78          3.47 1937   0.21   0.57     0.00
  MONTH TO DATE    7.30                      6.18   1.12     2.24
  SINCE JUN 1     16.73                     17.84  -1.11    13.42
  SINCE JAN 1     31.07                     32.91  -1.84    33.17

SNOWFALL (IN)
  YESTERDAY        0.0
  MONTH TO DATE    0.0
  SINCE JUL 1      0.0

DEGREE DAYS
 HEATING
  YESTERDAY        0                         0      0        0
  MONTH TO DATE    0                         0      0        0
  SINCE JUN 1      0                         0      0        0
  SINCE JUL 1      0                         0      0        0

 COOLING
  YESTERDAY       15                        16     -1       17
  MONTH TO DATE  519                       497     22      546
  SINCE JUN 1   1564                      1459    105     1508
  SINCE JAN 1   2477                      2060    417     2174
..................................................................


WIND (MPH)
  HIGHEST WIND SPEED    16   HIGHEST WIND DIRECTION     E (90)
  HIGHEST GUST SPEED    22   HIGHEST GUST DIRECTION     E (100)
  AVERAGE WIND SPEED     4.5


SKY COVER
  AVERAGE SKY COVER 0.8


WEATHER CONDITIONS
 THE FOLLOWING WEATHER WAS RECORDED YESTERDAY.
  THUNDERSTORM
  HEAVY RAIN
  RAIN
  LIGHT RAIN
  FOG
  HAZE


RELATIVE HUMIDITY (PERCENT)
 HIGHEST    97           800 PM
 LOWEST     85           500 AM
 AVERAGE    91

..........................................................


THE DAYTONA BEACH CLIMATE NORMALS FOR TODAY
                         NORMAL    RECORD    YEAR
 MAXIMUM TEMPERATURE (F)   88        96      2001
 MINIMUM TEMPERATURE (F)   73        66      1939


SUNRISE AND SUNSET
AUGUST 31 2015........SUNRISE   701 AM EDT   SUNSET   747 PM EDT
SEPTEMBER  1 2015.....SUNRISE   702 AM EDT   SUNSET   746 PM EDT


-  INDICATES NEGATIVE NUMBERS.
R  INDICATES RECORD WAS SET OR TIED.
MM INDICATES DATA IS MISSING.
T  INDICATES TRACE AMOUNT.




$$
