000
CDUS42 KMLB 232127
CLIDAB


CLIMATE REPORT
NATIONAL WEATHER SERVICE MELBOURNE FL
421 PM EST MON JAN 23 2017


...................................

...THE DAYTONA BEACH CLIMATE SUMMARY FOR JANUARY 23 2017...
VALID TODAY AS OF 0400 PM LOCAL TIME.

CLIMATE NORMAL PERIOD 1981 TO 2010
CLIMATE RECORD PERIOD 1923 TO 2017


WEATHER ITEM   OBSERVED TIME   RECORD YEAR NORMAL DEPARTURE LAST
                VALUE   (LST)  VALUE       VALUE  FROM      YEAR
                                                  NORMAL
..................................................................
TEMPERATURE (F)
 TODAY
  MAXIMUM         70    107 PM  85    2002  69      1       55
                                      1937
  MINIMUM         57    717 AM  25    1985  47     10       35
  AVERAGE         64                        58      6       45

PRECIPITATION (IN)
  TODAY            T             2.06 1956   0.09  -0.09     0.00
  MONTH TO DATE    1.76                      2.01  -0.25     4.12
  SINCE DEC 1      2.46                      4.64  -2.18     4.69
  SINCE JAN 1      1.76                      2.01  -0.25     4.12

SNOWFALL (IN)
  TODAY            0.0
  MONTH TO DATE    0.0
  SINCE JUL 1      0.0

DEGREE DAYS
 HEATING
  TODAY            1                         8     -7       20
  MONTH TO DATE   65                       184   -119      173
  SINCE DEC 1    144                       376   -232      198
  SINCE JUL 1    181                       450   -269      210

 COOLING
  TODAY            0                         1     -1        0
  MONTH TO DATE   61                        23     38       13
  SINCE DEC 1    169                        74     95      222
  SINCE JAN 1     61                        23     38       13
..................................................................


WIND (MPH)
  HIGHEST WIND SPEED    30   HIGHEST WIND DIRECTION     W (250)
  HIGHEST GUST SPEED    38   HIGHEST GUST DIRECTION     W (250)
  AVERAGE WIND SPEED    13.0


SKY COVER
  AVERAGE SKY COVER 0.5


WEATHER CONDITIONS
 THE FOLLOWING WEATHER WAS RECORDED TODAY.
  LIGHT RAIN
  FOG


RELATIVE HUMIDITY (PERCENT)
 HIGHEST   100          1200 AM
 LOWEST     55           100 PM
 AVERAGE    78

..........................................................


THE DAYTONA BEACH CLIMATE NORMALS FOR TOMORROW
                         NORMAL    RECORD    YEAR
 MAXIMUM TEMPERATURE (F)   69        83      2002
 MINIMUM TEMPERATURE (F)   48        25      2003


SUNRISE AND SUNSET
JANUARY 23 2017.......SUNRISE   717 AM EST   SUNSET   555 PM EST
JANUARY 24 2017.......SUNRISE   717 AM EST   SUNSET   556 PM EST


-  INDICATES NEGATIVE NUMBERS.
R  INDICATES RECORD WAS SET OR TIED.
MM INDICATES DATA IS MISSING.
T  INDICATES TRACE AMOUNT.




$$
