000
CDUS42 KMLB 160645
CLIDAB


CLIMATE REPORT
NATIONAL WEATHER SERVICE MELBOURNE FL
135 AM EST SAT DEC 16 2017


...................................

...THE DAYTONA BEACH CLIMATE SUMMARY FOR DECEMBER 15 2017...

CLIMATE NORMAL PERIOD 1981 TO 2010
CLIMATE RECORD PERIOD 1923 TO 2017


WEATHER ITEM   OBSERVED TIME   RECORD YEAR NORMAL DEPARTURE LAST
                VALUE   (LST)  VALUE       VALUE  FROM      YEAR
                                                  NORMAL
..................................................................
TEMPERATURE (F)
 YESTERDAY
  MAXIMUM         78    228 PM  84    2007  70      8       69
                                      1971
  MINIMUM         56    316 AM  26    2010  51      5       59
  AVERAGE         67                        61      6       64

PRECIPITATION (IN)
  YESTERDAY        0.00          0.95 1974   0.08  -0.08     0.00
  MONTH TO DATE    1.16                      1.17  -0.01     0.63
  SINCE DEC 1      1.16                      1.17  -0.01     0.63
  SINCE JAN 1     49.94                     48.16   1.78    44.57

SNOWFALL (IN)
  YESTERDAY        0.0
  MONTH TO DATE    0.0
  SINCE JUL 1      0.0

DEGREE DAYS
 HEATING
  YESTERDAY        0                         6     -6        1
  MONTH TO DATE   72                        76     -4       33
  SINCE DEC 1     72                        76     -4       33
  SINCE JUL 1    106                       150    -44       70

 COOLING
  YESTERDAY        2                         2      0        0
  MONTH TO DATE   36                        30      6       52
  SINCE DEC 1     36                        30      6       52
  SINCE JAN 1   3445                      2942    503     3431
..................................................................


WIND (MPH)
  HIGHEST WIND SPEED    20   HIGHEST WIND DIRECTION    SW (230)
  HIGHEST GUST SPEED    24   HIGHEST GUST DIRECTION    SW (230)
  AVERAGE WIND SPEED     6.8


SKY COVER
  AVERAGE SKY COVER 0.7


WEATHER CONDITIONS
 THE FOLLOWING WEATHER WAS RECORDED YESTERDAY.
  NO SIGNIFICANT WEATHER WAS OBSERVED.


RELATIVE HUMIDITY (PERCENT)
 HIGHEST    93          1200 AM
 LOWEST     54           200 PM
 AVERAGE    74

..........................................................


THE DAYTONA BEACH CLIMATE NORMALS FOR TODAY
                         NORMAL    RECORD    YEAR
 MAXIMUM TEMPERATURE (F)   70        84      2015
                                             1948
 MINIMUM TEMPERATURE (F)   50        28      1968


SUNRISE AND SUNSET
DECEMBER 16 2017......SUNRISE   711 AM EST   SUNSET   529 PM EST
DECEMBER 17 2017......SUNRISE   712 AM EST   SUNSET   529 PM EST


-  INDICATES NEGATIVE NUMBERS.
R  INDICATES RECORD WAS SET OR TIED.
MM INDICATES DATA IS MISSING.
T  INDICATES TRACE AMOUNT.




$$
