000
CDUS42 KMLB 162021
CLIDAB


CLIMATE REPORT
NATIONAL WEATHER SERVICE MELBOURNE FL
421 PM EDT WED AUG 16 2017


...................................

...THE DAYTONA BEACH CLIMATE SUMMARY FOR AUGUST 16 2017...
VALID TODAY AS OF 0400 PM LOCAL TIME.

CLIMATE NORMAL PERIOD 1981 TO 2010
CLIMATE RECORD PERIOD 1923 TO 2017


WEATHER ITEM   OBSERVED TIME   RECORD YEAR NORMAL DEPARTURE LAST
                VALUE   (LST)  VALUE       VALUE  FROM      YEAR
                                                  NORMAL
..................................................................
TEMPERATURE (F)
 TODAY
  MAXIMUM         93   1115 AM  95    1984  90      3       92
                                      1957
                                      1945
  MINIMUM         77    607 AM  66    1938  73      4       77
  AVERAGE         85                        82      3       85

PRECIPITATION (IN)
  TODAY            0.23          2.95 1974   0.20   0.03     0.04
  MONTH TO DATE    2.81                      3.12  -0.31     1.12
  SINCE JUN 1     18.23                     14.78   3.45     5.40
  SINCE JAN 1     26.46                     29.85  -3.39    25.40

SNOWFALL (IN)
  TODAY            0.0
  MONTH TO DATE    0.0
  SINCE JUL 1      0.0

DEGREE DAYS
 HEATING
  TODAY            0                         0      0        0
  MONTH TO DATE    0                         0      0        0
  SINCE JUN 1      0                         0      0        0
  SINCE JUL 1      0                         0      0        0

 COOLING
  TODAY           20                        17      3       20
  MONTH TO DATE  306                       272     34      300
  SINCE JUN 1   1338                      1234    104     1402
  SINCE JAN 1   2155                      1835    320     2176
..................................................................


WIND (MPH)
  HIGHEST WIND SPEED    16   HIGHEST WIND DIRECTION     W (280)
  HIGHEST GUST SPEED    22   HIGHEST GUST DIRECTION     W (280)
  AVERAGE WIND SPEED     3.8


SKY COVER
  AVERAGE SKY COVER 0.4


WEATHER CONDITIONS
 THE FOLLOWING WEATHER WAS RECORDED TODAY.
  THUNDERSTORM
  HEAVY RAIN
  LIGHT RAIN
  FOG


RELATIVE HUMIDITY (PERCENT)
 HIGHEST   100           200 AM
 LOWEST     70          1000 AM
 AVERAGE    85

..........................................................


THE DAYTONA BEACH CLIMATE NORMALS FOR TOMORROW
                         NORMAL    RECORD    YEAR
 MAXIMUM TEMPERATURE (F)   90        96      1990
                                             1955
 MINIMUM TEMPERATURE (F)   73        67      2000
                                             1938
                                             1937


SUNRISE AND SUNSET
AUGUST 16 2017........SUNRISE   653 AM EDT   SUNSET   803 PM EDT
AUGUST 17 2017........SUNRISE   654 AM EDT   SUNSET   802 PM EDT


-  INDICATES NEGATIVE NUMBERS.
R  INDICATES RECORD WAS SET OR TIED.
MM INDICATES DATA IS MISSING.
T  INDICATES TRACE AMOUNT.




$$
