000
CDUS42 KMLB 252018
CLIDAB


CLIMATE REPORT
NATIONAL WEATHER SERVICE MELBOURNE FL
417 PM EDT SAT MAR 25 2017


...................................

...THE DAYTONA BEACH CLIMATE SUMMARY FOR MARCH 25 2017...
VALID TODAY AS OF 0400 PM LOCAL TIME.

CLIMATE NORMAL PERIOD 1981 TO 2010
CLIMATE RECORD PERIOD 1923 TO 2017


WEATHER ITEM   OBSERVED TIME   RECORD YEAR NORMAL DEPARTURE LAST
                VALUE   (LST)  VALUE       VALUE  FROM      YEAR
                                                  NORMAL
..................................................................
TEMPERATURE (F)
 TODAY
  MAXIMUM         78   1238 PM  88    1954  76      2       79
                                      1935
  MINIMUM         64    346 AM  32    1968  56      8       63
  AVERAGE         71                        66      5       71

PRECIPITATION (IN)
  TODAY            T             2.69 2005   0.14  -0.14     0.41
  MONTH TO DATE    1.07                      3.43  -2.36     1.04
  SINCE MAR 1      1.07                      3.43  -2.36     1.04
  SINCE JAN 1      5.08                      8.95  -3.87    11.75

SNOWFALL (IN)
  TODAY            0.0
  MONTH TO DATE    0.0
  SINCE JUL 1      0.0

DEGREE DAYS
 HEATING
  TODAY            0                         2     -2        0
  MONTH TO DATE   82                        84     -2       38
  SINCE MAR 1     82                        84     -2       38
  SINCE JUL 1    388                       766   -378      503

 COOLING
  TODAY            6                         3      3        6
  MONTH TO DATE   76                        60     16      121
  SINCE MAR 1     76                        60     16      121
  SINCE JAN 1    196                       125     71      171
..................................................................


WIND (MPH)
  HIGHEST WIND SPEED    17   HIGHEST WIND DIRECTION     E (90)
  HIGHEST GUST SPEED    25   HIGHEST GUST DIRECTION     E (80)
  AVERAGE WIND SPEED     7.9


SKY COVER
  AVERAGE SKY COVER 0.6


WEATHER CONDITIONS
 THE FOLLOWING WEATHER WAS RECORDED TODAY.
  LIGHT RAIN


RELATIVE HUMIDITY (PERCENT)
 HIGHEST    84           400 AM
 LOWEST     54           100 PM
 AVERAGE    69

..........................................................


THE DAYTONA BEACH CLIMATE NORMALS FOR TOMORROW
                         NORMAL    RECORD    YEAR
 MAXIMUM TEMPERATURE (F)   76        89      1944
 MINIMUM TEMPERATURE (F)   56        36      1956


SUNRISE AND SUNSET
MARCH 25 2017.........SUNRISE   722 AM EDT   SUNSET   739 PM EDT
MARCH 26 2017.........SUNRISE   721 AM EDT   SUNSET   739 PM EDT


-  INDICATES NEGATIVE NUMBERS.
R  INDICATES RECORD WAS SET OR TIED.
MM INDICATES DATA IS MISSING.
T  INDICATES TRACE AMOUNT.




$$
