000
CDUS41 KRNK 102213
CLIDAN


CLIMATE REPORT
NATIONAL WEATHER SERVICE BLACKSBURG VA
510 PM EST SUN DEC 10 2017


...................................

...THE DANVILLE VA CLIMATE SUMMARY FOR DECEMBER 10 2017...
VALID TODAY AS OF 0500 PM LOCAL TIME.

CLIMATE NORMAL PERIOD 1981 TO 2010
CLIMATE RECORD PERIOD 1948 TO 2017


WEATHER ITEM   OBSERVED TIME   RECORD YEAR NORMAL DEPARTURE LAST
                VALUE   (LST)  VALUE       VALUE  FROM      YEAR
                                                  NORMAL
..................................................................
TEMPERATURE (F)
 TODAY
  MAXIMUM         38    315 PM  80    2007  51    -13       40
  MINIMUM         24    743 AM  16    2016  31     -7       16
  AVERAGE         31                        41    -10       28

PRECIPITATION (IN)
  TODAY            0.00          1.20 1978   0.11  -0.11     0.00
  MONTH TO DATE    0.61                      1.14  -0.53     1.28
  SINCE DEC 1      0.61                      1.14  -0.53     1.28
  SINCE JAN 1     42.30                     42.28   0.02    46.49

SNOWFALL (IN)
  TODAY            0.0                                       0.0
  MONTH TO DATE    4.9                                       0.0
  SINCE DEC 1      4.9                                       0.0
  SINCE JUL 1      4.9                                       0.0
  SNOW DEPTH       2

DEGREE DAYS
 HEATING
  TODAY           34                        24     10       37
  MONTH TO DATE  224                       227     -3      238
  SINCE DEC 1    224                       227     -3      238
  SINCE JUL 1    946                       936     10      808

 COOLING
  TODAY            0                         0      0        0
  MONTH TO DATE    0                         0      0        0
  SINCE DEC 1      0                         0      0        0
  SINCE JAN 1   1401                      1439    -38     1651
..................................................................


WIND (MPH)
  HIGHEST WIND SPEED    16   HIGHEST WIND DIRECTION     W (250)
  HIGHEST GUST SPEED    22   HIGHEST GUST DIRECTION     W (250)
  AVERAGE WIND SPEED     7.6


SKY COVER
  AVERAGE SKY COVER 0.1


WEATHER CONDITIONS
 THE FOLLOWING WEATHER WAS RECORDED TODAY.
  NO SIGNIFICANT WEATHER WAS OBSERVED.


RELATIVE HUMIDITY (PERCENT)
 HIGHEST   100          1200 AM
 LOWEST     59           100 PM
 AVERAGE    80

..........................................................


THE DANVILLE VA CLIMATE NORMALS FOR TOMORROW
                         NORMAL    RECORD    YEAR
 MAXIMUM TEMPERATURE (F)   51        72      2015
 MINIMUM TEMPERATURE (F)   31        14      1962


SUNRISE AND SUNSET
DECEMBER 10 2017......SUNRISE   719 AM EST   SUNSET   502 PM EST
DECEMBER 11 2017......SUNRISE   719 AM EST   SUNSET   502 PM EST


-  INDICATES NEGATIVE NUMBERS.
R  INDICATES RECORD WAS SET OR TIED.
MM INDICATES DATA IS MISSING.
T  INDICATES TRACE AMOUNT.


REMARKS:
DUE TO MISSING RAINFALL ON AUGUST 21-24...ALL PRECIPITATION DATA
WILL BE CALCULATED WITHOUT DATA FROM THESE DATES.


$$

PW
