467
CDUS41 KRNK 070731
CLIDAN


CLIMATE REPORT
NATIONAL WEATHER SERVICE BLACKSBURG VA
213 AM EST SUN FEB 7 2016


...................................

...THE DANVILLE VA CLIMATE SUMMARY FOR FEBRUARY 6 2016...

CLIMATE NORMAL PERIOD 1981 TO 2010
CLIMATE RECORD PERIOD 1948 TO 2016


WEATHER ITEM   OBSERVED TIME   RECORD YEAR NORMAL DEPARTURE LAST
                VALUE   (LST)  VALUE       VALUE  FROM      YEAR
                                                  NORMAL
..................................................................
TEMPERATURE (F)
 YESTERDAY
  MAXIMUM         48    321 PM  73    1991  48      0       43
  MINIMUM         23    723 AM   4    1996  31     -8       13
  AVERAGE         36                        39     -3       28

PRECIPITATION (IN)
  YESTERDAY        0.00          1.67 2004   0.11  -0.11     0.00
  MONTH TO DATE    1.75                      0.70   1.05     0.44
  SINCE DEC 1      9.85                      7.39   2.46     4.62
  SINCE JAN 1      4.29                      4.12   0.17     1.95

SNOWFALL (IN)
  YESTERDAY        0.0                                       0.0
  MONTH TO DATE    T                                         0.0
  SINCE DEC 1      9.2                                        T
  SINCE JUL 1      9.2                                        T
  SNOW DEPTH       0

DEGREE DAYS
 HEATING
  YESTERDAY       29                        26      3       37
  MONTH TO DATE   95                       156    -61      166
  SINCE DEC 1   1369                      1775   -406     1660
  SINCE JUL 1   1911                      2484   -573     2420

 COOLING
  YESTERDAY        0                         0      0        0
  MONTH TO DATE    0                         0      0        0
  SINCE DEC 1     11                         0     11        0
  SINCE JAN 1      0                         0      0        0
..................................................................


WIND (MPH)
  HIGHEST WIND SPEED     8   HIGHEST WIND DIRECTION    SE (150)
  HIGHEST GUST SPEED    11   HIGHEST GUST DIRECTION     W (280)
  AVERAGE WIND SPEED     1.0


SKY COVER
  AVERAGE SKY COVER 0.0


WEATHER CONDITIONS
 THE FOLLOWING WEATHER WAS RECORDED YESTERDAY.
  NO SIGNIFICANT WEATHER WAS OBSERVED.


RELATIVE HUMIDITY (PERCENT)
 HIGHEST    88           500 AM
 LOWEST     28           300 PM
 AVERAGE    58

..........................................................


THE DANVILLE VA CLIMATE NORMALS FOR TODAY
                         NORMAL    RECORD    YEAR
 MAXIMUM TEMPERATURE (F)   48        71      2009
 MINIMUM TEMPERATURE (F)   31        12      1966


SUNRISE AND SUNSET
FEBRUARY  7 2016......SUNRISE   714 AM EST   SUNSET   549 PM EST
FEBRUARY  8 2016......SUNRISE   713 AM EST   SUNSET   550 PM EST


-  INDICATES NEGATIVE NUMBERS.
R  INDICATES RECORD WAS SET OR TIED.
MM INDICATES DATA IS MISSING.
T  INDICATES TRACE AMOUNT.




$$
