000
CDUS41 KRNK 251000
CLIDAN


CLIMATE REPORT
NATIONAL WEATHER SERVICE BLACKSBURG VA
457 AM EST THU DEC 25 2014


...................................

...THE DANVILLE VA CLIMATE SUMMARY FOR DECEMBER 24 2014...

CLIMATE NORMAL PERIOD 1981 TO 2010
CLIMATE RECORD PERIOD 1948 TO 2014


WEATHER ITEM   OBSERVED TIME   RECORD YEAR NORMAL DEPARTURE LAST
                VALUE   (LST)  VALUE       VALUE  FROM      YEAR
                                                  NORMAL
..................................................................
TEMPERATURE (F)
 YESTERDAY
  MAXIMUM         54   1159 PM  70    1990  48      6       45
  MINIMUM         44    657 AM   9    1989  29     15       28
  AVERAGE         49                        38     11

PRECIPITATION (IN)
  YESTERDAY        0.92          1.01 2002   0.11   0.81     0.00
  MONTH TO DATE    1.96                      2.65  -0.69     3.13
  SINCE DEC 1      1.96                      2.65  -0.69     3.13
  SINCE JAN 1     42.44                     43.79  -1.35    49.68

SNOWFALL (IN)
  YESTERDAY        0.0
  MONTH TO DATE    T
  SINCE DEC 1      T
  SINCE JUL 1      T
  SNOW DEPTH       0

DEGREE DAYS
 HEATING
  YESTERDAY       16                        27    -11
  MONTH TO DATE  510                       584    -74
  SINCE DEC 1    510                       584    -74
  SINCE JUL 1   1270                      1293    -23

 COOLING
  YESTERDAY        0                         0      0
  MONTH TO DATE    0                         0      0
  SINCE DEC 1      0                         0      0
  SINCE JAN 1   1419                      1439    -20
..................................................................


WIND (MPH)
  HIGHEST WIND SPEED    12   HIGHEST WIND DIRECTION     W (280)
  HIGHEST GUST SPEED    14   HIGHEST GUST DIRECTION     W (290)
  AVERAGE WIND SPEED     2.9


SKY COVER
  POSSIBLE SUNSHINE  MM
  AVERAGE SKY COVER 1.0


WEATHER CONDITIONS
 THE FOLLOWING WEATHER WAS RECORDED YESTERDAY.
  HEAVY RAIN
  RAIN
  LIGHT RAIN
  FOG
  FOG W/VISIBILITY <= 1/4 MILE


RELATIVE HUMIDITY (PERCENT)
 HIGHEST   100           500 PM
 LOWEST     86           900 AM
 AVERAGE    93

..........................................................


THE DANVILLE VA CLIMATE NORMALS FOR TODAY
                         NORMAL    RECORD    YEAR
 MAXIMUM TEMPERATURE (F)   48        76      1955
 MINIMUM TEMPERATURE (F)   29         3      1983


SUNRISE AND SUNSET
DECEMBER 25 2014......SUNRISE   727 AM EST   SUNSET   508 PM EST
DECEMBER 26 2014......SUNRISE   728 AM EST   SUNSET   508 PM EST


-  INDICATES NEGATIVE NUMBERS.
R  INDICATES RECORD WAS SET OR TIED.
MM INDICATES DATA IS MISSING.
T  INDICATES TRACE AMOUNT.




$$
