751
CDUS41 KRNK 190820
CLIDAN


CLIMATE REPORT
NATIONAL WEATHER SERVICE BLACKSBURG VA
314 AM EST THU JAN 19 2017


...................................

...THE DANVILLE VA CLIMATE SUMMARY FOR JANUARY 18 2017...

CLIMATE NORMAL PERIOD 1981 TO 2010
CLIMATE RECORD PERIOD 1948 TO 2017


WEATHER ITEM   OBSERVED TIME   RECORD YEAR NORMAL DEPARTURE LAST
                VALUE   (LST)  VALUE       VALUE  FROM      YEAR
                                                  NORMAL
..................................................................
TEMPERATURE (F)
 YESTERDAY
  MAXIMUM         64    255 PM  72    1974  46     18       31
  MINIMUM         42   1121 PM   0    1977  29     13       19
  AVERAGE         53                        38     15       25

PRECIPITATION (IN)
  YESTERDAY        T             0.90 1978   0.10  -0.10     0.00
  MONTH TO DATE    2.05                      1.96   0.09     1.53
  SINCE DEC 1      3.67                      5.23  -1.56     7.09
  SINCE JAN 1      2.05                      1.96   0.09     1.53

SNOWFALL (IN)
  YESTERDAY        0.0                                       0.0
  MONTH TO DATE    8.8                                       0.9
  SINCE DEC 1      8.8                                       0.9
  SINCE JUL 1      8.8                                       0.9
  SNOW DEPTH       0

DEGREE DAYS
 HEATING
  YESTERDAY       12                        27    -15       40
  MONTH TO DATE  445                       497    -52      490
  SINCE DEC 1   1179                      1270    -91      881
  SINCE JUL 1   1749                      1979   -230     1423

 COOLING
  YESTERDAY        0                         0      0        0
  MONTH TO DATE    0                         0      0        0
  SINCE DEC 1      0                         0      0       11
  SINCE JAN 1      0                         0      0        0
..................................................................


WIND (MPH)
  HIGHEST WIND SPEED    20   HIGHEST WIND DIRECTION    NW (300)
  HIGHEST GUST SPEED    27   HIGHEST GUST DIRECTION    NW (300)
  AVERAGE WIND SPEED     6.7


SKY COVER
  AVERAGE SKY COVER 0.2


WEATHER CONDITIONS
 THE FOLLOWING WEATHER WAS RECORDED YESTERDAY.
  LIGHT RAIN
  FOG


RELATIVE HUMIDITY (PERCENT)
 HIGHEST   100          1200 AM
 LOWEST     36           400 PM
 AVERAGE    68

..........................................................


THE DANVILLE VA CLIMATE NORMALS FOR TODAY
                         NORMAL    RECORD    YEAR
 MAXIMUM TEMPERATURE (F)   46        71      1951
 MINIMUM TEMPERATURE (F)   29         0      1994


SUNRISE AND SUNSET
JANUARY 19 2017.......SUNRISE   727 AM EST   SUNSET   530 PM EST
JANUARY 20 2017.......SUNRISE   727 AM EST   SUNSET   531 PM EST


-  INDICATES NEGATIVE NUMBERS.
R  INDICATES RECORD WAS SET OR TIED.
MM INDICATES DATA IS MISSING.
T  INDICATES TRACE AMOUNT.




$$
