000
CDUS41 KRNK 300759
CLIDAN


CLIMATE REPORT
NATIONAL WEATHER SERVICE BLACKSBURG VA
355 AM EDT TUE JUN 30 2015


...................................

...THE DANVILLE VA CLIMATE SUMMARY FOR JUNE 29 2015...

CLIMATE NORMAL PERIOD 1981 TO 2010
CLIMATE RECORD PERIOD 1948 TO 2015


WEATHER ITEM   OBSERVED TIME   RECORD YEAR NORMAL DEPARTURE LAST
                VALUE   (LST)  VALUE       VALUE  FROM      YEAR
                                                  NORMAL
..................................................................
TEMPERATURE (F)
 YESTERDAY
  MAXIMUM         85    320 PM 104    2012  88     -3       85
  MINIMUM         57    541 AM  54    1968  68    -11       61
  AVERAGE         71                        78     -7       73

PRECIPITATION (IN)
  YESTERDAY        0.00          2.89 1995   0.12  -0.12     0.00
  MONTH TO DATE    8.08                      3.74   4.34     1.23
  SINCE JUN 1      8.08                      3.74   4.34     1.23
  SINCE JAN 1     17.96                     21.62  -3.66    19.79

SNOWFALL (IN)
  YESTERDAY        0.0                                       0.0
  MONTH TO DATE    0.0                                       0.0
  SINCE JUN 1      0.0                                       0.0
  SINCE JUL 1      9.8                                      13.4
  SNOW DEPTH       0

DEGREE DAYS
 HEATING
  YESTERDAY        0                         0      0        0
  MONTH TO DATE    5                         0      5        0
  SINCE JUN 1      5                         0      5        0
  SINCE JUL 1   3779                      3811    -32     3894

 COOLING
  YESTERDAY        6                        13     -7        8
  MONTH TO DATE  366                       284     82      333
  SINCE JUN 1    366                       284     82      333
  SINCE JAN 1    593                       428    165      494
..................................................................


WIND (MPH)
  HIGHEST WIND SPEED     8   HIGHEST WIND DIRECTION     E (70)
  HIGHEST GUST SPEED    11   HIGHEST GUST DIRECTION    SW (210)
  AVERAGE WIND SPEED     2.1


SKY COVER
  AVERAGE SKY COVER 0.1


WEATHER CONDITIONS
 THE FOLLOWING WEATHER WAS RECORDED YESTERDAY.
  NO SIGNIFICANT WEATHER WAS OBSERVED.


RELATIVE HUMIDITY (PERCENT)
 HIGHEST    93           300 AM
 LOWEST     40           100 PM
 AVERAGE    67

..........................................................


THE DANVILLE VA CLIMATE NORMALS FOR TODAY
                         NORMAL    RECORD    YEAR
 MAXIMUM TEMPERATURE (F)   88       103      1959
 MINIMUM TEMPERATURE (F)   68        55      1981


SUNRISE AND SUNSET
JUNE 30 2015..........SUNRISE   602 AM EDT   SUNSET   840 PM EDT
JULY  1 2015..........SUNRISE   603 AM EDT   SUNSET   840 PM EDT


-  INDICATES NEGATIVE NUMBERS.
R  INDICATES RECORD WAS SET OR TIED.
MM INDICATES DATA IS MISSING.
T  INDICATES TRACE AMOUNT.

REMARKS:
DUE TO EQUIPMENT FAILURE CAUSING MISSING TEMPERATURES ON FEBRUARY
15...THE SEASONAL HEATING DEGREE DAY TOTAL AND DEPARTURE FROM NORMAL
WILL BE CALCULATED WITHOUT DATA FROM THIS DATE.

ALSO...DUE TO A TIPPING BUCKET FAILURE CAUSING MISSING PRECIPITATION
ON MARCH 14 AND 19-20...THE ANNUAL PRECIPITATION TOTAL AND DEPARTURE
FROM NORMAL WILL BE CALCULATED WITHOUT DATA FROM THESE DATES.


$$

PW

$$
