000
CDUS41 KRNK 240915
CLIDAN


CLIMATE REPORT
NATIONAL WEATHER SERVICE BLACKSBURG VA
513 AM EDT THU APR 24 2014


...................................

...THE DANVILLE VA CLIMATE SUMMARY FOR APRIL 23 2014...

CLIMATE NORMAL PERIOD 1981 TO 2010
CLIMATE RECORD PERIOD 1948 TO 2014


WEATHER ITEM   OBSERVED TIME   RECORD YEAR NORMAL DEPARTURE LAST
                VALUE   (LST)  VALUE       VALUE  FROM      YEAR
                                                  NORMAL
..................................................................
TEMPERATURE (F)
 YESTERDAY
  MAXIMUM         71    458 PM  95    1985  72     -1       68
  MINIMUM         49   1159 PM  31    1982  49      0       48
  AVERAGE         60                        60      0

PRECIPITATION (IN)
  YESTERDAY        0.00          0.75 1974   0.11  -0.11     0.00
  MONTH TO DATE    3.26                      2.69   0.57     1.96
  SINCE MAR 1      6.46                      6.80  -0.34     4.51
  SINCE JAN 1     11.58                     13.23  -1.65    14.32

SNOWFALL (IN)
  YESTERDAY        0.0
  MONTH TO DATE    0.0
  SINCE MAR 1      5.5
  SINCE JUL 1     13.4
  SNOW DEPTH       0

DEGREE DAYS
 HEATING
  YESTERDAY        5                         6     -1
  MONTH TO DATE  171                       197    -26
  SINCE MAR 1    816                       707    109
  SINCE JUL 1   3821                      3708    113

 COOLING
  YESTERDAY        0                         1     -1
  MONTH TO DATE   13                        22     -9
  SINCE MAR 1     13                        25    -12
  SINCE JAN 1     13                        25    -12
..................................................................


WIND (MPH)
  HIGHEST WIND SPEED    20   HIGHEST WIND DIRECTION     N (350)
  HIGHEST GUST SPEED    27   HIGHEST GUST DIRECTION     W (280)
  AVERAGE WIND SPEED     8.6


SKY COVER
  POSSIBLE SUNSHINE  MM
  AVERAGE SKY COVER 0.0


WEATHER CONDITIONS
 THE FOLLOWING WEATHER WAS RECORDED YESTERDAY.
  NO SIGNIFICANT WEATHER WAS OBSERVED.


RELATIVE HUMIDITY (PERCENT)
 HIGHEST    80           200 AM
 LOWEST     22           300 PM
 AVERAGE    51

..........................................................


THE DANVILLE VA CLIMATE NORMALS FOR TODAY
                         NORMAL    RECORD    YEAR
 MAXIMUM TEMPERATURE (F)   73        95      1960
 MINIMUM TEMPERATURE (F)   49        29      2012


SUNRISE AND SUNSET
APRIL 24 2014.........SUNRISE   632 AM EDT   SUNSET   759 PM EDT
APRIL 25 2014.........SUNRISE   631 AM EDT   SUNSET   800 PM EDT


-  INDICATES NEGATIVE NUMBERS.
R  INDICATES RECORD WAS SET OR TIED.
MM INDICATES DATA IS MISSING.
T  INDICATES TRACE AMOUNT.

REMARKS:
DUE TO A POWER FAILURE CAUSING A MISSING LOW TEMPERATURE ON
JANUARY 22...THE SEASONAL TOTAL AND DEPARTURE FROM NORMAL FOR HDD
WILL BE CALCULATED WITHOUT DATA FROM THAT DATE.


$$
