000
CDUS41 KILN 180557
CLIDAY


CLIMATE REPORT
NATIONAL WEATHER SERVICE WILMINGTON OH
156 AM EDT THU SEP 18 2014


...................................

...THE DAYTON OH CLIMATE SUMMARY FOR SEPTEMBER 17 2014...

CLIMATE NORMAL PERIOD 1981 TO 2010
CLIMATE RECORD PERIOD 1869 TO 2014


WEATHER ITEM   OBSERVED TIME   RECORD YEAR NORMAL DEPARTURE LAST
                VALUE   (LST)  VALUE       VALUE  FROM      YEAR
                                                  NORMAL
..................................................................
TEMPERATURE (F)
 YESTERDAY
  MAXIMUM         67    514 PM  92    1931  76     -9       75
                                      1906
                                      1899
  MINIMUM         45    441 AM  39    1959  54     -9       46
  AVERAGE         56                        65     -9       61

PRECIPITATION (IN)
  YESTERDAY        0.00          0.74 1933   0.11  -0.11     0.00
  MONTH TO DATE    0.88                      1.90  -1.02     0.46
  SINCE SEP 1      0.88                      1.90  -1.02     0.46
  SINCE JAN 1     28.78                     30.21  -1.43    22.84

SNOWFALL (IN)
  YESTERDAY        0.0                       0.0    0.0      0.0
  MONTH TO DATE    0.0                       0.0    0.0      0.0
  SINCE SEP 1      0.0                       0.0    0.0      0.0
  SINCE JUL 1      0.0                       0.0    0.0      0.0
  SNOW DEPTH       0

DEGREE DAYS
 HEATING
  YESTERDAY        9                         3      6        4
  MONTH TO DATE   43                        26     17       25
  SINCE SEP 1     43                        26     17       25
  SINCE JUL 1     50                        28     22       37

 COOLING
  YESTERDAY        0                         3     -3        0
  MONTH TO DATE   80                        74      6      113
  SINCE SEP 1     80                        74      6      113
  SINCE JAN 1    950                       856     94     1000
..................................................................


WIND (MPH)
  RESULTANT WIND SPEED   0   RESULTANT WIND DIRECTION  SW (220)
  HIGHEST WIND SPEED     8   HIGHEST WIND DIRECTION     W (260)
  HIGHEST GUST SPEED     9   HIGHEST GUST DIRECTION    NW (310)
  AVERAGE WIND SPEED     1.1



WEATHER CONDITIONS
 THE FOLLOWING WEATHER WAS RECORDED YESTERDAY.
  FOG
  FOG W/VISIBILITY <= 1/4 MILE


RELATIVE HUMIDITY (PERCENT)
 HIGHEST   100           500 AM
 LOWEST     48           400 PM
 AVERAGE    74

..........................................................


THE DAYTON OH CLIMATE NORMALS FOR TODAY
                         NORMAL    RECORD    YEAR
 MAXIMUM TEMPERATURE (F)   75        96      1895
 MINIMUM TEMPERATURE (F)   54        37      1959
                                             1903
                                             1901


SUNRISE AND SUNSET
SEPTEMBER 18 2014.....SUNRISE   721 AM EDT   SUNSET   741 PM EDT
SEPTEMBER 19 2014.....SUNRISE   721 AM EDT   SUNSET   739 PM EDT


-  INDICATES NEGATIVE NUMBERS.
R  INDICATES RECORD WAS SET OR TIED.
MM INDICATES DATA IS MISSING.
T  INDICATES TRACE AMOUNT.




$$
