000
CDUS41 KILN 210558
CLIDAY


CLIMATE REPORT
NATIONAL WEATHER SERVICE WILMINGTON OH
1256 AM EST WED FEB 21 2018


...................................

...THE DAYTON OH CLIMATE SUMMARY FOR FEBRUARY 20 2018...

CLIMATE NORMAL PERIOD 1981 TO 2010
CLIMATE RECORD PERIOD 1869 TO 2018


WEATHER ITEM   OBSERVED TIME   RECORD YEAR NORMAL DEPARTURE LAST
                VALUE   (LST)  VALUE       VALUE  FROM      YEAR
                                                  NORMAL
..................................................................
TEMPERATURE (F)
 YESTERDAY
  MAXIMUM         75R   328 PM  69    2016  40     35       65
  MINIMUM         61    753 AM  -6    1904  24     37       34
  AVERAGE         68                        32     36       50

PRECIPITATION (IN)
  YESTERDAY        T             2.58 1951   0.08  -0.08     0.00
  MONTH TO DATE    1.82                      1.59   0.23     1.00
  SINCE DEC 1      6.05                      7.42  -1.37     7.41
  SINCE JAN 1      4.51                      4.30   0.21     4.42

SNOWFALL (IN)
  YESTERDAY        0.0           5.6  2008   0.2   -0.2      0.0
  MONTH TO DATE    2.6                       4.3   -1.7      1.2
  SINCE DEC 1     17.5                      16.7    0.8      7.2
  SINCE JUL 1     17.5                      17.7   -0.2      7.2
  SNOW DEPTH       0

DEGREE DAYS
 HEATING
  YESTERDAY        0                        33    -33       15
  MONTH TO DATE  640                       700    -60      532
  SINCE DEC 1   2962                      2912     50     2543
  SINCE JUL 1   3969                      4023    -54     3316

 COOLING
  YESTERDAY        3                         0      3        0
  MONTH TO DATE    3                         0      3        0
  SINCE DEC 1      3                         0      3        0
  SINCE JAN 1      3                         0      3        0
..................................................................


WIND (MPH)
  RESULTANT WIND SPEED  18   RESULTANT WIND DIRECTION   S (200)
  HIGHEST WIND SPEED    32   HIGHEST WIND DIRECTION    SW (210)
  HIGHEST GUST SPEED    40   HIGHEST GUST DIRECTION    SW (210)
  AVERAGE WIND SPEED    18.2



WEATHER CONDITIONS
 THE FOLLOWING WEATHER WAS RECORDED YESTERDAY.
  LIGHT RAIN


RELATIVE HUMIDITY (PERCENT)
 HIGHEST    90           300 AM
 LOWEST     53           400 PM
 AVERAGE    72

..........................................................


THE DAYTON OH CLIMATE NORMALS FOR TODAY
                         NORMAL    RECORD    YEAR
 MAXIMUM TEMPERATURE (F)   41        68      1930
 MINIMUM TEMPERATURE (F)   24        -4      2008
                                             1963


SUNRISE AND SUNSET
FEBRUARY 21 2018......SUNRISE   721 AM EST   SUNSET   620 PM EST
FEBRUARY 22 2018......SUNRISE   720 AM EST   SUNSET   621 PM EST


-  INDICATES NEGATIVE NUMBERS.
R  INDICATES RECORD WAS SET OR TIED.
MM INDICATES DATA IS MISSING.
T  INDICATES TRACE AMOUNT.




$$
