000
CDUS41 KILN 050551
CLIDAY


CLIMATE REPORT
NATIONAL WEATHER SERVICE WILMINGTON OH
1250 AM EST MON DEC 5 2016


...................................

...THE DAYTON OH CLIMATE SUMMARY FOR DECEMBER 4 2016...

CLIMATE NORMAL PERIOD 1981 TO 2010
CLIMATE RECORD PERIOD 1869 TO 2016


WEATHER ITEM   OBSERVED TIME   RECORD YEAR NORMAL DEPARTURE LAST
                VALUE   (LST)  VALUE       VALUE  FROM      YEAR
                                                  NORMAL
..................................................................
TEMPERATURE (F)
 YESTERDAY
  MAXIMUM         40   1159 PM  68    1998  42     -2       34
  MINIMUM         32    215 AM   9    1991  28      4       23
                                      1935
  AVERAGE         36                        35      1       29

PRECIPITATION (IN)
  YESTERDAY        0.22          1.42 1993   0.11   0.11     0.00
  MONTH TO DATE    0.22                      0.41  -0.19     0.05
  SINCE DEC 1      0.22                      0.41  -0.19     0.05
  SINCE JAN 1     33.01                     38.34  -5.33    36.78

SNOWFALL (IN)
  YESTERDAY        0.0           4.0  1898   0.1   -0.1      0.0
  MONTH TO DATE    0.0                       0.3   -0.3      0.2
  SINCE DEC 1      0.0                       0.3   -0.3      0.2
  SINCE JUL 1      T                         1.3   -1.3      0.2
  SNOW DEPTH       0

DEGREE DAYS
 HEATING
  YESTERDAY       29                        30     -1       36
  MONTH TO DATE  114                       118     -4      112
  SINCE DEC 1    114                       118     -4      112
  SINCE JUL 1    887                      1229   -342      948

 COOLING
  YESTERDAY        0                         0      0        0
  MONTH TO DATE    0                         0      0        0
  SINCE DEC 1      0                         0      0        0
  SINCE JAN 1   1247                       891    356     1078
..................................................................


WIND (MPH)
  RESULTANT WIND SPEED   7   RESULTANT WIND DIRECTION  SE (140)
  HIGHEST WIND SPEED    28   HIGHEST WIND DIRECTION     W (260)
  HIGHEST GUST SPEED    32   HIGHEST GUST DIRECTION     W (260)
  AVERAGE WIND SPEED     9.5



WEATHER CONDITIONS
 THE FOLLOWING WEATHER WAS RECORDED YESTERDAY.
  RAIN
  LIGHT RAIN
  FOG


RELATIVE HUMIDITY (PERCENT)
 HIGHEST   100           600 PM
 LOWEST     64           200 PM
 AVERAGE    82

..........................................................


THE DAYTON OH CLIMATE NORMALS FOR TODAY
                         NORMAL    RECORD    YEAR
 MAXIMUM TEMPERATURE (F)   42        68      2001
 MINIMUM TEMPERATURE (F)   27         6      1901


SUNRISE AND SUNSET
DECEMBER  5 2016......SUNRISE   743 AM EST   SUNSET   512 PM EST
DECEMBER  6 2016......SUNRISE   744 AM EST   SUNSET   512 PM EST


-  INDICATES NEGATIVE NUMBERS.
R  INDICATES RECORD WAS SET OR TIED.
MM INDICATES DATA IS MISSING.
T  INDICATES TRACE AMOUNT.




$$
