924
CDUS41 KILN 300546
CLIDAY


CLIMATE REPORT
NATIONAL WEATHER SERVICE WILMINGTON OH
146 AM EDT MON MAY 30 2016


...................................

...THE DAYTON OH CLIMATE SUMMARY FOR MAY 29 2016...

CLIMATE NORMAL PERIOD 1981 TO 2010
CLIMATE RECORD PERIOD 1869 TO 2016


WEATHER ITEM   OBSERVED TIME   RECORD YEAR NORMAL DEPARTURE LAST
                VALUE   (LST)  VALUE       VALUE  FROM      YEAR
                                                  NORMAL
..................................................................
TEMPERATURE (F)
 YESTERDAY
  MAXIMUM         84    215 PM  98    1911  75      9       84
  MINIMUM         67   1159 PM  35    1906  56     11       67
  AVERAGE         76                        65     11       76

PRECIPITATION (IN)
  YESTERDAY        0.07          1.20 1915   0.16  -0.09     0.16
  MONTH TO DATE    2.95                      4.36  -1.41     1.76
  SINCE MAR 1     11.40                     11.79  -0.39    10.93
  SINCE JAN 1     16.22                     16.74  -0.52    15.29

SNOWFALL (IN)
  YESTERDAY        0.0           0.0    MM   0.0    0.0      0.0
  MONTH TO DATE    0.0                       0.0    0.0      0.0
  SINCE MAR 1      2.1                       4.0   -1.9      5.7
  SINCE JUL 1     12.7                      23.3  -10.6     27.7
  SNOW DEPTH       0

DEGREE DAYS
 HEATING
  YESTERDAY        0                         3     -3        0
  MONTH TO DATE  188                       163     25       67
  SINCE MAR 1   1136                      1339   -203     1198
  SINCE JUL 1   4677                      5614   -937     5761

 COOLING
  YESTERDAY       11                         3      8       11
  MONTH TO DATE   56                        53      3      158
  SINCE MAR 1     60                        63     -3      162
  SINCE JAN 1     60                        63     -3      162
..................................................................


WIND (MPH)
  RESULTANT WIND SPEED   8   RESULTANT WIND DIRECTION   S (190)
  HIGHEST WIND SPEED    22   HIGHEST WIND DIRECTION     S (160)
  HIGHEST GUST SPEED    28   HIGHEST GUST DIRECTION    SE (150)
  AVERAGE WIND SPEED     8.7



WEATHER CONDITIONS
 THE FOLLOWING WEATHER WAS RECORDED YESTERDAY.
  THUNDERSTORM
  LIGHT RAIN
  HAZE


RELATIVE HUMIDITY (PERCENT)
 HIGHEST    84           900 PM
 LOWEST     55           100 PM
 AVERAGE    70

..........................................................


THE DAYTON OH CLIMATE NORMALS FOR TODAY
                         NORMAL    RECORD    YEAR
 MAXIMUM TEMPERATURE (F)   76        95      1895
 MINIMUM TEMPERATURE (F)   56        37      1984


SUNRISE AND SUNSET
MAY 30 2016...........SUNRISE   611 AM EDT   SUNSET   858 PM EDT
MAY 31 2016...........SUNRISE   611 AM EDT   SUNSET   859 PM EDT


-  INDICATES NEGATIVE NUMBERS.
R  INDICATES RECORD WAS SET OR TIED.
MM INDICATES DATA IS MISSING.
T  INDICATES TRACE AMOUNT.




$$
