000
CDUS41 KILN 240528
CLIDAY


CLIMATE REPORT
NATIONAL WEATHER SERVICE WILMINGTON OH
1227 AM EST FRI NOV 24 2017


...................................

...THE DAYTON OH CLIMATE SUMMARY FOR NOVEMBER 23 2017...

CLIMATE NORMAL PERIOD 1981 TO 2010
CLIMATE RECORD PERIOD 1869 TO 2017


WEATHER ITEM   OBSERVED TIME   RECORD YEAR NORMAL DEPARTURE LAST
                VALUE   (LST)  VALUE       VALUE  FROM      YEAR
                                                  NORMAL
..................................................................
TEMPERATURE (F)
 YESTERDAY
  MAXIMUM         41    414 PM  72    1931  47     -6       46
  MINIMUM         24    330 AM  13    1970  32     -8       29
                                      1956
                                      1950
  AVERAGE         33                        40     -7       38

PRECIPITATION (IN)
  YESTERDAY        0.00          1.26 1983   0.12  -0.12     0.23
  MONTH TO DATE    5.96                      2.59   3.37     0.33
  SINCE SEP 1     12.12                      8.82   3.30     5.51
  SINCE JAN 1     49.23                     37.13  12.10    32.04

SNOWFALL (IN)
  YESTERDAY        0.0           1.4  1956   0.0    0.0      0.0
  MONTH TO DATE    T                         0.3   -0.3       T
  SINCE SEP 1      T                         0.7   -0.7       T
  SINCE JUL 1      T                         0.7   -0.7       T
  SNOW DEPTH       0

DEGREE DAYS
 HEATING
  YESTERDAY       32                        25      7       27
  MONTH TO DATE  519                       473     46      385
  SINCE SEP 1    859                       918    -59      623
  SINCE JUL 1    864                       920    -56      626

 COOLING
  YESTERDAY        0                         0      0        0
  MONTH TO DATE    0                         0      0        5
  SINCE SEP 1    150                       109     41      219
  SINCE JAN 1    899                       891      8     1247
..................................................................


WIND (MPH)
  RESULTANT WIND SPEED   7   RESULTANT WIND DIRECTION   S (190)
  HIGHEST WIND SPEED    14   HIGHEST WIND DIRECTION     S (200)
  HIGHEST GUST SPEED    17   HIGHEST GUST DIRECTION     S (200)
  AVERAGE WIND SPEED     6.9



WEATHER CONDITIONS
 THE FOLLOWING WEATHER WAS RECORDED YESTERDAY.
  NO SIGNIFICANT WEATHER WAS OBSERVED.


RELATIVE HUMIDITY (PERCENT)
 HIGHEST    92           700 AM
 LOWEST     59           400 PM
 AVERAGE    76

..........................................................


THE DAYTON OH CLIMATE NORMALS FOR TODAY
                         NORMAL    RECORD    YEAR
 MAXIMUM TEMPERATURE (F)   47        68      1931
 MINIMUM TEMPERATURE (F)   32         3      1950


SUNRISE AND SUNSET
NOVEMBER 24 2017......SUNRISE   732 AM EST   SUNSET   515 PM EST
NOVEMBER 25 2017......SUNRISE   733 AM EST   SUNSET   514 PM EST


-  INDICATES NEGATIVE NUMBERS.
R  INDICATES RECORD WAS SET OR TIED.
MM INDICATES DATA IS MISSING.
T  INDICATES TRACE AMOUNT.




$$
