000
CDUS41 KILN 230539
CLIDAY


CLIMATE REPORT
NATIONAL WEATHER SERVICE WILMINGTON OH
138 AM EDT WED APR 23 2014


...................................

...THE DAYTON OH CLIMATE SUMMARY FOR APRIL 22 2014...

CLIMATE NORMAL PERIOD 1981 TO 2010
CLIMATE RECORD PERIOD 1869 TO 2014


WEATHER ITEM   OBSERVED TIME   RECORD YEAR NORMAL DEPARTURE LAST
                VALUE   (LST)  VALUE       VALUE  FROM      YEAR
                                                  NORMAL
..................................................................
TEMPERATURE (F)
 YESTERDAY
  MAXIMUM         65   1259 PM  86    1985  64      1       68
  MINIMUM         42   1159 PM  28    1986  44     -2       37
                                      1907
  AVERAGE         54                        54      0       53

PRECIPITATION (IN)
  YESTERDAY        0.01          1.31 2005   0.14  -0.13     0.00
  MONTH TO DATE    3.95                      2.96   0.99     2.83
  SINCE MAR 1      6.57                      6.30   0.27     5.99
  SINCE JAN 1     11.55                     11.25   0.30    10.38

SNOWFALL (IN)
  YESTERDAY        0.0           0.0    MM   0.0    0.0      0.0
  MONTH TO DATE    1.1                       0.6    0.5      0.4
  SINCE MAR 1      8.2                       4.0    4.2     14.6
  SINCE JUL 1     53.6                      23.3   30.3     36.3
  SNOW DEPTH       0

DEGREE DAYS
 HEATING
  YESTERDAY       11                        12     -1       12
  MONTH TO DATE  268                       331    -63      291
  SINCE MAR 1   1145                      1095     50     1203
  SINCE JUL 1   5744                      5370    374     5253

 COOLING
  YESTERDAY        0                         1     -1        0
  MONTH TO DATE    8                         2      6       16
  SINCE MAR 1      8                         2      6       16
  SINCE JAN 1      8                         2      6       16
..................................................................


WIND (MPH)
  RESULTANT WIND SPEED  15   RESULTANT WIND DIRECTION  NW (310)
  HIGHEST WIND SPEED    25   HIGHEST WIND DIRECTION    NW (320)
  HIGHEST GUST SPEED    35   HIGHEST GUST DIRECTION    NW (300)
  AVERAGE WIND SPEED    15.0



WEATHER CONDITIONS
 THE FOLLOWING WEATHER WAS RECORDED YESTERDAY.
  LIGHT RAIN
  FOG
  HAZE


RELATIVE HUMIDITY (PERCENT)
 HIGHEST    87           600 AM
 LOWEST     34           200 PM
 AVERAGE    61

..........................................................


THE DAYTON OH CLIMATE NORMALS FOR TODAY
                         NORMAL    RECORD    YEAR
 MAXIMUM TEMPERATURE (F)   65        86      1960
                                             1925
 MINIMUM TEMPERATURE (F)   44        26      1986


SUNRISE AND SUNSET
APRIL 23 2014.........SUNRISE   648 AM EDT   SUNSET   823 PM EDT
APRIL 24 2014.........SUNRISE   646 AM EDT   SUNSET   824 PM EDT


-  INDICATES NEGATIVE NUMBERS.
R  INDICATES RECORD WAS SET OR TIED.
MM INDICATES DATA IS MISSING.
T  INDICATES TRACE AMOUNT.




$$
