000
CDUS43 KDVN 280903
CLIDBQ


CLIMATE REPORT
NATIONAL WEATHER SERVICE QUAD CITIES IA IL
402 AM CDT SUN MAY 28 2017


...................................

...THE DUBUQUE IA CLIMATE SUMMARY FOR MAY 27 2017...

CLIMATE NORMAL PERIOD 1981 TO 2010
CLIMATE RECORD PERIOD 1873 TO 2017


WEATHER ITEM   OBSERVED TIME   RECORD YEAR NORMAL DEPARTURE LAST
                VALUE   (LST)  VALUE       VALUE  FROM      YEAR
                                                  NORMAL
..................................................................
TEMPERATURE (F)
 YESTERDAY
  MAXIMUM         75    225 PM  94    1874  73      2       76
  MINIMUM         49    437 AM  35    1961  52     -3       60
  AVERAGE         62                        62      0       68

PRECIPITATION (IN)
  YESTERDAY        0.13          2.36 1938   0.13   0.00     0.12
  MONTH TO DATE    2.75                      3.63  -0.88     3.26
  SINCE MAR 1      9.88                      9.70   0.18     8.80
  SINCE JAN 1     13.69                     12.31   1.38     9.88

SNOWFALL (IN)
  YESTERDAY        0.0          MM      MM   0.0    0.0      0.0
  MONTH TO DATE    0.0                       0.1   -0.1      0.0
  SINCE MAR 1      4.6                       8.4   -3.8      3.3
  SINCE JUL 1     27.2                      42.0  -14.8     34.8
  SNOW DEPTH       0

DEGREE DAYS
 HEATING
  YESTERDAY        3                         4     -1        0
  MONTH TO DATE  238                       209     29      229
  SINCE MAR 1   1556                      1637    -81     1490
  SINCE JUL 1   6037                      7030   -993     5967

 COOLING
  YESTERDAY        0                         2     -2        3
  MONTH TO DATE   19                        24     -5       27
  SINCE MAR 1     24                        29     -5       30
  SINCE JAN 1     24                        29     -5       30
..................................................................


WIND (MPH)
  HIGHEST WIND SPEED    18   HIGHEST WIND DIRECTION    NW (330)
  HIGHEST GUST SPEED    22   HIGHEST GUST DIRECTION     N (350)
  AVERAGE WIND SPEED     4.4


SKY COVER
  POSSIBLE SUNSHINE  MM
  AVERAGE SKY COVER 0.5


WEATHER CONDITIONS
 THE FOLLOWING WEATHER WAS RECORDED YESTERDAY.
  THUNDERSTORM
  RAIN
  LIGHT RAIN
  FOG


RELATIVE HUMIDITY (PERCENT)
 HIGHEST    97           800 PM
 LOWEST     64           200 PM
 AVERAGE    81

..........................................................


THE DUBUQUE IA CLIMATE NORMALS FOR TODAY
                         NORMAL    RECORD    YEAR
 MAXIMUM TEMPERATURE (F)   73        93      1874
 MINIMUM TEMPERATURE (F)   52        36      1947


SUNRISE AND SUNSET
MAY 28 2017...........SUNRISE   530 AM CDT   SUNSET   830 PM CDT
MAY 29 2017...........SUNRISE   530 AM CDT   SUNSET   831 PM CDT


-  INDICATES NEGATIVE NUMBERS.
R  INDICATES RECORD WAS SET OR TIED.
MM INDICATES DATA IS MISSING.
T  INDICATES TRACE AMOUNT.




$$
