000
CDUS43 KDVN 031034
CLIDBQ


CLIMATE REPORT
NATIONAL WEATHER SERVICE QUAD CITIES IA IL
433 AM CST TUE MAR 3 2015


...................................

...THE DUBUQUE IA CLIMATE SUMMARY FOR MARCH 2 2015...

CLIMATE NORMAL PERIOD 1981 TO 2010
CLIMATE RECORD PERIOD 1873 TO 2015


WEATHER ITEM   OBSERVED TIME   RECORD YEAR NORMAL DEPARTURE LAST
                VALUE   (LST)  VALUE       VALUE  FROM      YEAR
                                                  NORMAL
..................................................................
TEMPERATURE (F)
 YESTERDAY
  MAXIMUM         25    436 PM  66    1923  37    -12        3
  MINIMUM         -2    650 AM -12    1890  21    -23       -9
  AVERAGE         12                        29    -17       -3

PRECIPITATION (IN)
  YESTERDAY        0.00          0.93 1970   0.06  -0.06     0.00
  MONTH TO DATE    T                         0.13  -0.13     0.25
  SINCE MAR 1      T                         0.13  -0.13     0.25
  SINCE JAN 1      2.29                      2.74  -0.45     2.73

SNOWFALL (IN)
  YESTERDAY        0.0          MM      MM   0.2   -0.2      0.0
  MONTH TO DATE    T                         0.5   -0.5      3.5
  SINCE MAR 1      T                         0.5   -0.5      3.5
  SINCE JUL 1     29.6                      34.1   -4.5     55.2
  SNOW DEPTH       5

DEGREE DAYS
 HEATING
  YESTERDAY       53                        36     17       68
  MONTH TO DATE  103                        72     31      122
  SINCE MAR 1    103                        72     31      122
  SINCE JUL 1   5951                      5465    486     6498

 COOLING
  YESTERDAY        0                         0      0        0
  MONTH TO DATE    0                         0      0        0
  SINCE MAR 1      0                         0      0        0
  SINCE JAN 1      0                         0      0        0
..................................................................


WIND (MPH)
  HIGHEST WIND SPEED    15   HIGHEST WIND DIRECTION    SE (140)
  HIGHEST GUST SPEED    17   HIGHEST GUST DIRECTION    SE (150)
  AVERAGE WIND SPEED     6.1


SKY COVER
  POSSIBLE SUNSHINE  MM
  AVERAGE SKY COVER 0.4


WEATHER CONDITIONS
 THE FOLLOWING WEATHER WAS RECORDED YESTERDAY.
  FOG
  HAZE


RELATIVE HUMIDITY (PERCENT)
 HIGHEST    96           600 AM
 LOWEST     62           200 PM
 AVERAGE    79

..........................................................


THE DUBUQUE IA CLIMATE NORMALS FOR TODAY
                         NORMAL    RECORD    YEAR
 MAXIMUM TEMPERATURE (F)   38        68      1983
 MINIMUM TEMPERATURE (F)   22       -11      2014


SUNRISE AND SUNSET
MARCH  3 2015.........SUNRISE   635 AM CST   SUNSET   555 PM CST
MARCH  4 2015.........SUNRISE   634 AM CST   SUNSET   556 PM CST


-  INDICATES NEGATIVE NUMBERS.
R  INDICATES RECORD WAS SET OR TIED.
MM INDICATES DATA IS MISSING.
T  INDICATES TRACE AMOUNT.




$$
