000
CDUS43 KDVN 240906
CLIDBQ


CLIMATE REPORT
NATIONAL WEATHER SERVICE QUAD CITIES IA IL
405 AM CDT FRI MAR 24 2017


...................................

...THE DUBUQUE IA CLIMATE SUMMARY FOR MARCH 23 2017...

CLIMATE NORMAL PERIOD 1981 TO 2010
CLIMATE RECORD PERIOD 1873 TO 2017


WEATHER ITEM   OBSERVED TIME   RECORD YEAR NORMAL DEPARTURE LAST
                VALUE   (LST)  VALUE       VALUE  FROM      YEAR
                                                  NORMAL
..................................................................
TEMPERATURE (F)
 YESTERDAY
  MAXIMUM         42   1127 PM  84    1910  48     -6       49
  MINIMUM         31    304 AM   4    1974  29      2       32
                                      1960
  AVERAGE         37                        38     -1       41

PRECIPITATION (IN)
  YESTERDAY        T             0.88 1913   0.08  -0.08     0.53
  MONTH TO DATE    0.78                      1.67  -0.89     2.50
  SINCE MAR 1      0.78                      1.67  -0.89     2.50
  SINCE JAN 1      4.59                      4.28   0.31     3.58

SNOWFALL (IN)
  YESTERDAY        0.0          MM      MM   0.2   -0.2      0.0
  MONTH TO DATE    4.5                       5.1   -0.6      2.7
  SINCE MAR 1      4.5                       5.1   -0.6      2.7
  SINCE JUL 1     27.1                      38.7  -11.6     34.2
  SNOW DEPTH       0

DEGREE DAYS
 HEATING
  YESTERDAY       28                        27      1       24
  MONTH TO DATE  717                       721     -4      564
  SINCE MAR 1    717                       721     -4      564
  SINCE JUL 1   5198                      6114   -916     5041

 COOLING
  YESTERDAY        0                         0      0        0
  MONTH TO DATE    0                         0      0        0
  SINCE MAR 1      0                         0      0        0
  SINCE JAN 1      0                         0      0        0
..................................................................


WIND (MPH)
  HIGHEST WIND SPEED    28   HIGHEST WIND DIRECTION     S (160)
  HIGHEST GUST SPEED    34   HIGHEST GUST DIRECTION     S (160)
  AVERAGE WIND SPEED    15.7


SKY COVER
  POSSIBLE SUNSHINE  MM
  AVERAGE SKY COVER 0.7


WEATHER CONDITIONS
 THE FOLLOWING WEATHER WAS RECORDED YESTERDAY.
  THUNDERSTORM
  LIGHT RAIN


RELATIVE HUMIDITY (PERCENT)
 HIGHEST    79           600 PM
 LOWEST     52          1200 AM
 AVERAGE    66

..........................................................


THE DUBUQUE IA CLIMATE NORMALS FOR TODAY
                         NORMAL    RECORD    YEAR
 MAXIMUM TEMPERATURE (F)   48        80      1939
 MINIMUM TEMPERATURE (F)   30        -3      1974


SUNRISE AND SUNSET
MARCH 24 2017.........SUNRISE   659 AM CDT   SUNSET   720 PM CDT
MARCH 25 2017.........SUNRISE   657 AM CDT   SUNSET   721 PM CDT


-  INDICATES NEGATIVE NUMBERS.
R  INDICATES RECORD WAS SET OR TIED.
MM INDICATES DATA IS MISSING.
T  INDICATES TRACE AMOUNT.




$$
