000
CDUS43 KDVN 250926
CLIDBQ


CLIMATE REPORT
NATIONAL WEATHER SERVICE QUAD CITIES IA IL
421 AM CDT FRI JUL 25 2014


...................................

...THE DUBUQUE IA CLIMATE SUMMARY FOR JULY 24 2014...

CLIMATE NORMAL PERIOD 1981 TO 2010
CLIMATE RECORD PERIOD 1873 TO 2014


WEATHER ITEM   OBSERVED TIME   RECORD YEAR NORMAL DEPARTURE LAST
                VALUE   (LST)  VALUE       VALUE  FROM      YEAR
                                                  NORMAL
..................................................................
TEMPERATURE (F)
 YESTERDAY
  MAXIMUM         76    352 PM 105    1901  82     -6       75
  MINIMUM         54    514 AM  51    2003  62     -8       54
                                      1992
  AVERAGE         65                        72     -7       65

PRECIPITATION (IN)
  YESTERDAY        0.00          1.54 2009   0.13  -0.13     0.00
  MONTH TO DATE    1.81                      3.34  -1.53     1.96
  SINCE JUN 1     14.38                      7.74   6.64     5.59
  SINCE JAN 1     26.76                     20.61   6.15    27.17

SNOWFALL (IN)
  YESTERDAY        0.0          MM      MM   0.0    0.0      0.0
  MONTH TO DATE    0.0                       0.0    0.0      0.0
  SINCE JUN 1      0.0                       0.0    0.0      0.0
  SINCE JUL 1      0.0                       0.0    0.0      0.0
  SNOW DEPTH       0

DEGREE DAYS
 HEATING
  YESTERDAY        0                         0      0        0
  MONTH TO DATE   25                         0     25        2
  SINCE JUN 1     35                        40     -5       41
  SINCE JUL 1     25                         0     25        2

 COOLING
  YESTERDAY        0                         7     -7        0
  MONTH TO DATE   87                       169    -82      188
  SINCE JUN 1    241                       308    -67      297
  SINCE JAN 1    295                       345    -50      342
..................................................................


WIND (MPH)
  HIGHEST WIND SPEED    12   HIGHEST WIND DIRECTION    SE (150)
  HIGHEST GUST SPEED    14   HIGHEST GUST DIRECTION     S (160)
  AVERAGE WIND SPEED     6.1


SKY COVER
  POSSIBLE SUNSHINE  MM
  AVERAGE SKY COVER 0.2


WEATHER CONDITIONS
 THE FOLLOWING WEATHER WAS RECORDED YESTERDAY.
  NO SIGNIFICANT WEATHER WAS OBSERVED.


RELATIVE HUMIDITY (PERCENT)
 HIGHEST    93           200 AM
 LOWEST     50           400 PM
 AVERAGE    72

..........................................................


THE DUBUQUE IA CLIMATE NORMALS FOR TODAY
                         NORMAL    RECORD    YEAR
 MAXIMUM TEMPERATURE (F)   82       102      1940
 MINIMUM TEMPERATURE (F)   62        50      2004


SUNRISE AND SUNSET
JULY 25 2014..........SUNRISE   548 AM CDT   SUNSET   830 PM CDT
JULY 26 2014..........SUNRISE   549 AM CDT   SUNSET   829 PM CDT


-  INDICATES NEGATIVE NUMBERS.
R  INDICATES RECORD WAS SET OR TIED.
MM INDICATES DATA IS MISSING.
T  INDICATES TRACE AMOUNT.




$$
