000
CDUS43 KDVN 272130
CLIDBQ


CLIMATE REPORT
NATIONAL WEATHER SERVICE QUAD CITIES IA IL
430 PM CDT THU JUL 27 2017


...................................

...THE DUBUQUE IA CLIMATE SUMMARY FOR JULY 27 2017...
VALID TODAY AS OF 0400 PM LOCAL TIME.

CLIMATE NORMAL PERIOD 1981 TO 2010
CLIMATE RECORD PERIOD 1873 TO 2017


WEATHER ITEM   OBSERVED TIME   RECORD YEAR NORMAL DEPARTURE LAST
                VALUE   (LST)  VALUE       VALUE  FROM      YEAR
                                                  NORMAL
..................................................................
TEMPERATURE (F)
 TODAY
  MAXIMUM         88    451 AM  99    1916  82      6       83
                                      1894
  MINIMUM         70    640 AM  48    1971  62      8       64
  AVERAGE         79                        72      7       74

PRECIPITATION (IN)
  TODAY            0.00          7.47 2011   0.14  -0.14     0.00
  MONTH TO DATE    7.42                      3.75   3.67     6.36
  SINCE JUN 1     10.48                      8.15   2.33    13.65
  SINCE JAN 1     24.19                     21.02   3.17    24.60

SNOWFALL (IN)
  TODAY            0.0          MM      MM   0.0    0.0      0.0
  MONTH TO DATE    0.0                       0.0    0.0      0.0
  SINCE JUN 1      0.0                       0.0    0.0      0.0
  SINCE JUL 1      0.0                       0.0    0.0      0.0
  SNOW DEPTH       0

DEGREE DAYS
 HEATING
  TODAY            0                         0      0        0
  MONTH TO DATE    2                         0      2        5
  SINCE JUN 1     28                        40    -12       18
  SINCE JUL 1      2                         0      2        5

 COOLING
  TODAY           14                         7      7        9
  MONTH TO DATE  199                       190      9      207
  SINCE JUN 1    370                       329     41      381
  SINCE JAN 1    394                       366     28      432
..................................................................


WIND (MPH)
  HIGHEST WIND SPEED    15   HIGHEST WIND DIRECTION    NE (30)
  HIGHEST GUST SPEED    19   HIGHEST GUST DIRECTION    NE (40)
  AVERAGE WIND SPEED    11.4


SKY COVER
  POSSIBLE SUNSHINE  MM
  AVERAGE SKY COVER 0.2


WEATHER CONDITIONS
 THE FOLLOWING WEATHER WAS RECORDED TODAY.
  FOG


RELATIVE HUMIDITY (PERCENT)
 HIGHEST   100           500 AM
 LOWEST     51           300 PM
 AVERAGE    76

..........................................................


THE DUBUQUE IA CLIMATE NORMALS FOR TOMORROW
                         NORMAL    RECORD    YEAR
 MAXIMUM TEMPERATURE (F)   81       100      1916
 MINIMUM TEMPERATURE (F)   62        50      2013


SUNRISE AND SUNSET
JULY 27 2017..........SUNRISE   551 AM CDT   SUNSET   827 PM CDT
JULY 28 2017..........SUNRISE   552 AM CDT   SUNSET   826 PM CDT


-  INDICATES NEGATIVE NUMBERS.
R  INDICATES RECORD WAS SET OR TIED.
MM INDICATES DATA IS MISSING.
T  INDICATES TRACE AMOUNT.




$$
