000
CDUS43 KDVN 082227
CLIDBQ


CLIMATE REPORT
NATIONAL WEATHER SERVICE QUAD CITIES IA IL
426 PM CST THU DEC 8 2016


...................................

...THE DUBUQUE IA CLIMATE SUMMARY FOR DECEMBER 8 2016...
VALID TODAY AS OF 0400 PM LOCAL TIME.

CLIMATE NORMAL PERIOD 1981 TO 2010
CLIMATE RECORD PERIOD 1873 TO 2016


WEATHER ITEM   OBSERVED TIME   RECORD YEAR NORMAL DEPARTURE LAST
                VALUE   (LST)  VALUE       VALUE  FROM      YEAR
                                                  NORMAL
..................................................................
TEMPERATURE (F)
 TODAY
  MAXIMUM         21    359 PM  63    1946  33    -12       42
  MINIMUM         11    815 AM -13    1958  18     -7       31
  AVERAGE         16                        25     -9       37

PRECIPITATION (IN)
  TODAY            T             0.75 2009   0.07  -0.07     0.00
  MONTH TO DATE    0.49                      0.59  -0.10     0.04
  SINCE DEC 1      0.49                      0.59  -0.10     0.04
  SINCE JAN 1     39.92                     35.04   4.88    35.03

SNOWFALL (IN)
  TODAY            T            MM      MM   0.4   -0.4      0.0
  MONTH TO DATE    5.6                       2.8    2.8      0.9
  SINCE DEC 1      5.6                       2.8    2.8      0.9
  SINCE JUL 1      5.6                       5.6    0.0     12.7
  SNOW DEPTH       3

DEGREE DAYS
 HEATING
  TODAY           49                        40      9       28
  MONTH TO DATE  296                       308    -12      244
  SINCE DEC 1    296                       308    -12      244
  SINCE JUL 1   1288                      1808   -520     1451

 COOLING
  TODAY            0                         0      0        0
  MONTH TO DATE    0                         0      0        0
  SINCE DEC 1      0                         0      0        0
  SINCE JAN 1    781                       643    138      637
..................................................................


WIND (MPH)
  HIGHEST WIND SPEED    28   HIGHEST WIND DIRECTION     W (280)
  HIGHEST GUST SPEED    34   HIGHEST GUST DIRECTION     W (280)
  AVERAGE WIND SPEED    17.8


SKY COVER
  POSSIBLE SUNSHINE  MM
  AVERAGE SKY COVER 0.9


WEATHER CONDITIONS
 THE FOLLOWING WEATHER WAS RECORDED TODAY.
  LIGHT SNOW


RELATIVE HUMIDITY (PERCENT)
 HIGHEST    84           900 AM
 LOWEST     67          1200 AM
 AVERAGE    76

..........................................................


THE DUBUQUE IA CLIMATE NORMALS FOR TOMORROW
                         NORMAL    RECORD    YEAR
 MAXIMUM TEMPERATURE (F)   32        59      1946
 MINIMUM TEMPERATURE (F)   17       -18      1958
                                             1876


SUNRISE AND SUNSET
DECEMBER  8 2016......SUNRISE   720 AM CST   SUNSET   430 PM CST
DECEMBER  9 2016......SUNRISE   721 AM CST   SUNSET   430 PM CST


-  INDICATES NEGATIVE NUMBERS.
R  INDICATES RECORD WAS SET OR TIED.
MM INDICATES DATA IS MISSING.
T  INDICATES TRACE AMOUNT.




$$
