000
CDUS43 KDVN 262227
CLIDBQ


CLIMATE REPORT
NATIONAL WEATHER SERVICE QUAD CITIES IA IL
425 PM CST FRI DEC 26 2014


...................................

...THE DUBUQUE IA CLIMATE SUMMARY FOR DECEMBER 26 2014...
VALID TODAY AS OF 0400 PM LOCAL TIME.

CLIMATE NORMAL PERIOD 1981 TO 2010
CLIMATE RECORD PERIOD 1873 TO 2014


WEATHER ITEM   OBSERVED TIME   RECORD YEAR NORMAL DEPARTURE LAST
                VALUE   (LST)  VALUE       VALUE  FROM      YEAR
                                                  NORMAL
..................................................................
TEMPERATURE (F)
 TODAY
  MAXIMUM         43    345 PM  56    1936  27     16       27
  MINIMUM         31    819 AM -23    1962  13     18       11
  AVERAGE         37                        20     17       19

PRECIPITATION (IN)
  TODAY            0.00          1.20 1888   0.05  -0.05      T
  MONTH TO DATE    0.88                      1.62  -0.74     1.07
  SINCE DEC 1      0.88                      1.62  -0.74     1.07
  SINCE JAN 1     37.40                     36.07   1.33    37.88

SNOWFALL (IN)
  TODAY            0.0          MM      MM   0.3   -0.3      0.1
  MONTH TO DATE    T                         9.9   -9.9     15.0
  SINCE DEC 1      T                         9.9   -9.9     15.0
  SINCE JUL 1      3.5                      12.7   -9.2     18.9
  SNOW DEPTH       0

DEGREE DAYS
 HEATING
  TODAY           28                        45    -17       46
  MONTH TO DATE  905                      1084   -179     1261
  SINCE DEC 1    905                      1084   -179     1261
  SINCE JUL 1   2687                      2584    103     2860

 COOLING
  TODAY            0                         0      0        0
  MONTH TO DATE    0                         0      0        0
  SINCE DEC 1      0                         0      0        0
  SINCE JAN 1    526                       643   -117      640
..................................................................


WIND (MPH)
  HIGHEST WIND SPEED    15   HIGHEST WIND DIRECTION     S (190)
  HIGHEST GUST SPEED    21   HIGHEST GUST DIRECTION     S (180)
  AVERAGE WIND SPEED     9.4


SKY COVER
  POSSIBLE SUNSHINE  MM
  AVERAGE SKY COVER 0.0


WEATHER CONDITIONS
 THE FOLLOWING WEATHER WAS RECORDED TODAY.
  NO SIGNIFICANT WEATHER WAS OBSERVED.


RELATIVE HUMIDITY (PERCENT)
 HIGHEST    92           800 AM
 LOWEST     70          1200 PM
 AVERAGE    81

..........................................................


THE DUBUQUE IA CLIMATE NORMALS FOR TOMORROW
                         NORMAL    RECORD    YEAR
 MAXIMUM TEMPERATURE (F)   27        56      1946
 MINIMUM TEMPERATURE (F)   12       -24      1886


SUNRISE AND SUNSET
DECEMBER 26 2014......SUNRISE   731 AM CST   SUNSET   436 PM CST
DECEMBER 27 2014......SUNRISE   731 AM CST   SUNSET   437 PM CST


-  INDICATES NEGATIVE NUMBERS.
R  INDICATES RECORD WAS SET OR TIED.
MM INDICATES DATA IS MISSING.
T  INDICATES TRACE AMOUNT.




$$
