000
CDUS41 KLWX 010610
CLIDCA


CLIMATE REPORT
NATIONAL WEATHER SERVICE BALTIMORE MD/WASHINGTON DC
159 AM EDT WED JUL 1 2015


...................................

...THE WASHINGTON NATIONAL DC CLIMATE SUMMARY FOR JUNE 30 2015...

CLIMATE NORMAL PERIOD 1981 TO 2010
CLIMATE RECORD PERIOD 1871 TO 2015


WEATHER ITEM   OBSERVED TIME   RECORD YEAR NORMAL DEPARTURE LAST
                VALUE   (LST)  VALUE       VALUE  FROM      YEAR
                                                  NORMAL
..................................................................
TEMPERATURE (F)
 YESTERDAY
  MAXIMUM         89    401 PM 100    1959  88      1       89
  MINIMUM         71    332 AM  50    1919  70      1       72
  AVERAGE         80                        79      1       81

PRECIPITATION (IN)
  YESTERDAY        0.01          1.65 1921   0.13  -0.12     0.00
  MONTH TO DATE   11.94                      3.78   8.16     3.31
  SINCE JUN 1     11.94                      3.78   8.16     3.31
  SINCE JAN 1     26.72                     19.74   6.98    25.60

SNOWFALL (IN)
  YESTERDAY        0.0          MM      MM   0.0    0.0
  MONTH TO DATE    0.0                       0.0    0.0
  SINCE JUL 1     18.3                      15.4    2.9
  SNOW DEPTH       0

DEGREE DAYS
 HEATING
  YESTERDAY        0                         0      0        0
  MONTH TO DATE    6                         5      1        0
  SINCE JUN 1      6                         6      0        0
  SINCE JUL 1   3930                      4031   -101     4121

 COOLING
  YESTERDAY       15                        14      1       16
  MONTH TO DATE  407                       314     93      372
  SINCE JUN 1    407                       314     93      372
  SINCE JAN 1    705                       448    257      541
..................................................................


WIND (MPH)
  HIGHEST WIND SPEED    39   HIGHEST WIND DIRECTION    SW (220)
  HIGHEST GUST SPEED    48   HIGHEST GUST DIRECTION    SW (220)
  AVERAGE WIND SPEED     8.9


SKY COVER
  POSSIBLE SUNSHINE  MM
  AVERAGE SKY COVER 0.6


WEATHER CONDITIONS
 THE FOLLOWING WEATHER WAS RECORDED YESTERDAY.
  THUNDERSTORM
  HEAVY RAIN
  RAIN
  LIGHT RAIN


RELATIVE HUMIDITY (PERCENT)
 HIGHEST    90           500 AM
 LOWEST     50           400 PM
 AVERAGE    70

..........................................................


THE WASHINGTON NATIONAL DC CLIMATE NORMALS FOR TODAY
                         NORMAL    RECORD    YEAR
 MAXIMUM TEMPERATURE (F)   88       102      1901
 MINIMUM TEMPERATURE (F)   70        54      1988
                                             1925
                                             1923


SUNRISE AND SUNSET
JULY  1 2015..........SUNRISE   547 AM EDT   SUNSET   837 PM EDT
JULY  2 2015..........SUNRISE   547 AM EDT   SUNSET   837 PM EDT


-  INDICATES NEGATIVE NUMBERS.
R  INDICATES RECORD WAS SET OR TIED.
MM INDICATES DATA IS MISSING.
T  INDICATES TRACE AMOUNT.




$$
