000
CDUS41 KLWX 260525
CLIDCA


CLIMATE REPORT
NATIONAL WEATHER SERVICE BALTIMORE MD/WASHINGTON DC
1225 AM EST WED NOV 26 2014


...................................

...THE WASHINGTON NATIONAL DC CLIMATE SUMMARY FOR NOVEMBER 25 2014...

CLIMATE NORMAL PERIOD 1981 TO 2010
CLIMATE RECORD PERIOD 1871 TO 2014


WEATHER ITEM   OBSERVED TIME   RECORD YEAR NORMAL DEPARTURE LAST
                VALUE   (LST)  VALUE       VALUE  FROM      YEAR
                                                  NORMAL
..................................................................
TEMPERATURE (F)
 YESTERDAY
  MAXIMUM         69   1258 AM  79    1973  54     15       38
  MINIMUM         49   1127 PM  18    1950  38     11       24
  AVERAGE         59                        46     13       31

PRECIPITATION (IN)
  YESTERDAY        0.00          1.78 1950   0.11  -0.11     0.00
  MONTH TO DATE    1.58                      2.64  -1.06     0.72
  SINCE SEP 1      6.18                      9.76  -3.58     8.19
  SINCE JAN 1     39.85                     36.16   3.69    36.51

SNOWFALL (IN)
  YESTERDAY        0.0           6.8  1938   0.1   -0.1
  MONTH TO DATE    T                         0.4   -0.4
  SINCE JUL 1      T                         0.4   -0.4
  SNOW DEPTH       0

DEGREE DAYS
 HEATING
  YESTERDAY        6                        19    -13       34
  MONTH TO DATE  402                       367     35      402
  SINCE SEP 1    504                       596    -92      567
  SINCE JUL 1    504                       596    -92      567

 COOLING
  YESTERDAY        0                         0      0        0
  MONTH TO DATE    0                         0      0        2
  SINCE SEP 1    319                       236     83      289
  SINCE JAN 1   1712                      1547    165     1719
..................................................................


WIND (MPH)
  HIGHEST WIND SPEED    18   HIGHEST WIND DIRECTION    NW (330)
  HIGHEST GUST SPEED    24   HIGHEST GUST DIRECTION     N (340)
  AVERAGE WIND SPEED     5.7


SKY COVER
  POSSIBLE SUNSHINE  MM
  AVERAGE SKY COVER 1.0


WEATHER CONDITIONS
 THE FOLLOWING WEATHER WAS RECORDED YESTERDAY.
  NO SIGNIFICANT WEATHER WAS OBSERVED.


RELATIVE HUMIDITY (PERCENT)
 HIGHEST    87           300 AM
 LOWEST     38           500 PM
 AVERAGE    63

..........................................................


THE WASHINGTON NATIONAL DC CLIMATE NORMALS FOR TODAY
                         NORMAL    RECORD    YEAR
 MAXIMUM TEMPERATURE (F)   54        74      1979
 MINIMUM TEMPERATURE (F)   38        17      1950


SUNRISE AND SUNSET
NOVEMBER 26 2014......SUNRISE   703 AM EST   SUNSET   448 PM EST
NOVEMBER 27 2014......SUNRISE   704 AM EST   SUNSET   448 PM EST


-  INDICATES NEGATIVE NUMBERS.
R  INDICATES RECORD WAS SET OR TIED.
MM INDICATES DATA IS MISSING.
T  INDICATES TRACE AMOUNT.




$$
