000
CDUS41 KALY 280624
CLIDDH


CLIMATE REPORT
NATIONAL WEATHER SERVICE ALBANY NY
223 AM EDT SAT MAY 28 2016


...................................

...THE BENNINGTON VT CLIMATE SUMMARY FOR MAY 27 2016...

CLIMATE NORMAL PERIOD 1981 TO 2010
CLIMATE RECORD PERIOD 9999 TO 9999


WEATHER ITEM   OBSERVED TIME   NORMAL DEPARTURE LAST
                VALUE   (LST)  VALUE  FROM      YEAR
                                      NORMAL
......................................................
TEMPERATURE (F)
 YESTERDAY
  MAXIMUM         86    105 PM  70     16       88
  MINIMUM         63    431 AM  46     17       62
  AVERAGE         75            58     17       75

PRECIPITATION (IN)
  YESTERDAY        0.01          0.13  -0.12     0.01
  MONTH TO DATE    2.87          3.08  -0.21     0.28
  SINCE MAR 1      7.96          9.50  -1.54     3.46
  SINCE JAN 1     13.00         14.49  -1.49     6.87

DEGREE DAYS
 HEATING
  YESTERDAY        0             7     -7        0
  MONTH TO DATE  295           289      6      155
  SINCE MAR 1   1703          1861   -158     1935
  SINCE JUL 1   6036          7112  -1076     7437

 COOLING
  YESTERDAY       10             0     10       10
  MONTH TO DATE   13             0     13       54
  SINCE MAR 1     14             3     11       54
  SINCE JAN 1     14             3     11       54
......................................................


WIND (MPH)
  HIGHEST WIND SPEED    14   HIGHEST WIND DIRECTION     S (190)
  HIGHEST GUST SPEED    19   HIGHEST GUST DIRECTION    SW (240)
  AVERAGE WIND SPEED     4.0


SKY COVER
  AVERAGE SKY COVER 0.3



RELATIVE HUMIDITY (PERCENT)
 HIGHEST    87           600 AM
 LOWEST     48          1200 PM
 AVERAGE    68

..........................................................


THE BENNINGTON VT CLIMATE NORMALS FOR TODAY
                         NORMAL
 MAXIMUM TEMPERATURE (F)   70
 MINIMUM TEMPERATURE (F)   47


SUNRISE AND SUNSET
MAY 28 2016...........SUNRISE   519 AM EDT   SUNSET   822 PM EDT
MAY 29 2016...........SUNRISE   518 AM EDT   SUNSET   823 PM EDT


-  INDICATES NEGATIVE NUMBERS.
R  INDICATES RECORD WAS SET OR TIED.
MM INDICATES DATA IS MISSING.
T  INDICATES TRACE AMOUNT.




$$
