000
CDUS43 KILX 300651
CLIDEC


CLIMATE REPORT
NATIONAL WEATHER SERVICE LINCOLN IL
150 AM CDT TUE SEP 30 2014


...................................

...THE DECATUR IL AIRPORT CLIMATE SUMMARY FOR SEPTEMBER 29 2014...

CLIMATE NORMAL PERIOD 1981 TO 2010
CLIMATE RECORD PERIOD 9999 TO 9999


WEATHER ITEM   OBSERVED TIME   RECORD YEAR NORMAL DEPARTURE LAST
                VALUE   (LST)  VALUE       VALUE  FROM      YEAR
                                                  NORMAL
..................................................................
TEMPERATURE (F)
 YESTERDAY
  MAXIMUM         85    348 PM  MM      MM  73     12       75
  MINIMUM         53    501 AM  MM      MM  48      5       48
  AVERAGE         69                        61      8       62

PRECIPITATION (IN)
  YESTERDAY        0.00         MM      MM   0.07  -0.07     0.06
  MONTH TO DATE    3.92                      2.82   1.10     0.59
  SINCE SEP 1      3.92                      2.82   1.10     0.59
  SINCE JAN 1     27.85                     29.13  -1.28    26.96

DEGREE DAYS
 HEATING
  YESTERDAY        0                         6     -6        3
  MONTH TO DATE   86                        61     25       37
  SINCE SEP 1     86                        61     25       37
  SINCE JUL 1     88                        67     21       47

 COOLING
  YESTERDAY        4                         2      2        0
  MONTH TO DATE   93                       109    -16      167
  SINCE SEP 1     93                       109    -16      167
  SINCE JAN 1    997                      1027    -30     1039
..................................................................


WIND (MPH)
  HIGHEST WIND SPEED    12   HIGHEST WIND DIRECTION     W (290)
  HIGHEST GUST SPEED    15   HIGHEST GUST DIRECTION    NW (300)
  AVERAGE WIND SPEED     1.7


SKY COVER
  POSSIBLE SUNSHINE  MM
  AVERAGE SKY COVER 0.1


WEATHER CONDITIONS
 THE FOLLOWING WEATHER WAS RECORDED YESTERDAY.
  NO SIGNIFICANT WEATHER WAS OBSERVED.


RELATIVE HUMIDITY (PERCENT)
 HIGHEST    93           500 AM
 LOWEST     34           300 PM
 AVERAGE    64

..........................................................


THE DECATUR IL AIRPORT CLIMATE NORMALS FOR TODAY
                         NORMAL    RECORD    YEAR
 MAXIMUM TEMPERATURE (F)   73        MM        MM
 MINIMUM TEMPERATURE (F)   48        MM        MM


SUNRISE AND SUNSET
SEPTEMBER 30 2014.....SUNRISE   651 AM CDT   SUNSET   639 PM CDT
OCTOBER  1 2014.......SUNRISE   652 AM CDT   SUNSET   638 PM CDT


-  INDICATES NEGATIVE NUMBERS.
R  INDICATES RECORD WAS SET OR TIED.
MM INDICATES DATA IS MISSING.
T  INDICATES TRACE AMOUNT.




$$
