000
CDUS43 KILX 260633
CLIDEC


CLIMATE REPORT
NATIONAL WEATHER SERVICE LINCOLN IL
132 AM CDT SAT JUL 26 2014


...................................

...THE DECATUR IL AIRPORT CLIMATE SUMMARY FOR JULY 25 2014...

CLIMATE NORMAL PERIOD 1981 TO 2010
CLIMATE RECORD PERIOD 9999 TO 9999


WEATHER ITEM   OBSERVED TIME   RECORD YEAR NORMAL DEPARTURE LAST
                VALUE   (LST)  VALUE       VALUE  FROM      YEAR
                                                  NORMAL
..................................................................
TEMPERATURE (F)
 YESTERDAY
  MAXIMUM         73    525 PM  MM      MM  86    -13       79
  MINIMUM         54    352 AM  MM      MM  64    -10       53
  AVERAGE         64                        75    -11       66

PRECIPITATION (IN)
  YESTERDAY        0.14         MM      MM   0.12   0.02     0.00
  MONTH TO DATE    2.30                      3.19  -0.89     2.58
  SINCE JUN 1      9.20                      7.54   1.66     7.53
  SINCE JAN 1     18.86                     21.99  -3.13    25.84

DEGREE DAYS
 HEATING
  YESTERDAY        1                         0      1        0
  MONTH TO DATE    2                         0      2        0
  SINCE JUN 1      3                        17    -14       14
  SINCE JUL 1      2                         0      2        0

 COOLING
  YESTERDAY        0                        10    -10        1
  MONTH TO DATE  141                       272   -131      251
  SINCE JUN 1    417                       501    -84      493
  SINCE JAN 1    562                       588    -26      605
..................................................................


WIND (MPH)
  HIGHEST WIND SPEED    25   HIGHEST WIND DIRECTION    SW (210)
  HIGHEST GUST SPEED    32   HIGHEST GUST DIRECTION     S (200)
  AVERAGE WIND SPEED     6.8


SKY COVER
  POSSIBLE SUNSHINE  MM
  AVERAGE SKY COVER 0.2


WEATHER CONDITIONS
 THE FOLLOWING WEATHER WAS RECORDED YESTERDAY.
  LIGHT RAIN
  FOG


RELATIVE HUMIDITY (PERCENT)
 HIGHEST    93           400 AM
 LOWEST     64           500 PM
 AVERAGE    79

..........................................................


THE DECATUR IL AIRPORT CLIMATE NORMALS FOR TODAY
                         NORMAL    RECORD    YEAR
 MAXIMUM TEMPERATURE (F)   86        MM        MM
 MINIMUM TEMPERATURE (F)   64        MM        MM


SUNRISE AND SUNSET
JULY 26 2014..........SUNRISE   549 AM CDT   SUNSET   815 PM CDT
JULY 27 2014..........SUNRISE   550 AM CDT   SUNSET   814 PM CDT


-  INDICATES NEGATIVE NUMBERS.
R  INDICATES RECORD WAS SET OR TIED.
MM INDICATES DATA IS MISSING.
T  INDICATES TRACE AMOUNT.




$$
