000
CDUS43 KILX 240649
CLIDEC


CLIMATE REPORT
NATIONAL WEATHER SERVICE LINCOLN IL
1248 AM CST SAT FEB 24 2018


...................................

...THE DECATUR IL AIRPORT CLIMATE SUMMARY FOR FEBRUARY 23 2018...

CLIMATE NORMAL PERIOD 1981 TO 2010
CLIMATE RECORD PERIOD 9999 TO 9999


WEATHER ITEM   OBSERVED TIME   RECORD YEAR NORMAL DEPARTURE LAST
                VALUE   (LST)  VALUE       VALUE  FROM      YEAR
                                                  NORMAL
..................................................................
TEMPERATURE (F)
 YESTERDAY
  MAXIMUM         46    926 AM  MM      MM  42      4       62
  MINIMUM         37   1159 PM  MM      MM  25     12       42
  AVERAGE         42                        34      8       52

PRECIPITATION (IN)
  YESTERDAY        0.09         MM      MM   0.08   0.01     0.00
  MONTH TO DATE    3.76                      1.60   2.16     0.35
  SINCE DEC 1      4.91                      5.88  -0.97     2.69
  SINCE JAN 1      4.79                      3.34   1.45     2.00

DEGREE DAYS
 HEATING
  YESTERDAY       23                        31     -8       13
  MONTH TO DATE  792                       797     -5      535
  SINCE DEC 1   3111                      3023     88     2555
  SINCE JUL 1   4053                      4104    -51     3251

 COOLING
  YESTERDAY        0                         0      0        0
  MONTH TO DATE    0                         0      0        0
  SINCE DEC 1      0                         0      0        0
  SINCE JAN 1      0                         0      0        0
..................................................................


WIND (MPH)
  HIGHEST WIND SPEED    16   HIGHEST WIND DIRECTION     W (270)
  HIGHEST GUST SPEED    21   HIGHEST GUST DIRECTION     W (270)
  AVERAGE WIND SPEED     9.0


SKY COVER
  POSSIBLE SUNSHINE  MM
  AVERAGE SKY COVER 1.0


WEATHER CONDITIONS
 THE FOLLOWING WEATHER WAS RECORDED YESTERDAY.
  HEAVY RAIN
  LIGHT RAIN
  FOG


RELATIVE HUMIDITY (PERCENT)
 HIGHEST   100          1200 AM
 LOWEST     83          1100 AM
 AVERAGE    92

..........................................................


THE DECATUR IL AIRPORT CLIMATE NORMALS FOR TODAY
                         NORMAL    RECORD    YEAR
 MAXIMUM TEMPERATURE (F)   43        MM        MM
 MINIMUM TEMPERATURE (F)   25        MM        MM


SUNRISE AND SUNSET
FEBRUARY 24 2018......SUNRISE   636 AM CST   SUNSET   542 PM CST
FEBRUARY 25 2018......SUNRISE   634 AM CST   SUNSET   543 PM CST


-  INDICATES NEGATIVE NUMBERS.
R  INDICATES RECORD WAS SET OR TIED.
MM INDICATES DATA IS MISSING.
T  INDICATES TRACE AMOUNT.




$$
