000
CDUS43 KILX 282135
CLIDEC


CLIMATE REPORT
NATIONAL WEATHER SERVICE LINCOLN IL
434 PM CDT THU AUG 28 2014


...................................

...THE DECATUR IL AIRPORT CLIMATE SUMMARY FOR AUGUST 28 2014...
VALID TODAY AS OF 0400 PM LOCAL TIME.

CLIMATE NORMAL PERIOD 1981 TO 2010
CLIMATE RECORD PERIOD 9999 TO 9999


WEATHER ITEM   OBSERVED TIME   RECORD YEAR NORMAL DEPARTURE LAST
                VALUE   (LST)  VALUE       VALUE  FROM      YEAR
                                                  NORMAL
..................................................................
TEMPERATURE (F)
 TODAY
  MAXIMUM         86    256 PM  MM      MM  84      2       95
  MINIMUM         67    640 AM  MM      MM  61      6       74
  AVERAGE         77                        72      5       85

PRECIPITATION (IN)
  TODAY            0.02         MM      MM   0.14  -0.12     0.00
  MONTH TO DATE    4.75                      3.23   1.52     0.02
  SINCE JUN 1     14.09                     11.44   2.65     8.06
  SINCE JAN 1     23.75                     25.89  -2.14    26.37

DEGREE DAYS
 HEATING
  TODAY            0                         0      0        0
  MONTH TO DATE    0                         0      0        6
  SINCE JUN 1      3                        18    -15       24
  SINCE JUL 1      2                         1      1       10

 COOLING
  TODAY           12                         8      4       20
  MONTH TO DATE  257                       248      9      205
  SINCE JUN 1    716                       810    -94      710
  SINCE JAN 1    861                       897    -36      822
..................................................................


WIND (MPH)
  HIGHEST WIND SPEED    10   HIGHEST WIND DIRECTION    SE (120)
  HIGHEST GUST SPEED    15   HIGHEST GUST DIRECTION    SE (140)
  AVERAGE WIND SPEED     6.9


SKY COVER
  POSSIBLE SUNSHINE  MM
  AVERAGE SKY COVER 0.7


WEATHER CONDITIONS
 THE FOLLOWING WEATHER WAS RECORDED TODAY.
  LIGHT RAIN


RELATIVE HUMIDITY (PERCENT)
 HIGHEST    97           100 AM
 LOWEST     61           300 PM
 AVERAGE    79

..........................................................


THE DECATUR IL AIRPORT CLIMATE NORMALS FOR TOMORROW
                         NORMAL    RECORD    YEAR
 MAXIMUM TEMPERATURE (F)   83        MM        MM
 MINIMUM TEMPERATURE (F)   61        MM        MM


SUNRISE AND SUNSET
AUGUST 28 2014........SUNRISE   620 AM CDT   SUNSET   733 PM CDT
AUGUST 29 2014........SUNRISE   621 AM CDT   SUNSET   731 PM CDT


-  INDICATES NEGATIVE NUMBERS.
R  INDICATES RECORD WAS SET OR TIED.
MM INDICATES DATA IS MISSING.
T  INDICATES TRACE AMOUNT.




$$
