000
CDUS45 KBOU 242330
CLIDEN


CLIMATE REPORT
NATIONAL WEATHER SERVICE DENVER/BOULDER CO
530 PM MDT SAT SEP 24 2016


...................................

...THE DENVER CO CLIMATE SUMMARY FOR SEPTEMBER 24 2016...
VALID TODAY AS OF 0500 PM LOCAL TIME.

CLIMATE NORMAL PERIOD 1981 TO 2010
CLIMATE RECORD PERIOD 1872 TO 2016


WEATHER ITEM   OBSERVED TIME   RECORD YEAR NORMAL DEPARTURE LAST
                VALUE   (LST)  VALUE       VALUE  FROM      YEAR
                                                  NORMAL
..................................................................
TEMPERATURE (F)
 TODAY
  MAXIMUM         71    224 PM  89    1992  75     -4       85
  MINIMUM         38    557 AM  29    2000  45     -7       52
                                      1926
  AVERAGE         55                        60     -5       69

PRECIPITATION (IN)
  TODAY            0.00          0.62 1961   0.03  -0.03     0.00
  MONTH TO DATE    0.28                      0.77  -0.49     0.04
  SINCE SEP 1      0.28                      0.77  -0.49     0.04
  SINCE JAN 1     10.29                     12.13  -1.84    13.64

DEGREE DAYS
 HEATING
  TODAY           10                         6      4        0
  MONTH TO DATE   45                        78    -33        9
  SINCE SEP 1     45                        78    -33        9
  SINCE JUL 1     60                        94    -34       27

 COOLING
  TODAY            0                         1     -1        4
  MONTH TO DATE   96                        71     25      128
  SINCE SEP 1     96                        71     25      128
  SINCE JAN 1    858                       759     99      841
..................................................................


WIND (MPH)
  HIGHEST WIND SPEED    28   HIGHEST WIND DIRECTION    NW (300)
  HIGHEST GUST SPEED    34   HIGHEST GUST DIRECTION    NW (300)
  AVERAGE WIND SPEED    11.7


SKY COVER **
  POSSIBLE SUNSHINE  MM
  AVERAGE SKY COVER 0.4


WEATHER CONDITIONS
 THE FOLLOWING WEATHER WAS RECORDED TODAY.
  NO SIGNIFICANT WEATHER WAS OBSERVED.


RELATIVE HUMIDITY (PERCENT)
 HIGHEST    85           400 AM
 LOWEST     15          1200 PM
 AVERAGE    50

..........................................................


THE DENVER CO CLIMATE NORMALS FOR TOMORROW
                         NORMAL    RECORD    YEAR
 MAXIMUM TEMPERATURE (F)   75        91      1998
 MINIMUM TEMPERATURE (F)   44        25      1926


SUNRISE AND SUNSET
SEPTEMBER 24 2016.....SUNRISE   649 AM MDT   SUNSET   652 PM MDT
SEPTEMBER 25 2016.....SUNRISE   650 AM MDT   SUNSET   650 PM MDT


-  INDICATES NEGATIVE NUMBERS.
R  INDICATES RECORD WAS SET OR TIED.
MM INDICATES DATA IS MISSING.
T  INDICATES TRACE AMOUNT.




$$
