000
CDUS45 KBOU 040813
CLIDEN


CLIMATE REPORT
NATIONAL WEATHER SERVICE DENVER CO
212 AM MDT SAT JUL 4 2015


...................................

...THE DENVER CO CLIMATE SUMMARY FOR JULY 3 2015...

CLIMATE NORMAL PERIOD 1981 TO 2010
CLIMATE RECORD PERIOD 1872 TO 2015


WEATHER ITEM   OBSERVED TIME   RECORD YEAR NORMAL DEPARTURE LAST
                VALUE   (LST)  VALUE       VALUE  FROM      YEAR
                                                  NORMAL
..................................................................
TEMPERATURE (F)
 YESTERDAY
  MAXIMUM         85    448 PM 101    1874  88     -3       92
  MINIMUM         55    453 AM  46    1872  57     -2       58
  AVERAGE         70                        72     -2       75

PRECIPITATION (IN)
  YESTERDAY        0.00          1.12 1909   0.06  -0.06     0.00
  MONTH TO DATE    0.12                      0.17  -0.05     0.00
  SINCE JUN 1      2.65                      2.15   0.50     1.82
  SINCE JAN 1     11.48                      7.68   3.80     8.53

SNOWFALL (IN)
  YESTERDAY        0.0
  MONTH TO DATE      0
  SINCE JUN 1        0
  SINCE JUL 1        0
  SNOW DEPTH       0


DEGREE DAYS
 HEATING
  YESTERDAY        0                         0      0        0
  MONTH TO DATE    0                         1     -1        0
  SINCE JUN 1     11                        63    -52       30
  SINCE JUL 1      0                         1     -1        0

 COOLING
  YESTERDAY        5                         8     -3       10
  MONTH TO DATE   23                        23      0       16
  SINCE JUN 1    177                       156     21      122
  SINCE JAN 1    181                       178      3      143
..................................................................


WIND (MPH)
  HIGHEST WIND SPEED    16   HIGHEST WIND DIRECTION     S (200)
  HIGHEST GUST SPEED    21   HIGHEST GUST DIRECTION     S (200)
  AVERAGE WIND SPEED     6.9


SKY COVER **
  POSSIBLE SUNSHINE  MM
  AVERAGE SKY COVER 0.5


WEATHER CONDITIONS
 THE FOLLOWING WEATHER WAS RECORDED YESTERDAY.
  NO SIGNIFICANT WEATHER WAS OBSERVED.


RELATIVE HUMIDITY (PERCENT)
 HIGHEST    93           200 AM
 LOWEST     34           500 PM
 AVERAGE    64

..........................................................


THE DENVER CO CLIMATE NORMALS FOR TODAY
                         NORMAL    RECORD    YEAR
 MAXIMUM TEMPERATURE (F)   88       102      1874
 MINIMUM TEMPERATURE (F)   57        42      1903


SUNRISE AND SUNSET
JULY  4 2015..........SUNRISE   536 AM MST   SUNSET   830 PM MST
JULY  5 2015..........SUNRISE   536 AM MST   SUNSET   830 PM MST


-  INDICATES NEGATIVE NUMBERS.
R  INDICATES RECORD WAS SET OR TIED.
MM INDICATES DATA IS MISSING.
T  INDICATES TRACE AMOUNT.

&&

** SUNSHINE DATA WILL NO LONGER BE AVAILABLE EFFECTIVE OCTOBER 1ST 2009.




$$
