960
CDUS45 KBOU 272339
CLIDEN


CLIMATE REPORT
NATIONAL WEATHER SERVICE DENVER/BOULDER CO
539 PM MDT TUE JUN 27 2017


...................................

...THE DENVER CO CLIMATE SUMMARY FOR JUNE 27 2017...
VALID TODAY AS OF 0500 PM LOCAL TIME.

CLIMATE NORMAL PERIOD 1981 TO 2010
CLIMATE RECORD PERIOD 1872 TO 2017


WEATHER ITEM   OBSERVED TIME   RECORD YEAR NORMAL DEPARTURE LAST
                VALUE   (LST)  VALUE       VALUE  FROM      YEAR
                                                  NORMAL
..................................................................
TEMPERATURE (F)
 TODAY
  MAXIMUM         97    145 PM 102    1990  86     11       93
  MINIMUM         59    454 AM  43    1985  56      3       61
  AVERAGE         78                        71      7       77

PRECIPITATION (IN)
  TODAY            T             0.51 2014   0.06  -0.06     0.00
  MONTH TO DATE    0.12                      1.81  -1.69     1.62
  SINCE JUN 1      0.12                      1.81  -1.69     1.62
  SINCE JAN 1      6.43                      7.34  -0.91     8.72

DEGREE DAYS
 HEATING
  TODAY            0                         1     -1        0
  MONTH TO DATE   23                        60    -37        4
  SINCE JUN 1     23                        60    -37        4
  SINCE JUL 1   5107                      6056   -949     5560

 COOLING
  TODAY           13                         7      6       12
  MONTH TO DATE  155                       110     45      161
  SINCE JUN 1    155                       110     45      161
  SINCE JAN 1    161                       132     29      164
..................................................................


WIND (MPH)
  HIGHEST WIND SPEED    44   HIGHEST WIND DIRECTION     W (270)
  HIGHEST GUST SPEED    66   HIGHEST GUST DIRECTION     W (270)
  AVERAGE WIND SPEED     7.1


SKY COVER **
  POSSIBLE SUNSHINE  MM
  AVERAGE SKY COVER 0.6


WEATHER CONDITIONS
 THE FOLLOWING WEATHER WAS RECORDED TODAY.
  LIGHT RAIN
  SANDSTORM


RELATIVE HUMIDITY (PERCENT)
 HIGHEST    67           500 AM
 LOWEST      9           300 PM
 AVERAGE    38

..........................................................


THE DENVER CO CLIMATE NORMALS FOR TOMORROW
                         NORMAL    RECORD    YEAR
 MAXIMUM TEMPERATURE (F)   87        99      1986
 MINIMUM TEMPERATURE (F)   56        48      1999
                                             1985
                                             1894


SUNRISE AND SUNSET
JUNE 27 2017..........SUNRISE   533 AM MDT   SUNSET   831 PM MDT
JUNE 28 2017..........SUNRISE   533 AM MDT   SUNSET   831 PM MDT


-  INDICATES NEGATIVE NUMBERS.
R  INDICATES RECORD WAS SET OR TIED.
MM INDICATES DATA IS MISSING.
T  INDICATES TRACE AMOUNT.




$$
