000
CDUS45 KBOU 300756
CLIDEN


CLIMATE REPORT
NATIONAL WEATHER SERVICE DENVER CO
156 AM MDT THU JUL 30 2015


...................................

...THE DENVER CO CLIMATE SUMMARY FOR JULY 29 2015...

CLIMATE NORMAL PERIOD 1981 TO 2010
CLIMATE RECORD PERIOD 1872 TO 2015


WEATHER ITEM   OBSERVED TIME   RECORD YEAR NORMAL DEPARTURE LAST
                VALUE   (LST)  VALUE       VALUE  FROM      YEAR
                                                  NORMAL
..................................................................
TEMPERATURE (F)
 YESTERDAY
  MAXIMUM         85    451 PM  99    2005  90     -5       84
                                      1995
  MINIMUM         55    142 AM  47    1971  60     -5       58
  AVERAGE         70                        75     -5       71

PRECIPITATION (IN)
  YESTERDAY        0.00          1.80 2014   0.08  -0.08     1.80
  MONTH TO DATE    1.06                      2.00  -0.94     2.72
  SINCE JUN 1      3.59                      3.98  -0.39     4.54
  SINCE JAN 1     12.42                      9.51   2.91    11.25

SNOWFALL (IN)
  YESTERDAY        0.0
  MONTH TO DATE      0
  SINCE JUN 1        0
  SINCE JUL 1        0
  SNOW DEPTH       0


DEGREE DAYS
 HEATING
  YESTERDAY        0                         0      0        0
  MONTH TO DATE    5                         1      4        0
  SINCE JUN 1     16                        63    -47       30
  SINCE JUL 1      5                         1      4        0

 COOLING
  YESTERDAY        5                        10     -5        6
  MONTH TO DATE  230                       269    -39      301
  SINCE JUN 1    384                       402    -18      407
  SINCE JAN 1    388                       424    -36      428
..................................................................


WIND (MPH)
  HIGHEST WIND SPEED    28   HIGHEST WIND DIRECTION    SE (150)
  HIGHEST GUST SPEED    35   HIGHEST GUST DIRECTION    SE (140)
  AVERAGE WIND SPEED    13.6


SKY COVER **
  POSSIBLE SUNSHINE  MM
  AVERAGE SKY COVER 0.5


WEATHER CONDITIONS
 THE FOLLOWING WEATHER WAS RECORDED YESTERDAY.
  NO SIGNIFICANT WEATHER WAS OBSERVED.


RELATIVE HUMIDITY (PERCENT)
 HIGHEST    66           200 AM
 LOWEST     25           500 PM
 AVERAGE    46

..........................................................


THE DENVER CO CLIMATE NORMALS FOR TODAY
                         NORMAL    RECORD    YEAR
 MAXIMUM TEMPERATURE (F)   90       101      2005
 MINIMUM TEMPERATURE (F)   60        43      1971


SUNRISE AND SUNSET
JULY 30 2015..........SUNRISE   555 AM MST   SUNSET   815 PM MST
JULY 31 2015..........SUNRISE   556 AM MST   SUNSET   814 PM MST


-  INDICATES NEGATIVE NUMBERS.
R  INDICATES RECORD WAS SET OR TIED.
MM INDICATES DATA IS MISSING.
T  INDICATES TRACE AMOUNT.

&&

** SUNSHINE DATA WILL NO LONGER BE AVAILABLE EFFECTIVE OCTOBER 1ST 2009.




$$
