000
CDUS45 KBOU 290757
CLIDEN


CLIMATE REPORT
NATIONAL WEATHER SERVICE DENVER CO
1256 AM MST THU JAN 29 2015


...................................

...THE DENVER CO CLIMATE SUMMARY FOR JANUARY 28 2015...

CLIMATE NORMAL PERIOD 1981 TO 2010
CLIMATE RECORD PERIOD 1872 TO 2015


WEATHER ITEM   OBSERVED TIME   RECORD YEAR NORMAL DEPARTURE LAST
                VALUE   (LST)  VALUE       VALUE  FROM      YEAR
                                                  NORMAL
..................................................................
TEMPERATURE (F)
 YESTERDAY
  MAXIMUM         61    140 PM  69    1888  44     17       33
  MINIMUM         32    924 PM -22    1872  17     15       -1
  AVERAGE         47                        31     16       16

PRECIPITATION (IN)
  YESTERDAY        0.00          0.63 1989   0.01  -0.01      T
  MONTH TO DATE    0.30                      0.37  -0.07     0.67
  SINCE DEC 1      0.89                      0.72   0.17     0.92
  SINCE JAN 1      0.30                      0.37  -0.07     0.67

SNOWFALL (IN)
  YESTERDAY        0.0
  MONTH TO DATE    6.9
  SINCE DEC 1     18.9
  SINCE JUL 1     22.9
  SNOW DEPTH       0


DEGREE DAYS
 HEATING
  YESTERDAY       18                        34    -16       49
  MONTH TO DATE  875                       957    -82      948
  SINCE DEC 1   1912                      2043   -131     2076
  SINCE JUL 1   3166                      3425   -259     3399

 COOLING
  YESTERDAY        0                         0      0        0
  MONTH TO DATE    0                         0      0        0
  SINCE DEC 1      0                         0      0        0
  SINCE JAN 1      0                         0      0        0
..................................................................


WIND (MPH)
  HIGHEST WIND SPEED    33   HIGHEST WIND DIRECTION    NW (310)
  HIGHEST GUST SPEED    41   HIGHEST GUST DIRECTION     W (260)
  AVERAGE WIND SPEED    14.8


SKY COVER **
  POSSIBLE SUNSHINE  MM
  AVERAGE SKY COVER 0.5


WEATHER CONDITIONS
 THE FOLLOWING WEATHER WAS RECORDED YESTERDAY.
  NO SIGNIFICANT WEATHER WAS OBSERVED.


RELATIVE HUMIDITY (PERCENT)
 HIGHEST    89           800 PM
 LOWEST     19           200 PM
 AVERAGE    54

..........................................................


THE DENVER CO CLIMATE NORMALS FOR TODAY
                         NORMAL    RECORD    YEAR
 MAXIMUM TEMPERATURE (F)   44        67      1920
 MINIMUM TEMPERATURE (F)   17       -12      1951
                                             1949


SUNRISE AND SUNSET
JANUARY 29 2015.......SUNRISE   709 AM MST   SUNSET   513 PM MST
JANUARY 30 2015.......SUNRISE   709 AM MST   SUNSET   514 PM MST


-  INDICATES NEGATIVE NUMBERS.
R  INDICATES RECORD WAS SET OR TIED.
MM INDICATES DATA IS MISSING.
T  INDICATES TRACE AMOUNT.

&&

** SUNSHINE DATA WILL NO LONGER BE AVAILABLE EFFECTIVE OCTOBER 1ST 2009.




$$
