000
CDUS45 KBOU 231230
CLIDEN


CLIMATE REPORT
NATIONAL WEATHER SERVICE DENVER/BOULDER CO
629 AM MDT MON OCT 23 2017


...................................

...THE DENVER CO CLIMATE SUMMARY FOR OCTOBER 23 2017...
VALID AS OF 0600 AM LOCAL TIME.

CLIMATE NORMAL PERIOD 1981 TO 2010
CLIMATE RECORD PERIOD 1872 TO 2017


WEATHER ITEM   OBSERVED TIME   RECORD YEAR NORMAL DEPARTURE LAST
                VALUE   (LST)  VALUE       VALUE  FROM      YEAR
                                                  NORMAL
..................................................................
TEMPERATURE (F)
 TODAY
  MAXIMUM         63   1222 AM  87    1973  62      1       74
  MINIMUM         50    257 AM  16    1873  34     16       35
  AVERAGE         57                        48      9       55

PRECIPITATION (IN)
  TODAY            0.00          1.81 1914   0.04  -0.04     0.00
  MONTH TO DATE    0.94                      0.81   0.13     0.26
  SINCE SEP 1      2.20                      1.77   0.43     0.54
  SINCE JAN 1     11.17                     13.13  -1.96    10.55

..................................................................


WIND (MPH)
  HIGHEST WIND SPEED    26   HIGHEST WIND DIRECTION     W (290)
  HIGHEST GUST SPEED    35   HIGHEST GUST DIRECTION     W (280)
  AVERAGE WIND SPEED    12.5




RELATIVE HUMIDITY (PERCENT)
 HIGHEST    38           300 AM
 LOWEST     23           100 AM
 AVERAGE    31

..........................................................


THE DENVER CO CLIMATE NORMALS FOR TOMORROW
                         NORMAL    RECORD    YEAR
 MAXIMUM TEMPERATURE (F)   62        82      2014
 MINIMUM TEMPERATURE (F)   34         8      1887


SUNRISE AND SUNSET
OCTOBER 23 2017.......SUNRISE   718 AM MDT   SUNSET   608 PM MDT
OCTOBER 24 2017.......SUNRISE   719 AM MDT   SUNSET   606 PM MDT


-  INDICATES NEGATIVE NUMBERS.
R  INDICATES RECORD WAS SET OR TIED.
MM INDICATES DATA IS MISSING.
T  INDICATES TRACE AMOUNT.




$$
