000
CDUS45 KBOU 052343
CLIDEN


CLIMATE REPORT
NATIONAL WEATHER SERVICE DENVER/BOULDER CO
443 PM MST FRI FEB 5 2016


...................................

...THE DENVER CO CLIMATE SUMMARY FOR FEBRUARY 5 2016...
VALID TODAY AS OF 0400 PM LOCAL TIME.

CLIMATE NORMAL PERIOD 1981 TO 2010
CLIMATE RECORD PERIOD 1872 TO 2016


WEATHER ITEM   OBSERVED TIME   RECORD YEAR NORMAL DEPARTURE LAST
                VALUE   (LST)  VALUE       VALUE  FROM      YEAR
                                                  NORMAL
..................................................................
TEMPERATURE (F)
 TODAY
  MAXIMUM         37   1147 AM  76    1963  45     -8       63
  MINIMUM         20    301 AM -24    1989  17      3       23
  AVERAGE         29                        31     -2       43

PRECIPITATION (IN)
  TODAY            0.00          0.67 1881   0.01  -0.01     0.00
  MONTH TO DATE    0.48                      0.06   0.42     0.17
  SINCE DEC 1      1.69                      0.82   0.87     1.14
  SINCE JAN 1      0.98                      0.47   0.51     0.55

DEGREE DAYS
 HEATING
  TODAY           36                        34      2       22
  MONTH TO DATE  219                       170     49      145
  SINCE DEC 1   2337                      2319     18     2140
  SINCE JUL 1   3427                      3701   -274     3394

 COOLING
  TODAY            0                         0      0        0
  MONTH TO DATE    0                         0      0        0
  SINCE DEC 1      0                         0      0        0
  SINCE JAN 1      0                         0      0        0
..................................................................


WIND (MPH)
  HIGHEST WIND SPEED    12   HIGHEST WIND DIRECTION     S (180)
  HIGHEST GUST SPEED    12   HIGHEST GUST DIRECTION     N (360)
  AVERAGE WIND SPEED     6.1


SKY COVER **
  POSSIBLE SUNSHINE  MM
  AVERAGE SKY COVER 0.6


WEATHER CONDITIONS
 THE FOLLOWING WEATHER WAS RECORDED TODAY.
  NO SIGNIFICANT WEATHER WAS OBSERVED.


RELATIVE HUMIDITY (PERCENT)
 HIGHEST    84           300 AM
 LOWEST     29          1200 PM
 AVERAGE    57

..........................................................


THE DENVER CO CLIMATE NORMALS FOR TOMORROW
                         NORMAL    RECORD    YEAR
 MAXIMUM TEMPERATURE (F)   45        70      2015
 MINIMUM TEMPERATURE (F)   17       -22      1899


SUNRISE AND SUNSET
FEBRUARY  5 2016......SUNRISE   703 AM MST   SUNSET   522 PM MST
FEBRUARY  6 2016......SUNRISE   702 AM MST   SUNSET   523 PM MST


-  INDICATES NEGATIVE NUMBERS.
R  INDICATES RECORD WAS SET OR TIED.
MM INDICATES DATA IS MISSING.
T  INDICATES TRACE AMOUNT.




$$
