000
CDUS45 KBOU 232328
CLIDEN


CLIMATE REPORT
NATIONAL WEATHER SERVICE DENVER CO
528 PM MDT TUE SEP 23 2014


...................................

...THE DENVER CO CLIMATE SUMMARY FOR SEPTEMBER 23 2014...
VALID TODAY AS OF 0500 PM LOCAL TIME.

CLIMATE NORMAL PERIOD 1981 TO 2010
CLIMATE RECORD PERIOD 1872 TO 2014


WEATHER ITEM   OBSERVED TIME   RECORD YEAR NORMAL DEPARTURE LAST
                VALUE   (LST)  VALUE       VALUE  FROM      YEAR
                                                  NORMAL
..................................................................
TEMPERATURE (F)
 TODAY
  MAXIMUM         83    302 PM  90    1905  75      8       66
  MINIMUM         54    507 AM  29    1895  45      9       50
  AVERAGE         69                        60      9       58

PRECIPITATION (IN)
  TODAY            0.00          0.64 2013   0.03  -0.03     0.64
  MONTH TO DATE    0.77                      0.74   0.03     5.47
  SINCE SEP 1      0.77                      0.74   0.03     5.47
  SINCE JAN 1     15.88                     12.10   3.78    16.22

DEGREE DAYS
 HEATING
  TODAY            0                         6     -6        7
  MONTH TO DATE   70                        72     -2       29
  SINCE SEP 1     70                        72     -2       29
  SINCE JUL 1     77                        88    -11       29

 COOLING
  TODAY            4                         1      3        0
  MONTH TO DATE   64                        70     -6      131
  SINCE SEP 1     64                        70     -6      131
  SINCE JAN 1    677                       758    -81      997
..................................................................


WIND (MPH)
  HIGHEST WIND SPEED    21   HIGHEST WIND DIRECTION     W (270)
  HIGHEST GUST SPEED    26   HIGHEST GUST DIRECTION     W (280)
  AVERAGE WIND SPEED    10.9


SKY COVER **
  POSSIBLE SUNSHINE  MM
  AVERAGE SKY COVER 0.7


WEATHER CONDITIONS
 THE FOLLOWING WEATHER WAS RECORDED TODAY.
  NO SIGNIFICANT WEATHER WAS OBSERVED.


RELATIVE HUMIDITY (PERCENT)
 HIGHEST    83          1200 AM
 LOWEST     23           100 PM
 AVERAGE    53

..........................................................


THE DENVER CO CLIMATE NORMALS FOR TOMORROW
                         NORMAL    RECORD    YEAR
 MAXIMUM TEMPERATURE (F)   75        89      1992
 MINIMUM TEMPERATURE (F)   45        29      2000
                                             1926


SUNRISE AND SUNSET
SEPTEMBER 23 2014.....SUNRISE   647 AM MDT   SUNSET   656 PM MDT
SEPTEMBER 24 2014.....SUNRISE   648 AM MDT   SUNSET   654 PM MDT


-  INDICATES NEGATIVE NUMBERS.
R  INDICATES RECORD WAS SET OR TIED.
MM INDICATES DATA IS MISSING.
T  INDICATES TRACE AMOUNT.




$$
