000
CDUS45 KBOU 220756
CLIDEN


CLIMATE REPORT
NATIONAL WEATHER SERVICE DENVER CO
156 AM MDT FRI AUG 22 2014


...................................

...THE DENVER CO CLIMATE SUMMARY FOR AUGUST 21 2014...

CLIMATE NORMAL PERIOD 1981 TO 2010
CLIMATE RECORD PERIOD 1872 TO 2014


WEATHER ITEM   OBSERVED TIME   RECORD YEAR NORMAL DEPARTURE LAST
                VALUE   (LST)  VALUE       VALUE  FROM      YEAR
                                                  NORMAL
..................................................................
TEMPERATURE (F)
 YESTERDAY
  MAXIMUM         86    332 PM  97    2007  87     -1       92
                                      1960
  MINIMUM         58    345 AM  45    1974  57      1       66
  AVERAGE         72                        72      0       79

PRECIPITATION (IN)
  YESTERDAY        0.04          0.99 1958   0.04   0.00     0.07
  MONTH TO DATE    1.06                      1.29  -0.23     0.78
  SINCE JUN 1      6.73                      5.43   1.30     3.51
  SINCE JAN 1     13.44                     10.96   2.48     8.75

SNOWFALL (IN)
  YESTERDAY        0.0
  MONTH TO DATE      0
  SINCE JUN 1        0
  SINCE JUL 1        0
  SNOW DEPTH       0


DEGREE DAYS
 HEATING
  YESTERDAY        0                         0      0        0
  MONTH TO DATE    0                         0      0        0
  SINCE JUN 1     35                        68    -33       29
  SINCE JUL 1      5                         6     -1        0

 COOLING
  YESTERDAY        7                         7      0       14
  MONTH TO DATE  165                       183    -18      188
  SINCE JUN 1    575                       605    -30      704
  SINCE JAN 1    596                       627    -31      746
..................................................................


WIND (MPH)
  HIGHEST WIND SPEED    26   HIGHEST WIND DIRECTION     S (180)
  HIGHEST GUST SPEED    32   HIGHEST GUST DIRECTION     S (170)
  AVERAGE WIND SPEED     6.6


SKY COVER **
  POSSIBLE SUNSHINE  MM
  AVERAGE SKY COVER 0.6


WEATHER CONDITIONS
 THE FOLLOWING WEATHER WAS RECORDED YESTERDAY.
  LIGHT RAIN


RELATIVE HUMIDITY (PERCENT)
 HIGHEST    84          1200 AM
 LOWEST     22           400 PM
 AVERAGE    53

..........................................................


THE DENVER CO CLIMATE NORMALS FOR TODAY
                         NORMAL    RECORD    YEAR
 MAXIMUM TEMPERATURE (F)   86        98      1960
 MINIMUM TEMPERATURE (F)   57        40      1904


SUNRISE AND SUNSET
AUGUST 22 2014........SUNRISE   617 AM MDT   SUNSET   746 PM MDT
AUGUST 23 2014........SUNRISE   618 AM MDT   SUNSET   745 PM MDT


-  INDICATES NEGATIVE NUMBERS.
R  INDICATES RECORD WAS SET OR TIED.
MM INDICATES DATA IS MISSING.
T  INDICATES TRACE AMOUNT.

&&

** SUNSHINE DATA WILL NO LONGER BE AVAILABLE EFFECTIVE OCTOBER 1ST 2009.




$$
