000
CDUS45 KBOU 101226
CLIDEN


CLIMATE REPORT
NATIONAL WEATHER SERVICE DENVER CO
626 AM MDT THU JUL 10 2014


...................................

...THE DENVER CO CLIMATE SUMMARY FOR JULY 10 2014...
VALID AS OF 0600 AM LOCAL TIME.

CLIMATE NORMAL PERIOD 1981 TO 2010
CLIMATE RECORD PERIOD 1872 TO 2014


WEATHER ITEM   OBSERVED TIME   RECORD YEAR NORMAL DEPARTURE LAST
                VALUE   (LST)  VALUE       VALUE  FROM      YEAR
                                                  NORMAL
..................................................................
TEMPERATURE (F)
 TODAY
  MAXIMUM         71   1210 AM  99    1955  89    -18       93
  MINIMUM         63   1226 AM  45    1895  58      5       58
  AVERAGE         67                        74     -7       76

PRECIPITATION (IN)
  TODAY            0.00          2.35 1998   0.05  -0.05      T
  MONTH TO DATE    0.15                      0.56  -0.41     0.10
  SINCE JUN 1      1.97                      2.54  -0.57     0.85
  SINCE JAN 1      8.68                      8.07   0.61     6.09

..................................................................


WIND (MPH)
  HIGHEST WIND SPEED    15   HIGHEST WIND DIRECTION    SW (230)
  HIGHEST GUST SPEED    18   HIGHEST GUST DIRECTION    SW (220)
  AVERAGE WIND SPEED    11.5




RELATIVE HUMIDITY (PERCENT)
 HIGHEST    48           200 AM
 LOWEST     40          1200 AM
 AVERAGE    44

..........................................................


THE DENVER CO CLIMATE NORMALS FOR TOMORROW
                         NORMAL    RECORD    YEAR
 MAXIMUM TEMPERATURE (F)   89       102      1954
 MINIMUM TEMPERATURE (F)   59        49      1961
                                             1895


SUNRISE AND SUNSET
JULY 10 2014..........SUNRISE   539 AM MDT   SUNSET   829 PM MDT
JULY 11 2014..........SUNRISE   540 AM MDT   SUNSET   828 PM MDT


-  INDICATES NEGATIVE NUMBERS.
R  INDICATES RECORD WAS SET OR TIED.
MM INDICATES DATA IS MISSING.
T  INDICATES TRACE AMOUNT.




$$
