000
CDUS45 KBOU 010801
CLIDEN


CLIMATE REPORT
NATIONAL WEATHER SERVICE DENVER CO
158 AM MDT TUE SEP 1 2015


...................................

...THE DENVER CO CLIMATE SUMMARY FOR AUGUST 31 2015...

CLIMATE NORMAL PERIOD 1981 TO 2010
CLIMATE RECORD PERIOD 1872 TO 2015


WEATHER ITEM   OBSERVED TIME   RECORD YEAR NORMAL DEPARTURE LAST
                VALUE   (LST)  VALUE       VALUE  FROM      YEAR
                                                  NORMAL
..................................................................
TEMPERATURE (F)
 YESTERDAY
  MAXIMUM         88    210 PM  98    2011  84      4       78
                                      1960
  MINIMUM         60   1158 PM  43    1962  54      6       52
  AVERAGE         74                        69      5       65

PRECIPITATION (IN)
  YESTERDAY        0.12          0.65 1951   0.04   0.08     0.00
  MONTH TO DATE    1.18                      1.69  -0.51     2.73
  SINCE JUN 1      4.77                      5.83  -1.06     8.40
  SINCE JAN 1     13.60                     11.36   2.24    15.11

SNOWFALL (IN)
  YESTERDAY        0.0
  MONTH TO DATE      0
  SINCE JUN 1        0
  SINCE JUL 1        0
  SNOW DEPTH       0


DEGREE DAYS
 HEATING
  YESTERDAY        0                         1     -1        0
  MONTH TO DATE   13                         5      8        2
  SINCE JUN 1     29                        78    -49       37
  SINCE JUL 1     18                        16      2        7

 COOLING
  YESTERDAY        9                         5      4        0
  MONTH TO DATE  304                       244     60      182
  SINCE JUN 1    709                       666     43      592
  SINCE JAN 1    713                       688     25      613
..................................................................


WIND (MPH)
  HIGHEST WIND SPEED    38   HIGHEST WIND DIRECTION     W (260)
  HIGHEST GUST SPEED    46   HIGHEST GUST DIRECTION     W (270)
  AVERAGE WIND SPEED     7.0


SKY COVER **
  POSSIBLE SUNSHINE  MM
  AVERAGE SKY COVER 0.7


WEATHER CONDITIONS
 THE FOLLOWING WEATHER WAS RECORDED YESTERDAY.
  THUNDERSTORM
  RAIN
  LIGHT RAIN


RELATIVE HUMIDITY (PERCENT)
 HIGHEST    78           900 PM
 LOWEST     21           100 PM
 AVERAGE    50

..........................................................


THE DENVER CO CLIMATE NORMALS FOR TODAY
                         NORMAL    RECORD    YEAR
 MAXIMUM TEMPERATURE (F)   84        97      1995
 MINIMUM TEMPERATURE (F)   54        44      1962


SUNRISE AND SUNSET
SEPTEMBER  1 2015.....SUNRISE   626 AM MST   SUNSET   732 PM MST
SEPTEMBER  2 2015.....SUNRISE   627 AM MST   SUNSET   730 PM MST


-  INDICATES NEGATIVE NUMBERS.
R  INDICATES RECORD WAS SET OR TIED.
MM INDICATES DATA IS MISSING.
T  INDICATES TRACE AMOUNT.

&&

** SUNSHINE DATA WILL NO LONGER BE AVAILABLE EFFECTIVE OCTOBER 1ST 2009.




$$
