000
CDUS45 KBOU 300757
CLIDEN


CLIMATE REPORT
NATIONAL WEATHER SERVICE DENVER CO
156 AM MDT MON MAR 30 2015


...................................

...THE DENVER CO CLIMATE SUMMARY FOR MARCH 29 2015...

CLIMATE NORMAL PERIOD 1981 TO 2010
CLIMATE RECORD PERIOD 1872 TO 2015


WEATHER ITEM   OBSERVED TIME   RECORD YEAR NORMAL DEPARTURE LAST
                VALUE   (LST)  VALUE       VALUE  FROM      YEAR
                                                  NORMAL
..................................................................
TEMPERATURE (F)
 YESTERDAY
  MAXIMUM         62    459 PM  79    1967  58      4       67
                                      1943
                                      1879
  MINIMUM         35    413 AM   2    1886  30      5       28
  AVERAGE         49                        44      5       48

PRECIPITATION (IN)
  YESTERDAY        0.00          0.91 1891   0.04  -0.04     0.00
  MONTH TO DATE    0.79                      0.84  -0.05     0.83
  SINCE MAR 1      0.79                      0.84  -0.05     0.83
  SINCE JAN 1      2.42                      1.62   0.80     1.96

SNOWFALL (IN)
  YESTERDAY        0.0
  MONTH TO DATE    2.9
  SINCE MAR 1      2.9
  SINCE JUL 1     48.5
  SNOW DEPTH       0


DEGREE DAYS
 HEATING
  YESTERDAY       16                        21     -5       17
  MONTH TO DATE  593                       720   -127      710
  SINCE MAR 1    593                       720   -127      710
  SINCE JUL 1   4706                      5159   -453     5229

 COOLING
  YESTERDAY        0                         0      0        0
  MONTH TO DATE    0                         0      0        0
  SINCE MAR 1      0                         0      0        0
  SINCE JAN 1      0                         0      0        0
..................................................................


WIND (MPH)
  HIGHEST WIND SPEED    23   HIGHEST WIND DIRECTION    NE (40)
  HIGHEST GUST SPEED    28   HIGHEST GUST DIRECTION    NE (40)
  AVERAGE WIND SPEED    11.1


SKY COVER **
  POSSIBLE SUNSHINE  MM
  AVERAGE SKY COVER 0.2


WEATHER CONDITIONS
 THE FOLLOWING WEATHER WAS RECORDED YESTERDAY.
  NO SIGNIFICANT WEATHER WAS OBSERVED.


RELATIVE HUMIDITY (PERCENT)
 HIGHEST    75           500 AM
 LOWEST     25           300 PM
 AVERAGE    50

..........................................................


THE DENVER CO CLIMATE NORMALS FOR TODAY
                         NORMAL    RECORD    YEAR
 MAXIMUM TEMPERATURE (F)   58        82      2010
 MINIMUM TEMPERATURE (F)   30        10      1987


SUNRISE AND SUNSET
MARCH 30 2015.........SUNRISE   646 AM MST   SUNSET   720 PM MST
MARCH 31 2015.........SUNRISE   645 AM MST   SUNSET   721 PM MST


-  INDICATES NEGATIVE NUMBERS.
R  INDICATES RECORD WAS SET OR TIED.
MM INDICATES DATA IS MISSING.
T  INDICATES TRACE AMOUNT.

&&

** SUNSHINE DATA WILL NO LONGER BE AVAILABLE EFFECTIVE OCTOBER 1ST 2009.




$$
