000
CDUS44 KSHV 260843
CLIDEQ


CLIMATE REPORT
NATIONAL WEATHER SERVICE SHREVEPORT, LA
243 AM CST SUN FEB 26 2017


...................................

...THE DE QUEEN CLIMATE SUMMARY FOR FEBRUARY 25 2017...

CLIMATE NORMAL PERIOD 1981 TO 2010
CLIMATE RECORD PERIOD 1902 TO 2017


WEATHER ITEM   OBSERVED TIME   RECORD YEAR NORMAL DEPARTURE LAST
                VALUE   (LST)  VALUE       VALUE  FROM      YEAR
                                                  NORMAL
..................................................................
TEMPERATURE (F)
 YESTERDAY
  MAXIMUM         55    439 PM  81    1977  61     -6       55
  MINIMUM         29    700 AM  14    1967  35     -6       28
  AVERAGE         42                        48     -6       42

PRECIPITATION (IN)
  YESTERDAY        0.00          2.53 1993   0.10  -0.10     0.00
  MONTH TO DATE    1.09                      3.39  -2.30     1.38
  SINCE DEC 1      6.41                     11.07  -4.66    12.53
  SINCE JAN 1      3.70                      6.71  -3.01     2.25

SNOWFALL (IN)
  YESTERDAY        0.0
  MONTH TO DATE    0.0
  SINCE DEC 1      0.3
  SINCE JUL 1      0.3
  SNOW DEPTH       0

DEGREE DAYS
 HEATING
  YESTERDAY       23                        17      6       23
  MONTH TO DATE  287                       506   -219      415
  SINCE DEC 1   1424                      1916   -492     1549
  SINCE JUL 1   1738                      2442   -704     1890

 COOLING
  YESTERDAY        0                         0      0        0
  MONTH TO DATE    4                         0      4        0
  SINCE DEC 1      9                         1      8        3
  SINCE JAN 1      7                         1      6        0
..................................................................


WIND (MPH)
  HIGHEST WIND SPEED    10   HIGHEST WIND DIRECTION    NW (330)
  HIGHEST GUST SPEED    17   HIGHEST GUST DIRECTION    NW (330)
  AVERAGE WIND SPEED     2.8


SKY COVER
  POSSIBLE SUNSHINE  MM
  AVERAGE SKY COVER 0.0


WEATHER CONDITIONS
 THE FOLLOWING WEATHER WAS RECORDED YESTERDAY.
  NO SIGNIFICANT WEATHER WAS OBSERVED.


RELATIVE HUMIDITY (PERCENT)
 HIGHEST    96          1000 PM
 LOWEST     22           300 PM
 AVERAGE    59

..........................................................


THE DE QUEEN CLIMATE NORMALS FOR TODAY
                         NORMAL    RECORD    YEAR
 MAXIMUM TEMPERATURE (F)   61        79      1976
 MINIMUM TEMPERATURE (F)   35        18      1960


SUNRISE AND SUNSET
FEBRUARY 26 2017......SUNRISE   650 AM CST   SUNSET   612 PM CST
FEBRUARY 27 2017......SUNRISE   648 AM CST   SUNSET   613 PM CST


-  INDICATES NEGATIVE NUMBERS.
R  INDICATES RECORD WAS SET OR TIED.
MM INDICATES DATA IS MISSING.
T  INDICATES TRACE AMOUNT.




$$
