000
CDUS44 KSHV 250851
CLIDEQ


CLIMATE REPORT
NATIONAL WEATHER SERVICE SHREVEPORT, LA
251 AM CST SUN FEB 25 2018


...................................

...THE DE QUEEN CLIMATE SUMMARY FOR FEBRUARY 24 2018...

CLIMATE NORMAL PERIOD 1981 TO 2010
CLIMATE RECORD PERIOD 1902 TO 2018


WEATHER ITEM   OBSERVED TIME   RECORD YEAR NORMAL DEPARTURE LAST
                VALUE   (LST)  VALUE       VALUE  FROM      YEAR
                                                  NORMAL
..................................................................
TEMPERATURE (F)
 YESTERDAY
  MAXIMUM         72    120 PM  83    1996  61     11       67
  MINIMUM         44   1159 PM  19    1965  35      9       43
  AVERAGE         58                        48     10       55

PRECIPITATION (IN)
  YESTERDAY        0.72          2.84 1949   0.11   0.61     0.00
  MONTH TO DATE    9.62                      3.29   6.33     1.09
  SINCE DEC 1     17.10                     10.97   6.13     6.41
  SINCE JAN 1     11.85                      6.61   5.24     3.70

SNOWFALL (IN)
  YESTERDAY       MM
  MONTH TO DATE    T
  SINCE DEC 1      0.1
  SINCE JUL 1      0.1
  SNOW DEPTH       0

DEGREE DAYS
 HEATING
  YESTERDAY        7                        17    -10       10
  MONTH TO DATE  430                       489    -59      264
  SINCE DEC 1   1867                      1899    -32     1401
  SINCE JUL 1   2330                      2425    -95     1715

 COOLING
  YESTERDAY        0                         0      0        0
  MONTH TO DATE    1                         0      1        4
  SINCE DEC 1      2                         1      1        9
  SINCE JAN 1      1                         1      0        7
..................................................................


WIND (MPH)
  HIGHEST WIND SPEED    39   HIGHEST WIND DIRECTION     W (270)
  HIGHEST GUST SPEED    48   HIGHEST GUST DIRECTION     W (260)
  AVERAGE WIND SPEED     6.7


SKY COVER
  POSSIBLE SUNSHINE  MM
  AVERAGE SKY COVER 0.8


WEATHER CONDITIONS
 THE FOLLOWING WEATHER WAS RECORDED YESTERDAY.
  THUNDERSTORM
  HEAVY RAIN
  RAIN
  LIGHT RAIN
  FOG
  FOG W/VISIBILITY <= 1/4 MILE


RELATIVE HUMIDITY (PERCENT)
 HIGHEST   100          1200 AM
 LOWEST     84           100 PM
 AVERAGE    92

..........................................................


THE DE QUEEN CLIMATE NORMALS FOR TODAY
                         NORMAL    RECORD    YEAR
 MAXIMUM TEMPERATURE (F)   61        81      1977
 MINIMUM TEMPERATURE (F)   35        14      1967


SUNRISE AND SUNSET
FEBRUARY 25 2018......SUNRISE   651 AM CST   SUNSET   611 PM CST
FEBRUARY 26 2018......SUNRISE   650 AM CST   SUNSET   611 PM CST


-  INDICATES NEGATIVE NUMBERS.
R  INDICATES RECORD WAS SET OR TIED.
MM INDICATES DATA IS MISSING.
T  INDICATES TRACE AMOUNT.




$$
