000
CDUS44 KSHV 180028
CLIDEQ


CLIMATE REPORT
NATIONAL WEATHER SERVICE SHREVEPORT, LA
451 PM CST WED DEC 17 2014


...................................

...THE DE QUEEN CLIMATE SUMMARY FOR DECEMBER 17 2014...
VALID TODAY AS OF 0400 PM LOCAL TIME.

CLIMATE NORMAL PERIOD 1981 TO 2010
CLIMATE RECORD PERIOD 1902 TO 2014


WEATHER ITEM   OBSERVED TIME   RECORD YEAR NORMAL DEPARTURE LAST
                VALUE   (LST)  VALUE       VALUE  FROM      YEAR
                                                  NORMAL
..................................................................
TEMPERATURE (F)
 TODAY
  MAXIMUM         40    359 PM  76    2006  55    -15       68
                                      1977
  MINIMUM         29    141 AM  14    1989  30     -1       27
  AVERAGE         35                        42     -7       48

PRECIPITATION (IN)
  TODAY            T             2.41 1995   0.13  -0.13     0.00
  MONTH TO DATE    1.49                      2.09  -0.60     0.80
  SINCE DEC 1      1.49                      2.09  -0.60     0.80
  SINCE JAN 1     42.23                     46.72  -4.49    33.59

SNOWFALL (IN)
  TODAY           MM
  MONTH TO DATE    0.0
  SINCE DEC 1      0.0
  SINCE JUL 1      0.5
  SNOW DEPTH       0

DEGREE DAYS
 HEATING
  TODAY           30                        23      7       17
  MONTH TO DATE  292                       360    -68      398
  SINCE DEC 1    292                       360    -68      398
  SINCE JUL 1    914                       886     28     1011

 COOLING
  TODAY            0                         0      0        0
  MONTH TO DATE    0                         0      0        0
  SINCE DEC 1      0                         0      0        0
  SINCE JAN 1   1712                      1941   -229     2029
..................................................................


WIND (MPH)
  HIGHEST WIND SPEED    13   HIGHEST WIND DIRECTION     E (90)
  HIGHEST GUST SPEED    16   HIGHEST GUST DIRECTION     E (90)
  AVERAGE WIND SPEED     2.9


SKY COVER
  POSSIBLE SUNSHINE  MM
  AVERAGE SKY COVER 0.6


WEATHER CONDITIONS
 THE FOLLOWING WEATHER WAS RECORDED TODAY.
  FOG
  FOG W/VISIBILITY <= 1/4 MILE


RELATIVE HUMIDITY (PERCENT)
 HIGHEST   100          1200 AM
 LOWEST     76           200 PM
 AVERAGE    88

..........................................................


THE DE QUEEN CLIMATE NORMALS FOR TOMORROW
                         NORMAL    RECORD    YEAR
 MAXIMUM TEMPERATURE (F)   55        76      1957
 MINIMUM TEMPERATURE (F)   30        11      1964


SUNRISE AND SUNSET
DECEMBER 17 2014......SUNRISE   717 AM CST   SUNSET   511 PM CST
DECEMBER 18 2014......SUNRISE   718 AM CST   SUNSET   511 PM CST


-  INDICATES NEGATIVE NUMBERS.
R  INDICATES RECORD WAS SET OR TIED.
MM INDICATES DATA IS MISSING.
T  INDICATES TRACE AMOUNT.




$$
