000
CDUS44 KSHV 252143
CLIDEQ


CLIMATE REPORT
NATIONAL WEATHER SERVICE SHREVEPORT, LA
441 PM CDT MON JUL 25 2016


...................................

...THE DE QUEEN CLIMATE SUMMARY FOR JULY 25 2016...
VALID TODAY AS OF 0400 PM LOCAL TIME.

CLIMATE NORMAL PERIOD 1981 TO 2010
CLIMATE RECORD PERIOD 1902 TO 2016


WEATHER ITEM   OBSERVED TIME   RECORD YEAR NORMAL DEPARTURE LAST
                VALUE   (LST)  VALUE       VALUE  FROM      YEAR
                                                  NORMAL
..................................................................
TEMPERATURE (F)
 TODAY
  MAXIMUM         98    149 PM 103    1998  93      5       98
  MINIMUM         73    557 AM  60    2000  70      3       72
  AVERAGE         86                        81      5       85

PRECIPITATION (IN)
  TODAY           MM             1.45 1957   0.08  MM         T
  MONTH TO DATE    0.60                      3.17  -2.57     2.69
  SINCE DEC 1     33.23                     33.17   0.06    37.52
  SINCE JAN 1     22.95                     28.81  -5.86    35.80

DEGREE DAYS
 HEATING
  TODAY            0                         0      0        0
  MONTH TO DATE    0                         0      0        0
  SINCE JUN 1      0                         0      0        0
  SINCE JUL 1      0                         0      0        0

 COOLING
  TODAY           21                        16      5       20
  MONTH TO DATE  477                       399     78      425
  SINCE JUN 1    919                       777    142      858
  SINCE JAN 1   1116                       994    122     1092
..................................................................


WIND (MPH)
  HIGHEST WIND SPEED    20   HIGHEST WIND DIRECTION    NE (50)
  HIGHEST GUST SPEED    29   HIGHEST GUST DIRECTION    NE (60)
  AVERAGE WIND SPEED     1.0


SKY COVER
  POSSIBLE SUNSHINE  MM
  AVERAGE SKY COVER 0.2


WEATHER CONDITIONS
 THE FOLLOWING WEATHER WAS RECORDED TODAY.
  THUNDERSTORM
  LIGHT RAIN
  FOG
  FOG W/VISIBILITY <= 1/4 MILE


RELATIVE HUMIDITY (PERCENT)
 HIGHEST   100          1200 AM
 LOWEST     49           100 PM
 AVERAGE    75

..........................................................


THE DE QUEEN CLIMATE NORMALS FOR TOMORROW
                         NORMAL    RECORD    YEAR
 MAXIMUM TEMPERATURE (F)   93       103      1998
 MINIMUM TEMPERATURE (F)   70        61      2000


SUNRISE AND SUNSET
JULY 25 2016..........SUNRISE   624 AM CDT   SUNSET   823 PM CDT
JULY 26 2016..........SUNRISE   625 AM CDT   SUNSET   823 PM CDT


-  INDICATES NEGATIVE NUMBERS.
R  INDICATES RECORD WAS SET OR TIED.
MM INDICATES DATA IS MISSING.
T  INDICATES TRACE AMOUNT.




$$
