000
CDUS44 KSHV 300734
CLIDEQ


CLIMATE REPORT
NATIONAL WEATHER SERVICE SHREVEPORT, LA
233 AM CDT MON MAR 30 2015


...................................

...THE DE QUEEN CLIMATE SUMMARY FOR MARCH 29 2015...

CLIMATE NORMAL PERIOD 1981 TO 2010
CLIMATE RECORD PERIOD 1902 TO 2015


WEATHER ITEM   OBSERVED TIME   RECORD YEAR NORMAL DEPARTURE LAST
                VALUE   (LST)  VALUE       VALUE  FROM      YEAR
                                                  NORMAL
..................................................................
TEMPERATURE (F)
 YESTERDAY
  MAXIMUM         82    444 PM  89    1967  69     13       71
  MINIMUM         39    619 AM  27    1955  43     -4       40
  AVERAGE         61                        56      5       56

PRECIPITATION (IN)
  YESTERDAY        0.00          2.01 1945   0.19  -0.19     0.00
  MONTH TO DATE    5.66                      4.25   1.41     3.10
  SINCE DEC 1     15.29                     15.61  -0.32     6.97
  SINCE JAN 1     13.57                     11.25   2.32     5.04

SNOWFALL (IN)
  YESTERDAY        0.0
  MONTH TO DATE    2.6
  SINCE MAR 1      2.6
  SINCE JUL 1      7.9
  SNOW DEPTH       0

DEGREE DAYS
 HEATING
  YESTERDAY        4                         9     -5        9
  MONTH TO DATE  346                       358    -12      441
  SINCE MAR 1    346                       358    -12      441
  SINCE JUL 1   2998                      2849    149     3213

 COOLING
  YESTERDAY        0                         1     -1        0
  MONTH TO DATE    2                         1      1        1
  SINCE MAR 1      2                         1      1        1
  SINCE JAN 1      2                         3     -1        1
..................................................................


WIND (MPH)
  HIGHEST WIND SPEED    14   HIGHEST WIND DIRECTION    SW (240)
  HIGHEST GUST SPEED    18   HIGHEST GUST DIRECTION    SW (220)
  AVERAGE WIND SPEED     6.2


SKY COVER
  POSSIBLE SUNSHINE  MM
  AVERAGE SKY COVER 0.1


WEATHER CONDITIONS
 THE FOLLOWING WEATHER WAS RECORDED YESTERDAY.
  NO SIGNIFICANT WEATHER WAS OBSERVED.


RELATIVE HUMIDITY (PERCENT)
 HIGHEST    79           500 AM
 LOWEST     36           400 PM
 AVERAGE    58

..........................................................


THE DE QUEEN CLIMATE NORMALS FOR TODAY
                         NORMAL    RECORD    YEAR
 MAXIMUM TEMPERATURE (F)   70        93      1946
 MINIMUM TEMPERATURE (F)   43        27      2003


SUNRISE AND SUNSET
MARCH 30 2015.........SUNRISE   708 AM CDT   SUNSET   737 PM CDT
MARCH 31 2015.........SUNRISE   707 AM CDT   SUNSET   738 PM CDT


-  INDICATES NEGATIVE NUMBERS.
R  INDICATES RECORD WAS SET OR TIED.
MM INDICATES DATA IS MISSING.
T  INDICATES TRACE AMOUNT.




$$
