000
CDUS44 KSHV 270739
CLIDEQ


CLIMATE REPORT
NATIONAL WEATHER SERVICE SHREVEPORT, LA
239 AM CDT FRI MAY 27 2016


...................................

...THE DE QUEEN CLIMATE SUMMARY FOR MAY 26 2016...

CLIMATE NORMAL PERIOD 1981 TO 2010
CLIMATE RECORD PERIOD 1902 TO 2016


WEATHER ITEM   OBSERVED TIME   RECORD YEAR NORMAL DEPARTURE LAST
                VALUE   (LST)  VALUE       VALUE  FROM      YEAR
                                                  NORMAL
..................................................................
TEMPERATURE (F)
 YESTERDAY
  MAXIMUM         81   1110 AM  92    1996  83     -2       84
  MINIMUM         70    313 PM  45    1988  62      8       70
  AVERAGE         76                        72      4       77

PRECIPITATION (IN)
  YESTERDAY        0.04          4.20 1968   0.12  -0.08     0.00
  MONTH TO DATE    1.31                      4.88  -3.57    11.79
  SINCE DEC 1     28.79                     24.81   3.98    29.73
  SINCE JAN 1     18.51                     20.45  -1.94    28.01

SNOWFALL (IN)
  YESTERDAY        0.0
  MONTH TO DATE    0.0
  SINCE MAR 1      0.0
  SINCE JUL 1      0.0
  SNOW DEPTH       0

DEGREE DAYS
 HEATING
  YESTERDAY        0                         0      0        0
  MONTH TO DATE   27                        21      6       10
  SINCE MAR 1    370                       551   -181      455
  SINCE JUL 1   2322                      3042   -720     3107

 COOLING
  YESTERDAY       11                         8      3       12
  MONTH TO DATE  104                       129    -25      144
  SINCE MAR 1    154                       174    -20      192
  SINCE JAN 1    154                       176    -22      192
..................................................................


WIND (MPH)
  HIGHEST WIND SPEED    18   HIGHEST WIND DIRECTION     S (170)
  HIGHEST GUST SPEED    27   HIGHEST GUST DIRECTION     S (170)
  AVERAGE WIND SPEED     5.3


SKY COVER
  POSSIBLE SUNSHINE  MM
  AVERAGE SKY COVER 0.8


WEATHER CONDITIONS
 THE FOLLOWING WEATHER WAS RECORDED YESTERDAY.
  THUNDERSTORM
  LIGHT RAIN
  FOG


RELATIVE HUMIDITY (PERCENT)
 HIGHEST   100           100 PM
 LOWEST     79           100 AM
 AVERAGE    90

..........................................................


THE DE QUEEN CLIMATE NORMALS FOR TODAY
                         NORMAL    RECORD    YEAR
 MAXIMUM TEMPERATURE (F)   84        93      2012
 MINIMUM TEMPERATURE (F)   62         0      2004


SUNRISE AND SUNSET
MAY 27 2016...........SUNRISE   609 AM CDT   SUNSET   821 PM CDT
MAY 28 2016...........SUNRISE   608 AM CDT   SUNSET   822 PM CDT


-  INDICATES NEGATIVE NUMBERS.
R  INDICATES RECORD WAS SET OR TIED.
MM INDICATES DATA IS MISSING.
T  INDICATES TRACE AMOUNT.




$$
