000
CDUS44 KSHV 140844
CLIDEQ


CLIMATE REPORT
NATIONAL WEATHER SERVICE SHREVEPORT, LA
344 AM CDT MON JUL 14 2014


...................................

...THE DE QUEEN CLIMATE SUMMARY FOR JULY 13 2014...

CLIMATE NORMAL PERIOD 1981 TO 2010
CLIMATE RECORD PERIOD 1902 TO 2014


WEATHER ITEM   OBSERVED TIME   RECORD YEAR NORMAL DEPARTURE LAST
                VALUE   (LST)  VALUE       VALUE  FROM      YEAR
                                                  NORMAL
..................................................................
TEMPERATURE (F)
 YESTERDAY
  MAXIMUM         96    244 PM 106    1954  92      4       91
  MINIMUM         69    547 AM  57    1975  70     -1       61
  AVERAGE         83                        81      2       76

PRECIPITATION (IN)
  YESTERDAY        0.00          1.83 1979   0.13  -0.13     0.00
  MONTH TO DATE    1.36                      1.81  -0.45     0.11
  SINCE DEC 1     19.70                     31.81 -12.11    18.12
  SINCE JAN 1     17.77                     27.45  -9.68    14.07

SNOWFALL (IN)
  YESTERDAY        0.0
  MONTH TO DATE    0.0
  SINCE JUN 1      0.0
  SINCE JUL 1      0.0
  SNOW DEPTH       0

DEGREE DAYS
 HEATING
  YESTERDAY        0                         0      0        0
  MONTH TO DATE    0                         0      0        0
  SINCE JUN 1      0                         0      0        0
  SINCE JUL 1      0                         0      0        0

 COOLING
  YESTERDAY       18                        16      2       11
  MONTH TO DATE  186                       207    -21      176
  SINCE JUN 1    508                       585    -77      564
  SINCE JAN 1    715                       802    -87      796
..................................................................


WIND (MPH)
  HIGHEST WIND SPEED    12   HIGHEST WIND DIRECTION     W (270)
  HIGHEST GUST SPEED    13   HIGHEST GUST DIRECTION     W (280)
  AVERAGE WIND SPEED     2.4


SKY COVER
  POSSIBLE SUNSHINE  MM
  AVERAGE SKY COVER 0.1


WEATHER CONDITIONS
 THE FOLLOWING WEATHER WAS RECORDED YESTERDAY.
  FOG
  FOG W/VISIBILITY <= 1/4 MILE


RELATIVE HUMIDITY (PERCENT)
 HIGHEST   100           100 AM
 LOWEST     46           300 PM
 AVERAGE    73

..........................................................


THE DE QUEEN CLIMATE NORMALS FOR TODAY
                         NORMAL    RECORD    YEAR
 MAXIMUM TEMPERATURE (F)   92       104      1956
 MINIMUM TEMPERATURE (F)   70        57      1967


SUNRISE AND SUNSET
JULY 14 2014..........SUNRISE   617 AM CDT   SUNSET   830 PM CDT
JULY 15 2014..........SUNRISE   617 AM CDT   SUNSET   830 PM CDT


-  INDICATES NEGATIVE NUMBERS.
R  INDICATES RECORD WAS SET OR TIED.
MM INDICATES DATA IS MISSING.
T  INDICATES TRACE AMOUNT.




$$
