000
CDUS44 KSHV 252202
CLIDEQ


CLIMATE REPORT
NATIONAL WEATHER SERVICE SHREVEPORT, LA
501 PM CDT MON SEP 25 2017


...................................

...THE DE QUEEN CLIMATE SUMMARY FOR SEPTEMBER 25 2017...
VALID TODAY AS OF 0500 PM LOCAL TIME.

CLIMATE NORMAL PERIOD 1981 TO 2010
CLIMATE RECORD PERIOD 1902 TO 2017


WEATHER ITEM   OBSERVED TIME   RECORD YEAR NORMAL DEPARTURE LAST
                VALUE   (LST)  VALUE       VALUE  FROM      YEAR
                                                  NORMAL
..................................................................
TEMPERATURE (F)
 TODAY
  MAXIMUM         90    256 PM  98    1954  83      7       91
  MINIMUM         63    636 AM  39    1989  57      6       68
  AVERAGE         77                        70      7       80

PRECIPITATION (IN)
  TODAY            0.00          3.04 1974   0.13  -0.13     0.00
  MONTH TO DATE    0.01                      3.03  -3.02     2.26
  SINCE DEC 1     35.96                     38.98  -3.02    40.27
  SINCE JAN 1     33.25                     34.62  -1.37    29.99

DEGREE DAYS
 HEATING
  TODAY            0                         1     -1        0
  MONTH TO DATE    0                         2     -2        0
  SINCE SEP 1      0                         2     -2        0
  SINCE JUL 1      0                         2     -2        0

 COOLING
  TODAY           12                         6      6       15
  MONTH TO DATE  239                       250    -11      334
  SINCE SEP 1    239                       250    -11      334
  SINCE JAN 1   1873                      1842     31     2071
..................................................................


WIND (MPH)
  HIGHEST WIND SPEED    13   HIGHEST WIND DIRECTION    SE (120)
  HIGHEST GUST SPEED    17   HIGHEST GUST DIRECTION     E (110)
  AVERAGE WIND SPEED     3.2


SKY COVER
  POSSIBLE SUNSHINE  MM
  AVERAGE SKY COVER 0.2


WEATHER CONDITIONS
 THE FOLLOWING WEATHER WAS RECORDED TODAY.
  FOG
  FOG W/VISIBILITY <= 1/4 MILE


RELATIVE HUMIDITY (PERCENT)
 HIGHEST   100           100 AM
 LOWEST     44           300 PM
 AVERAGE    72

..........................................................


THE DE QUEEN CLIMATE NORMALS FOR TOMORROW
                         NORMAL    RECORD    YEAR
 MAXIMUM TEMPERATURE (F)   82       100      1954
 MINIMUM TEMPERATURE (F)   57        39      1989


SUNRISE AND SUNSET
SEPTEMBER 25 2017.....SUNRISE   708 AM CDT   SUNSET   710 PM CDT
SEPTEMBER 26 2017.....SUNRISE   709 AM CDT   SUNSET   708 PM CDT


-  INDICATES NEGATIVE NUMBERS.
R  INDICATES RECORD WAS SET OR TIED.
MM INDICATES DATA IS MISSING.
T  INDICATES TRACE AMOUNT.




$$
