000
CDUS44 KSHV 060947
CLIDEQ


CLIMATE REPORT
NATIONAL WEATHER SERVICE SHREVEPORT, LA
250 AM CST TUE DEC 6 2016


...................................

...THE DE QUEEN CLIMATE SUMMARY FOR DECEMBER 5 2016...

CLIMATE NORMAL PERIOD 1981 TO 2010
CLIMATE RECORD PERIOD 1902 TO 2016


WEATHER ITEM   OBSERVED TIME   RECORD YEAR NORMAL DEPARTURE LAST
                VALUE   (LST)  VALUE       VALUE  FROM      YEAR
                                                  NORMAL
..................................................................
TEMPERATURE (F)
 YESTERDAY
  MAXIMUM         51    312 PM  82    1956  57     -6       59
  MINIMUM         41    130 AM  19    2009  32      9       29
  AVERAGE         46                        45      1       44

PRECIPITATION (IN)
  YESTERDAY        T             2.97 1944   0.12  -0.12     0.00
  MONTH TO DATE    0.87                      0.61   0.26     0.00
  SINCE DEC 1      0.87                      0.61   0.26     0.00
  SINCE JAN 1     35.70                     45.24  -9.54    50.05

SNOWFALL (IN)
  YESTERDAY       MM
  MONTH TO DATE    0.0
  SINCE DEC 1      0.0
  SINCE JUL 1      0.0
  SNOW DEPTH       0

DEGREE DAYS
 HEATING
  YESTERDAY       19                        20     -1       21
  MONTH TO DATE   89                        99    -10      108
  SINCE DEC 1     89                        99    -10      108
  SINCE JUL 1    403                       625   -222      449

 COOLING
  YESTERDAY        0                         0      0        0
  MONTH TO DATE    0                         0      0        0
  SINCE DEC 1      0                         0      0        0
  SINCE JAN 1   2239                      1941    298     2149
..................................................................


WIND (MPH)
  HIGHEST WIND SPEED    13   HIGHEST WIND DIRECTION     E (90)
  HIGHEST GUST SPEED    16   HIGHEST GUST DIRECTION     E (80)
  AVERAGE WIND SPEED     4.1


SKY COVER
  POSSIBLE SUNSHINE  MM
  AVERAGE SKY COVER 0.7


WEATHER CONDITIONS
 THE FOLLOWING WEATHER WAS RECORDED YESTERDAY.
  LIGHT RAIN
  FOG


RELATIVE HUMIDITY (PERCENT)
 HIGHEST   100          1200 AM
 LOWEST     71           300 PM
 AVERAGE    86

..........................................................


THE DE QUEEN CLIMATE NORMALS FOR TODAY
                         NORMAL    RECORD    YEAR
 MAXIMUM TEMPERATURE (F)   57        79      1998
 MINIMUM TEMPERATURE (F)   32        14      1950


SUNRISE AND SUNSET
DECEMBER  6 2016......SUNRISE   710 AM CST   SUNSET   508 PM CST
DECEMBER  7 2016......SUNRISE   710 AM CST   SUNSET   508 PM CST


-  INDICATES NEGATIVE NUMBERS.
R  INDICATES RECORD WAS SET OR TIED.
MM INDICATES DATA IS MISSING.
T  INDICATES TRACE AMOUNT.




$$
