000
CDUS46 KOTX 240822
CLIDEW


CLIMATE REPORT
NATIONAL WEATHER SERVICE SPOKANE, WA
121 AM PDT SUN JUL 24 2016


...................................

...THE DEER_PARK WA AIRPORT CLIMATE SUMMARY FOR JULY 23 2016...

CLIMATE NORMAL PERIOD 1981 TO 2010
CLIMATE RECORD PERIOD 9999 TO 9999


WEATHER ITEM   OBSERVED TIME   RECORD YEAR NORMAL DEPARTURE LAST
                VALUE   (LST)  VALUE       VALUE  FROM      YEAR
                                                  NORMAL
..................................................................
TEMPERATURE (F)
 YESTERDAY
  MAXIMUM         77    322 PM  MM      MM  85     -8       85
  MINIMUM         47    212 AM  MM      MM  48     -1       42
  AVERAGE         62                        67     -5       64

PRECIPITATION (IN)
  YESTERDAY        0.00         MM      MM   0.02  -0.02     0.00
  MONTH TO DATE    1.54                      0.79   0.75     0.15
  SINCE OCT 1     22.57                     20.31   2.26    16.62
  SINCE JAN 1     13.58                     12.49   1.09    10.23

SNOWFALL (IN)
  YESTERDAY       MM

DEGREE DAYS
 HEATING
  YESTERDAY        3                         1      2        1
  MONTH TO DATE   82                        56     26        2
  SINCE JUN 1    253                       256     -3       80
  SINCE JUL 1     82                        56     26        2

 COOLING
  YESTERDAY        0                         3     -3        0
  MONTH TO DATE   16                        51    -35      139
  SINCE JUN 1     63                        68     -5      242
  SINCE JAN 1     63                        71     -8      253
..................................................................


WIND (MPH)
  HIGHEST WIND SPEED    10   HIGHEST WIND DIRECTION    SE (140)
  HIGHEST GUST SPEED    16   HIGHEST GUST DIRECTION     E (100)
  AVERAGE WIND SPEED     3.4


SKY COVER
  POSSIBLE SUNSHINE  MM
  AVERAGE SKY COVER 0.3


WEATHER CONDITIONS
 THE FOLLOWING WEATHER WAS RECORDED YESTERDAY.
  FOG
  FOG W/VISIBILITY <= 1/4 MILE


RELATIVE HUMIDITY (PERCENT)
 HIGHEST    96           400 AM
 LOWEST     27           600 PM
 AVERAGE    62

..........................................................


THE DEER_PARK WA AIRPORT CLIMATE NORMALS FOR TODAY
                         NORMAL    RECORD    YEAR
 MAXIMUM TEMPERATURE (F)   85        MM        MM
 MINIMUM TEMPERATURE (F)   48        MM        MM


SUNRISE AND SUNSET
JULY 24 2016..........SUNRISE   517 AM PDT   SUNSET   835 PM PDT
JULY 25 2016..........SUNRISE   518 AM PDT   SUNSET   834 PM PDT


-  INDICATES NEGATIVE NUMBERS.
R  INDICATES RECORD WAS SET OR TIED.
MM INDICATES DATA IS MISSING.
T  INDICATES TRACE AMOUNT.




$$
