000
CDUS44 KFWD 190645
CLIDFW

FTWCLIDFW 000
TTAA00 KFWD 190643
CLIMATE REPORT
NATIONAL WEATHER SERVICE FORT WORTH TX
1245 AM CST FRI DEC 19 2014

...................................

...THE DALLAS FORT WORTH CLIMATE SUMMARY FOR DECEMBER 18 2014...

CLIMATE NORMAL PERIOD 1981 TO 2010
CLIMATE RECORD PERIOD 1898 TO 2014


WEATHER ITEM   OBSERVED TIME   RECORD YEAR NORMAL DEPARTURE LAST
                VALUE   (LST)  VALUE       VALUE  FROM      YEAR
                                                  NORMAL
..................................................................
TEMPERATURE (F)
 YESTERDAY
  MAXIMUM         49    410 PM  81    1980  56     -7       70
                                      1977
  MINIMUM         41   1230 AM  15    1964  36      5       38
  AVERAGE         45                        46     -1       54

PRECIPITATION (IN)
  YESTERDAY        0.01          1.65 1898   0.08  -0.07     0.00
  MONTH TO DATE    0.52                      1.52  -1.00     1.26
  SINCE DEC 1      0.52                      1.52  -1.00     1.26
  SINCE JAN 1     20.71                     35.11 -14.40    27.90

SNOWFALL (IN)
  YESTERDAY        0.0           2.0  1924   0.0    0.0      0.0
                                      1909
  MONTH TO DATE    0.0                       0.1   -0.1      2.1
  SINCE DEC 1      0.0                       0.1   -0.1      2.1
  SINCE JUL 1      T                         0.1   -0.1      2.1
  SNOW DEPTH       0

DEGREE DAYS
 HEATING
  YESTERDAY       20                        19      1       11
  MONTH TO DATE  216                       306    -90      394
  SINCE DEC 1    216                       306    -90      394
  SINCE JUL 1    634                       660    -26      795

 COOLING
  YESTERDAY        0                         0      0        0
  MONTH TO DATE    1                         0      1        0
  SINCE DEC 1      1                         0      1        0
  SINCE JAN 1   2952                      2752    200     2930
..................................................................


WIND (MPH)
  HIGHEST WIND SPEED    12   HIGHEST WIND DIRECTION    NE (40)
  HIGHEST GUST SPEED    14   HIGHEST GUST DIRECTION    NE (30)
  AVERAGE WIND SPEED     5.8


SKY COVER
  POSSIBLE SUNSHINE  MM
  AVERAGE SKY COVER 1.0


WEATHER CONDITIONS
 THE FOLLOWING WEATHER WAS RECORDED YESTERDAY.
  LIGHT RAIN
  FOG


RELATIVE HUMIDITY (PERCENT)
 HIGHEST   100           600 AM
 LOWEST     80           600 PM
 AVERAGE    90

..........................................................


THE DALLAS FORT WORTH CLIMATE NORMALS FOR TODAY
                         NORMAL    RECORD    YEAR
 MAXIMUM TEMPERATURE (F)   56        78      2012
 MINIMUM TEMPERATURE (F)   36         7      1924


SUNRISE AND SUNSET
DECEMBER 19 2014......SUNRISE   726 AM CST   SUNSET   525 PM CST
DECEMBER 20 2014......SUNRISE   726 AM CST   SUNSET   525 PM CST


-  INDICATES NEGATIVE NUMBERS.
R  INDICATES RECORD WAS SET OR TIED.
MM INDICATES DATA IS MISSING.
T  INDICATES TRACE AMOUNT.


$$

58
