000
CDUS44 KFWD 210708
CLIDFW

CLIMATE REPORT
NATIONAL WEATHER SERVICE FORT WORTH TX
208 AM CDT SUN SEP 21 2014


...................................

...THE DALLAS FORT WORTH CLIMATE SUMMARY FOR SEPTEMBER 20 2014...

CLIMATE NORMAL PERIOD 1981 TO 2010
CLIMATE RECORD PERIOD 1898 TO 2014


WEATHER ITEM   OBSERVED TIME   RECORD YEAR NORMAL DEPARTURE LAST
                VALUE   (LST)  VALUE       VALUE  FROM      YEAR
                                                  NORMAL
..................................................................
TEMPERATURE (F)
 YESTERDAY
  MAXIMUM         92    455 PM 102    1953  87      5       76
  MINIMUM         72    616 AM  46    1971  66      6       68
  AVERAGE         82                        76      6       72

PRECIPITATION (IN)
  YESTERDAY        0.00          3.00 1964   0.08  -0.08     0.88
  MONTH TO DATE    0.06                      1.78  -1.72     2.29
  SINCE SEP 1      0.06                      1.78  -1.72     2.29
  SINCE JAN 1     15.97                     25.89  -9.92    20.96

DEGREE DAYS
 HEATING
  YESTERDAY        0                         0      0        0
  MONTH TO DATE    1                         0      1        0
  SINCE SEP 1      1                         0      1        0
  SINCE JUL 1      1                         0      1        0

 COOLING
  YESTERDAY       17                        12      5        7
  MONTH TO DATE  337                       297     40      418
  SINCE SEP 1    337                       297     40      418
  SINCE JAN 1   2593                      2479    114     2646
..................................................................


WIND (MPH)
  HIGHEST WIND SPEED    16   HIGHEST WIND DIRECTION    SE (130)
  HIGHEST GUST SPEED    21   HIGHEST GUST DIRECTION     E (110)
  AVERAGE WIND SPEED     8.6


SKY COVER
  POSSIBLE SUNSHINE  MM
  AVERAGE SKY COVER 0.5


WEATHER CONDITIONS
 THE FOLLOWING WEATHER WAS RECORDED YESTERDAY.
  NO SIGNIFICANT WEATHER WAS OBSERVED.


RELATIVE HUMIDITY (PERCENT)
 HIGHEST    87           400 AM
 LOWEST     32           500 PM
 AVERAGE    60

..........................................................


THE DALLAS FORT WORTH CLIMATE NORMALS FOR TODAY
                         NORMAL    RECORD    YEAR
 MAXIMUM TEMPERATURE (F)   86        99      2005
                                             1956
 MINIMUM TEMPERATURE (F)   65        45      1983


SUNRISE AND SUNSET
SEPTEMBER 21 2014.....SUNRISE   716 AM CDT   SUNSET   726 PM CDT
SEPTEMBER 22 2014.....SUNRISE   716 AM CDT   SUNSET   725 PM CDT


-  INDICATES NEGATIVE NUMBERS.
R  INDICATES RECORD WAS SET OR TIED.
MM INDICATES DATA IS MISSING.
T  INDICATES TRACE AMOUNT.




$$
