000
CDUS44 KFWD 300702
CLIDFW


CLIMATE REPORT
NATIONAL WEATHER SERVICE FORT WORTH TX
202 AM CDT TUE AUG 30 2016


...................................

...THE DALLAS FORT WORTH CLIMATE SUMMARY FOR AUGUST 29 2016...

CLIMATE NORMAL PERIOD 1981 TO 2010
CLIMATE RECORD PERIOD 1898 TO 2016


WEATHER ITEM   OBSERVED TIME   RECORD YEAR NORMAL DEPARTURE LAST
                VALUE   (LST)  VALUE       VALUE  FROM      YEAR
                                                  NORMAL
..................................................................
TEMPERATURE (F)
 YESTERDAY
  MAXIMUM         92   1244 PM 105    1951  94     -2       96
                                      1943
  MINIMUM         74    629 AM  60    1992  73      1       78
  AVERAGE         83                        84     -1       87

PRECIPITATION (IN)
  YESTERDAY        0.08          1.74 1970   0.08   0.00      T
  MONTH TO DATE    4.42                      1.74   2.68     0.46
  SINCE JUN 1     11.91                      7.69   4.22     5.33
  SINCE JAN 1     28.67                     23.94   4.73    36.96

DEGREE DAYS
 HEATING
  YESTERDAY        0                         0      0        0
  MONTH TO DATE    0                         0      0        0
  SINCE JUN 1      0                         0      0        0
  SINCE JUL 1      0                         0      0        0

 COOLING
  YESTERDAY       18                        19     -1       22
  MONTH TO DATE  612                       596     16      658
  SINCE JUN 1   1887                      1718    169     1872
  SINCE JAN 1   2310                      2140    170     2191
..................................................................


WIND (MPH)
  HIGHEST WIND SPEED    22   HIGHEST WIND DIRECTION    NE (60)
  HIGHEST GUST SPEED    26   HIGHEST GUST DIRECTION    NE (40)
  AVERAGE WIND SPEED     4.6


SKY COVER
  POSSIBLE SUNSHINE  MM
  AVERAGE SKY COVER 0.5


WEATHER CONDITIONS
 THE FOLLOWING WEATHER WAS RECORDED YESTERDAY.
  THUNDERSTORM
  RAIN
  LIGHT RAIN


RELATIVE HUMIDITY (PERCENT)
 HIGHEST    87           100 AM
 LOWEST     50           100 PM
 AVERAGE    69

..........................................................


THE DALLAS FORT WORTH CLIMATE NORMALS FOR TODAY
                         NORMAL    RECORD    YEAR
 MAXIMUM TEMPERATURE (F)   94       106      2000
                                             1954
 MINIMUM TEMPERATURE (F)   73        59      1915


SUNRISE AND SUNSET
AUGUST 30 2016........SUNRISE   702 AM CDT   SUNSET   755 PM CDT
AUGUST 31 2016........SUNRISE   702 AM CDT   SUNSET   754 PM CDT


-  INDICATES NEGATIVE NUMBERS.
R  INDICATES RECORD WAS SET OR TIED.
MM INDICATES DATA IS MISSING.
T  INDICATES TRACE AMOUNT.




$$
