478
CDUS44 KFWD 250639
CLIDFW


CLIMATE REPORT
NATIONAL WEATHER SERVICE FORT WORTH TX
138 AM CDT TUE APR 25 2017


...................................

...THE DALLAS FORT WORTH CLIMATE SUMMARY FOR APRIL 24 2017...

CLIMATE NORMAL PERIOD 1981 TO 2010
CLIMATE RECORD PERIOD 1898 TO 2017


WEATHER ITEM   OBSERVED TIME   RECORD YEAR NORMAL DEPARTURE LAST
                VALUE   (LST)  VALUE       VALUE  FROM      YEAR
                                                  NORMAL
..................................................................
TEMPERATURE (F)
 YESTERDAY
  MAXIMUM         78    510 PM  91    1984  78      0       79
                                      1950
                                      1901
  MINIMUM         49    601 AM  37    2013  57     -8       63
  AVERAGE         64                        68     -4       71

PRECIPITATION (IN)
  YESTERDAY        0.00          2.16 1914   0.13  -0.13     0.00
  MONTH TO DATE    3.32                      2.30   1.02     3.80
  SINCE MAR 1      4.38                      5.79  -1.41     6.47
  SINCE JAN 1     11.10                     10.58   0.52     9.71

SNOWFALL (IN)
  YESTERDAY        0.0           0.0         0.0    0.0      0.0
  MONTH TO DATE    0.0                       0.0    0.0      0.0
  SINCE MAR 1      0.0                       0.2   -0.2      0.0
  SINCE JUL 1      0.1                       1.6   -1.5       T
  SNOW DEPTH       0

DEGREE DAYS
 HEATING
  YESTERDAY        1                         1      0        0
  MONTH TO DATE   16                        77    -61       27
  SINCE MAR 1    109                       338   -229      169
  SINCE JUL 1   1297                      2270   -973     1580

 COOLING
  YESTERDAY        0                         4     -4        6
  MONTH TO DATE  129                        70     59       79
  SINCE MAR 1    252                       102    150      109
  SINCE JAN 1    320                       109    211      120
..................................................................


WIND (MPH)
  HIGHEST WIND SPEED    22   HIGHEST WIND DIRECTION     S (180)
  HIGHEST GUST SPEED    29   HIGHEST GUST DIRECTION    SE (150)
  AVERAGE WIND SPEED    11.8


SKY COVER
  POSSIBLE SUNSHINE  MM
  AVERAGE SKY COVER 0.4


WEATHER CONDITIONS
 THE FOLLOWING WEATHER WAS RECORDED YESTERDAY.
  NO SIGNIFICANT WEATHER WAS OBSERVED.


RELATIVE HUMIDITY (PERCENT)
 HIGHEST    80           600 AM
 LOWEST     35          1100 AM
 AVERAGE    58

..........................................................


THE DALLAS FORT WORTH CLIMATE NORMALS FOR TODAY
                         NORMAL    RECORD    YEAR
 MAXIMUM TEMPERATURE (F)   78        91      1925
                                             1902
 MINIMUM TEMPERATURE (F)   58        33      1910


SUNRISE AND SUNSET
APRIL 25 2017.........SUNRISE   647 AM CDT   SUNSET   806 PM CDT
APRIL 26 2017.........SUNRISE   646 AM CDT   SUNSET   807 PM CDT


-  INDICATES NEGATIVE NUMBERS.
R  INDICATES RECORD WAS SET OR TIED.
MM INDICATES DATA IS MISSING.
T  INDICATES TRACE AMOUNT.




$$
