000
CDUS44 KFWD 050707
CLIDFW


CLIMATE REPORT
NATIONAL WEATHER SERVICE FORT WORTH TX
206 AM CDT THU MAY 5 2016


...................................

...THE DALLAS FORT WORTH CLIMATE SUMMARY FOR MAY 4 2016...

CLIMATE NORMAL PERIOD 1981 TO 2010
CLIMATE RECORD PERIOD 1898 TO 2016


WEATHER ITEM   OBSERVED TIME   RECORD YEAR NORMAL DEPARTURE LAST
                VALUE   (LST)  VALUE       VALUE  FROM      YEAR
                                                  NORMAL
..................................................................
TEMPERATURE (F)
 YESTERDAY
  MAXIMUM         82    511 PM 100    1947  80      2       81
  MINIMUM         58    555 AM  39    2013  61     -3       65
  AVERAGE         70                        70      0       73

PRECIPITATION (IN)
  YESTERDAY        0.00          3.51 1935   0.15  -0.15     0.00
  MONTH TO DATE    0.60                      0.61  -0.01     0.00
  SINCE MAR 1      7.87                      7.17   0.70     8.09
  SINCE JAN 1     11.11                     11.96  -0.85    14.67

DEGREE DAYS
 HEATING
  YESTERDAY        0                         1     -1        0
  MONTH TO DATE    8                         4      4        0
  SINCE MAR 1    177                       348   -171      357
  SINCE JUL 1   1588                      2280   -692     2393

 COOLING
  YESTERDAY        5                         6     -1        8
  MONTH TO DATE    6                        23    -17       21
  SINCE MAR 1    167                       154     13      144
  SINCE JAN 1    178                       161     17      144
..................................................................


WIND (MPH)
  HIGHEST WIND SPEED    20   HIGHEST WIND DIRECTION    NW (330)
  HIGHEST GUST SPEED    26   HIGHEST GUST DIRECTION    NW (320)
  AVERAGE WIND SPEED    10.4


SKY COVER
  POSSIBLE SUNSHINE  MM
  AVERAGE SKY COVER 0.0


WEATHER CONDITIONS
 THE FOLLOWING WEATHER WAS RECORDED YESTERDAY.
  NO SIGNIFICANT WEATHER WAS OBSERVED.


RELATIVE HUMIDITY (PERCENT)
 HIGHEST    84           200 AM
 LOWEST     28           500 PM
 AVERAGE    56

..........................................................


THE DALLAS FORT WORTH CLIMATE NORMALS FOR TODAY
                         NORMAL    RECORD    YEAR
 MAXIMUM TEMPERATURE (F)   81        95      1984
 MINIMUM TEMPERATURE (F)   61        44      1935
                                             1917


SUNRISE AND SUNSET
MAY  5 2016...........SUNRISE   637 AM CDT   SUNSET   813 PM CDT
MAY  6 2016...........SUNRISE   636 AM CDT   SUNSET   814 PM CDT


-  INDICATES NEGATIVE NUMBERS.
R  INDICATES RECORD WAS SET OR TIED.
MM INDICATES DATA IS MISSING.
T  INDICATES TRACE AMOUNT.




$$
