000
CDUS44 KFWD 260639
CLIDFW

CLIMATE REPORT
NATIONAL WEATHER SERVICE FORT WORTH TX
137 AM CDT SAT JUL 26 2014


...................................

...THE DALLAS FORT WORTH CLIMATE SUMMARY FOR JULY 25 2014...

CLIMATE NORMAL PERIOD 1981 TO 2010
CLIMATE RECORD PERIOD 1898 TO 2014


WEATHER ITEM   OBSERVED TIME   RECORD YEAR NORMAL DEPARTURE LAST
                VALUE   (LST)  VALUE       VALUE  FROM      YEAR
                                                  NORMAL
..................................................................
TEMPERATURE (F)
 YESTERDAY
  MAXIMUM        100    509 PM 109    1954  97      3       95
  MINIMUM         74    619 AM  65    1915  76     -2       75
  AVERAGE         87                        86      1       85

PRECIPITATION (IN)
  YESTERDAY        0.00          2.99 1975   0.05  -0.05     0.00
  MONTH TO DATE    0.81                      1.84  -1.03     1.96
  SINCE JUN 1      4.07                      5.63  -1.56     4.10
  SINCE JAN 1     11.40                     21.88 -10.48    17.26

DEGREE DAYS
 HEATING
  YESTERDAY        0                         0      0        0
  MONTH TO DATE    0                         0      0        0
  SINCE JUN 1      0                         0      0        0
  SINCE JUL 1      0                         0      0        0

 COOLING
  YESTERDAY       22                        21      1       20
  MONTH TO DATE  473                       504    -31      482
  SINCE JUN 1   1000                       995      5     1020
  SINCE JAN 1   1476                      1417     59     1409
..................................................................


WIND (MPH)
  HIGHEST WIND SPEED    18   HIGHEST WIND DIRECTION     S (170)
  HIGHEST GUST SPEED    24   HIGHEST GUST DIRECTION     S (160)
  AVERAGE WIND SPEED     8.8


SKY COVER
  POSSIBLE SUNSHINE  MM
  AVERAGE SKY COVER 0.2


WEATHER CONDITIONS
 THE FOLLOWING WEATHER WAS RECORDED YESTERDAY.
  NO SIGNIFICANT WEATHER WAS OBSERVED.


RELATIVE HUMIDITY (PERCENT)
 HIGHEST    87           600 AM
 LOWEST     31           500 PM
 AVERAGE    59

..........................................................


THE DALLAS FORT WORTH CLIMATE NORMALS FOR TODAY
                         NORMAL    RECORD    YEAR
 MAXIMUM TEMPERATURE (F)   97       106      1980
 MINIMUM TEMPERATURE (F)   76        65      1911


SUNRISE AND SUNSET
JULY 26 2014..........SUNRISE   638 AM CDT   SUNSET   831 PM CDT
JULY 27 2014..........SUNRISE   638 AM CDT   SUNSET   831 PM CDT


-  INDICATES NEGATIVE NUMBERS.
R  INDICATES RECORD WAS SET OR TIED.
MM INDICATES DATA IS MISSING.
T  INDICATES TRACE AMOUNT.




$$
