000
CDUS44 KFWD 250647
CLIDFW


CLIMATE REPORT
NATIONAL WEATHER SERVICE FORT WORTH TX
143 AM CDT THU MAY 25 2017


...................................

...THE DALLAS FORT WORTH CLIMATE SUMMARY FOR MAY 24 2017...

CLIMATE NORMAL PERIOD 1981 TO 2010
CLIMATE RECORD PERIOD 1898 TO 2017


WEATHER ITEM   OBSERVED TIME   RECORD YEAR NORMAL DEPARTURE LAST
                VALUE   (LST)  VALUE       VALUE  FROM      YEAR
                                                  NORMAL
..................................................................
TEMPERATURE (F)
 YESTERDAY
  MAXIMUM         83    454 PM  96    1996  86     -3       87
  MINIMUM         58    612 AM  54    1940  67     -9       74
  AVERAGE         71                        76     -5       81

PRECIPITATION (IN)
  YESTERDAY        0.00          3.30 2015   0.16  -0.16     0.01
  MONTH TO DATE    0.53                      3.81  -3.28     2.95
  SINCE MAR 1      4.97                     10.37  -5.40    10.22
  SINCE JAN 1     11.69                     15.16  -3.47    13.46

DEGREE DAYS
 HEATING
  YESTERDAY        0                         0      0        0
  MONTH TO DATE    0                         6     -6       12
  SINCE MAR 1    117                       350   -233      181
  SINCE JUL 1   1305                      2282   -977     1592

 COOLING
  YESTERDAY        6                        11     -5       16
  MONTH TO DATE  221                       198     23      165
  SINCE MAR 1    504                       329    175      326
  SINCE JAN 1    572                       336    236      337
..................................................................


WIND (MPH)
  HIGHEST WIND SPEED    23   HIGHEST WIND DIRECTION    NW (310)
  HIGHEST GUST SPEED    28   HIGHEST GUST DIRECTION    NW (320)
  AVERAGE WIND SPEED    11.1


SKY COVER
  POSSIBLE SUNSHINE  MM
  AVERAGE SKY COVER 0.1


WEATHER CONDITIONS
 THE FOLLOWING WEATHER WAS RECORDED YESTERDAY.
  NO SIGNIFICANT WEATHER WAS OBSERVED.


RELATIVE HUMIDITY (PERCENT)
 HIGHEST    72           600 AM
 LOWEST     24           300 PM
 AVERAGE    48

..........................................................


THE DALLAS FORT WORTH CLIMATE NORMALS FOR TODAY
                         NORMAL    RECORD    YEAR
 MAXIMUM TEMPERATURE (F)   86        97      1980
 MINIMUM TEMPERATURE (F)   67        51      1979


SUNRISE AND SUNSET
MAY 25 2017...........SUNRISE   623 AM CDT   SUNSET   827 PM CDT
MAY 26 2017...........SUNRISE   623 AM CDT   SUNSET   828 PM CDT


-  INDICATES NEGATIVE NUMBERS.
R  INDICATES RECORD WAS SET OR TIED.
MM INDICATES DATA IS MISSING.
T  INDICATES TRACE AMOUNT.




$$
