000
CDUS43 KDDC 240720
CLIDGC


CLIMATE REPORT
NATIONAL WEATHER SERVICE DODGE CITY KS
220 AM CDT SUN SEP 24 2017


...................................

...THE DODGE CITY KS CLIMATE SUMMARY FOR SEPTEMBER 23 2017...

CLIMATE NORMAL PERIOD 1981 TO 2010
CLIMATE RECORD PERIOD 1875 TO 2017


WEATHER ITEM   OBSERVED TIME   RECORD YEAR NORMAL DEPARTURE LAST
                VALUE   (LST)  VALUE       VALUE  FROM      YEAR
                                                  NORMAL
..................................................................
TEMPERATURE (F)
 YESTERDAY
  MAXIMUM         91    237 PM 100    1984  79     12       90
  MINIMUM         69    714 AM  34    1989  53     16       63
  AVERAGE         80                        66     14       77

PRECIPITATION (IN)
  YESTERDAY        0.00          1.69 1960   0.05  -0.05     0.00
  MONTH TO DATE    0.08                      1.35  -1.27     0.29
  SINCE SEP 1      0.08                      1.35  -1.27     0.29
  SINCE JAN 1     23.73                     17.94   5.79    22.30

SNOWFALL (IN)
  YESTERDAY        0.0           0.0  2002   0.0    0.0      0.0
                                      2001
  MONTH TO DATE    0.0                       0.0    0.0      0.0
  SINCE SEP 1      0.0                       0.0    0.0      0.0
  SINCE JUL 1      0.0                       0.0    0.0      0.0
  SNOW DEPTH       0

DEGREE DAYS
 HEATING
  YESTERDAY        0                         3     -3        0
  MONTH TO DATE    7                        32    -25        6
  SINCE SEP 1      7                        32    -25        6
  SINCE JUL 1      7                        36    -29        6

 COOLING
  YESTERDAY       15                         4     11       12
  MONTH TO DATE  237                       163     74      232
  SINCE SEP 1    237                       163     74      232
  SINCE JAN 1   1469                      1409     60     1486
..................................................................


WIND (MPH)
  HIGHEST WIND SPEED    31   HIGHEST WIND DIRECTION     S (160)
  HIGHEST GUST SPEED    41   HIGHEST GUST DIRECTION     S (170)
  AVERAGE WIND SPEED    21.3


SKY COVER
  POSSIBLE SUNSHINE  MM
  AVERAGE SKY COVER 0.1


WEATHER CONDITIONS
 THE FOLLOWING WEATHER WAS RECORDED YESTERDAY.
  HAZE


RELATIVE HUMIDITY (PERCENT)
 HIGHEST    84           600 AM
 LOWEST     34           300 PM
 AVERAGE    59

..........................................................


THE DODGE CITY KS CLIMATE NORMALS FOR TODAY
                         NORMAL    RECORD    YEAR
 MAXIMUM TEMPERATURE (F)   79        97      1933
 MINIMUM TEMPERATURE (F)   52        33      2000
                                             1989


SUNRISE AND SUNSET
SEPTEMBER 24 2017.....SUNRISE   730 AM CDT   SUNSET   733 PM CDT
SEPTEMBER 25 2017.....SUNRISE   730 AM CDT   SUNSET   732 PM CDT


-  INDICATES NEGATIVE NUMBERS.
R  INDICATES RECORD WAS SET OR TIED.
MM INDICATES DATA IS MISSING.
T  INDICATES TRACE AMOUNT.




$$
