000
CDUS43 KDDC 221010
CLIDGC


CLIMATE REPORT
NATIONAL WEATHER SERVICE DODGE CITY KS
409 AM CST SAT NOV 22 2014


...................................

...THE DODGE CITY KS CLIMATE SUMMARY FOR NOVEMBER 21 2014...

CLIMATE NORMAL PERIOD 1981 TO 2010
CLIMATE RECORD PERIOD 1875 TO 2014


WEATHER ITEM   OBSERVED TIME   RECORD YEAR NORMAL DEPARTURE LAST
                VALUE   (LST)  VALUE       VALUE  FROM      YEAR
                                                  NORMAL
..................................................................
TEMPERATURE (F)
 YESTERDAY
  MAXIMUM         49    425 PM  78    1955  53     -4       49
  MINIMUM         24    727 AM   2    1906  28     -4       19
  AVERAGE         37                        40     -3       34

PRECIPITATION (IN)
  YESTERDAY        0.00          0.44 1947   0.02  -0.02     0.01
  MONTH TO DATE    0.14                      0.57  -0.43     0.63
  SINCE SEP 1      3.94                      3.98  -0.04     4.59
  SINCE JAN 1     22.17                     20.57   1.60    20.07

SNOWFALL (IN)
  YESTERDAY        0.0           4.4  1947   0.1   -0.1      0.0
  MONTH TO DATE    2.2                       0.9    1.3      0.0
  SINCE SEP 1      2.2                       1.3    0.9      2.7
  SINCE JUL 1      2.2                       1.3    0.9      2.7
  SNOW DEPTH       0

DEGREE DAYS
 HEATING
  YESTERDAY       28                        25      3       31
  MONTH TO DATE  547                       415    132      391
  SINCE SEP 1    787                       767     20      731
  SINCE JUL 1    800                       771     29      731

 COOLING
  YESTERDAY        0                         0      0        0
  MONTH TO DATE    0                         0      0        0
  SINCE SEP 1    230                       216     14      277
  SINCE JAN 1   1475                      1462     13     1641
..................................................................


WIND (MPH)
  HIGHEST WIND SPEED    16   HIGHEST WIND DIRECTION     S (190)
  HIGHEST GUST SPEED    19   HIGHEST GUST DIRECTION     S (190)
  AVERAGE WIND SPEED     5.8


SKY COVER
  POSSIBLE SUNSHINE  MM
  AVERAGE SKY COVER 0.3


WEATHER CONDITIONS
 THE FOLLOWING WEATHER WAS RECORDED YESTERDAY.
  FOG
  FOG W/VISIBILITY <= 1/4 MILE
  HAZE


RELATIVE HUMIDITY (PERCENT)
 HIGHEST    92           800 PM
 LOWEST     66           400 PM
 AVERAGE    79

..........................................................


THE DODGE CITY KS CLIMATE NORMALS FOR TODAY
                         NORMAL    RECORD    YEAR
 MAXIMUM TEMPERATURE (F)   52        80      1924
 MINIMUM TEMPERATURE (F)   27        -3      1880


SUNRISE AND SUNSET
NOVEMBER 22 2014......SUNRISE   727 AM CST   SUNSET   524 PM CST
NOVEMBER 23 2014......SUNRISE   728 AM CST   SUNSET   524 PM CST


-  INDICATES NEGATIVE NUMBERS.
R  INDICATES RECORD WAS SET OR TIED.
MM INDICATES DATA IS MISSING.
T  INDICATES TRACE AMOUNT.




$$
