029
CDUS43 KDDC 180706
CLIDGC


CLIMATE REPORT
NATIONAL WEATHER SERVICE DODGE CITY KS
106 AM CST THU JAN 18 2018


...................................

...THE DODGE CITY KS CLIMATE SUMMARY FOR JANUARY 17 2018...

CLIMATE NORMAL PERIOD 1981 TO 2010
CLIMATE RECORD PERIOD 1875 TO 2018


WEATHER ITEM   OBSERVED TIME   RECORD YEAR NORMAL DEPARTURE LAST
                VALUE   (LST)  VALUE       VALUE  FROM      YEAR
                                                  NORMAL
..................................................................
TEMPERATURE (F)
 YESTERDAY
  MAXIMUM         45    406 PM  73    1923  44      1       49
  MINIMUM          1    148 AM -12    1930  20    -19       31
  AVERAGE         23                        32     -9       40

PRECIPITATION (IN)
  YESTERDAY        0.00          0.33 1996   0.02  -0.02     0.00
  MONTH TO DATE    0.09                      0.30  -0.21     2.51
  SINCE DEC 1      0.09                      1.14  -1.05     3.13
  SINCE JAN 1      0.09                      0.30  -0.21     2.51

SNOWFALL (IN)
  YESTERDAY        0.0           2.0  1960   0.2   -0.2      0.0
  MONTH TO DATE    1.2                       2.5   -1.3      2.7
  SINCE DEC 1      1.2                       6.6   -5.4      5.0
  SINCE JUL 1      1.2                       8.8   -7.6      5.0
  SNOW DEPTH       0

DEGREE DAYS
 HEATING
  YESTERDAY       42                        33      9       25
  MONTH TO DATE  618                       561     57      619
  SINCE DEC 1   1598                      1561     37     1696
  SINCE JUL 1   2452                      2575   -123     2292

 COOLING
  YESTERDAY        0                         0      0        0
  MONTH TO DATE    0                         0      0        0
  SINCE DEC 1      0                         0      0        0
  SINCE JAN 1      0                         0      0        0
..................................................................


WIND (MPH)
  HIGHEST WIND SPEED    18   HIGHEST WIND DIRECTION     S (190)
  HIGHEST GUST SPEED    24   HIGHEST GUST DIRECTION     S (180)
  AVERAGE WIND SPEED    12.0


SKY COVER
  POSSIBLE SUNSHINE  MM
  AVERAGE SKY COVER 0.0


WEATHER CONDITIONS
 THE FOLLOWING WEATHER WAS RECORDED YESTERDAY.
  NO SIGNIFICANT WEATHER WAS OBSERVED.


RELATIVE HUMIDITY (PERCENT)
 HIGHEST    75           400 AM
 LOWEST     22           400 PM
 AVERAGE    49

..........................................................


THE DODGE CITY KS CLIMATE NORMALS FOR TODAY
                         NORMAL    RECORD    YEAR
 MAXIMUM TEMPERATURE (F)   44        68      1951
                                             1920
                                             1880
 MINIMUM TEMPERATURE (F)   20       -14      1943


SUNRISE AND SUNSET
JANUARY 18 2018.......SUNRISE   753 AM CST   SUNSET   548 PM CST
JANUARY 19 2018.......SUNRISE   752 AM CST   SUNSET   549 PM CST


-  INDICATES NEGATIVE NUMBERS.
R  INDICATES RECORD WAS SET OR TIED.
MM INDICATES DATA IS MISSING.
T  INDICATES TRACE AMOUNT.




$$
