000
CDUS43 KDDC 110714
CLIDGC


CLIMATE REPORT
NATIONAL WEATHER SERVICE DODGE CITY KS
111 AM CST SUN DEC 11 2016


...................................

...THE DODGE CITY KS CLIMATE SUMMARY FOR DECEMBER 10 2016...

CLIMATE NORMAL PERIOD 1981 TO 2010
CLIMATE RECORD PERIOD 1875 TO 2016


WEATHER ITEM   OBSERVED TIME   RECORD YEAR NORMAL DEPARTURE LAST
                VALUE   (LST)  VALUE       VALUE  FROM      YEAR
                                                  NORMAL
..................................................................
TEMPERATURE (F)
 YESTERDAY
  MAXIMUM         44    434 PM  75    1996  45     -1       63
  MINIMUM         18    739 AM  -6    1919  22     -4       43
  AVERAGE         31                        33     -2       53

PRECIPITATION (IN)
  YESTERDAY        0.00          0.52 2007   0.02  -0.02     0.00
  MONTH TO DATE    0.34                      0.25   0.09     0.00
  SINCE DEC 1      0.34                      0.25   0.09     0.00
  SINCE JAN 1     23.12                     21.01   2.11    25.89

SNOWFALL (IN)
  YESTERDAY        0.0           2.2  1960   0.1   -0.1      0.0
                                      1894
  MONTH TO DATE    0.2                       1.3   -1.1      0.0
  SINCE DEC 1      0.2                       1.3   -1.1      0.0
  SINCE JUL 1      0.2                       3.5   -3.3      1.1
  SNOW DEPTH       0

DEGREE DAYS
 HEATING
  YESTERDAY       34                        32      2       12
  MONTH TO DATE  340                       305     35      210
  SINCE DEC 1    340                       305     35      210
  SINCE JUL 1    936                      1319   -383     1040

 COOLING
  YESTERDAY        0                         0      0        0
  MONTH TO DATE    0                         0      0        0
  SINCE DEC 1      0                         0      0        0
  SINCE JAN 1   1580                      1463    117     1512
..................................................................


WIND (MPH)
  HIGHEST WIND SPEED    25   HIGHEST WIND DIRECTION     S (170)
  HIGHEST GUST SPEED    32   HIGHEST GUST DIRECTION     S (160)
  AVERAGE WIND SPEED    15.9


SKY COVER
  POSSIBLE SUNSHINE  MM
  AVERAGE SKY COVER 0.0


WEATHER CONDITIONS
 THE FOLLOWING WEATHER WAS RECORDED YESTERDAY.
  NO SIGNIFICANT WEATHER WAS OBSERVED.


RELATIVE HUMIDITY (PERCENT)
 HIGHEST    84           500 AM
 LOWEST     53           300 PM
 AVERAGE    69

..........................................................


THE DODGE CITY KS CLIMATE NORMALS FOR TODAY
                         NORMAL    RECORD    YEAR
 MAXIMUM TEMPERATURE (F)   45        78      1939
 MINIMUM TEMPERATURE (F)   21        -9      1932


SUNRISE AND SUNSET
DECEMBER 11 2016......SUNRISE   745 AM CST   SUNSET   521 PM CST
DECEMBER 12 2016......SUNRISE   746 AM CST   SUNSET   521 PM CST


-  INDICATES NEGATIVE NUMBERS.
R  INDICATES RECORD WAS SET OR TIED.
MM INDICATES DATA IS MISSING.
T  INDICATES TRACE AMOUNT.




$$
