000
CDUS43 KDDC 292357
CLIDGC


CLIMATE REPORT
NATIONAL WEATHER SERVICE DODGE CITY KS
657 PM CDT WED MAR 29 2017


...................................

...THE DODGE CITY KS CLIMATE SUMMARY FOR MARCH 29 2017...
VALID TODAY AS OF 0500 PM LOCAL TIME.

CLIMATE NORMAL PERIOD 1981 TO 2010
CLIMATE RECORD PERIOD 1875 TO 2017


WEATHER ITEM   OBSERVED TIME   RECORD YEAR NORMAL DEPARTURE LAST
                VALUE   (LST)  VALUE       VALUE  FROM      YEAR
                                                  NORMAL
..................................................................
TEMPERATURE (F)
 TODAY
  MAXIMUM         46    118 AM  88    1943  62    -16       71
  MINIMUM         41    459 PM  13    1987  34      7       44
  AVERAGE         44                        48     -4       58

PRECIPITATION (IN)
  TODAY            1.13R         0.79 2007   0.06   1.07     0.00
  MONTH TO DATE    2.56                      1.46   1.10     0.04
  SINCE MAR 1      2.56                      1.46   1.10     0.04
  SINCE JAN 1      5.13                      2.72   2.41     0.63

SNOWFALL (IN)
  TODAY           MM             7.0  1926   0.1   MM        0.0
  MONTH TO DATE    0.0                       4.6   -4.6      0.4
  SINCE MAR 1      0.0                       4.6   -4.6      0.4
  SINCE JUL 1      5.0                      19.7  -14.7     10.4
  SNOW DEPTH       0

DEGREE DAYS
 HEATING
  TODAY           21                        17      4        7
  MONTH TO DATE  443                       607   -164      479
  SINCE MAR 1    443                       607   -164      479
  SINCE JUL 1   3677                      4454   -777     3841

 COOLING
  TODAY            0                         0      0        0
  MONTH TO DATE    9                         0      9        2
  SINCE MAR 1      9                         0      9        2
  SINCE JAN 1      9                         0      9        4
..................................................................


WIND (MPH)
  HIGHEST WIND SPEED    37   HIGHEST WIND DIRECTION     N (360)
  HIGHEST GUST SPEED    46   HIGHEST GUST DIRECTION     N (350)
  AVERAGE WIND SPEED    25.0


SKY COVER
  POSSIBLE SUNSHINE  MM
  AVERAGE SKY COVER 1.0


WEATHER CONDITIONS
 THE FOLLOWING WEATHER WAS RECORDED TODAY.
  HEAVY RAIN
  RAIN
  LIGHT RAIN
  FOG


RELATIVE HUMIDITY (PERCENT)
 HIGHEST   100           200 AM
 LOWEST     89          1200 PM
 AVERAGE    95

..........................................................


THE DODGE CITY KS CLIMATE NORMALS FOR TOMORROW
                         NORMAL    RECORD    YEAR
 MAXIMUM TEMPERATURE (F)   62        89      1968
 MINIMUM TEMPERATURE (F)   35         8      1987


SUNRISE AND SUNSET
MARCH 29 2017.........SUNRISE   729 AM CDT   SUNSET   800 PM CDT
MARCH 30 2017.........SUNRISE   728 AM CDT   SUNSET   801 PM CDT


-  INDICATES NEGATIVE NUMBERS.
R  INDICATES RECORD WAS SET OR TIED.
MM INDICATES DATA IS MISSING.
T  INDICATES TRACE AMOUNT.




$$
