149
CDUS45 KCYS 010738
CLIDGW


CLIMATE REPORT
NATIONAL WEATHER SERVICE CHEYENNE WY
137 AM MDT SUN MAY 1 2016


...................................

...THE DOUGLAS WY AIRPORT CLIMATE SUMMARY FOR APRIL 30 2016...

CLIMATE NORMAL PERIOD 1981 TO 2010
CLIMATE RECORD PERIOD 1998 TO 2016


WEATHER ITEM   OBSERVED TIME   RECORD YEAR NORMAL DEPARTURE LAST
                VALUE   (LST)  VALUE       VALUE  FROM      YEAR
                                                  NORMAL
..................................................................
TEMPERATURE (F)
 YESTERDAY
  MAXIMUM         41    554 PM  74    2012  62    -21       65
  MINIMUM         32   1147 PM  22    2005  33     -1       41
  AVERAGE         37                        48    -11       53

PRECIPITATION (IN)
  YESTERDAY        0.38          0.54 2008   0.07   0.31     0.00
  MONTH TO DATE    2.30                      1.51   0.79     3.25
  SINCE JAN 1      5.23                      3.15   2.08     4.63

DEGREE DAYS
 HEATING
  YESTERDAY       28                        17     11       12
  MONTH TO DATE  623                       639    -16      606
  SINCE MAR 1   1449                      1557   -108     1362
  SINCE JUL 1   6260                      6957   -697     6365

 COOLING
  YESTERDAY        0                         0      0        0
  MONTH TO DATE    0                         0      0        0
  SINCE MAR 1      0                         0      0        1
  SINCE JAN 1      0                         0      0        1
..................................................................


WIND (MPH)
  HIGHEST WIND SPEED    18   HIGHEST WIND DIRECTION    NE (40)
  HIGHEST GUST SPEED    23   HIGHEST GUST DIRECTION    NE (40)
  AVERAGE WIND SPEED     6.4


SKY COVER
  AVERAGE SKY COVER 0.8


WEATHER CONDITIONS
 THE FOLLOWING WEATHER WAS RECORDED YESTERDAY.
  LIGHT RAIN
  SNOW
  LIGHT SNOW
  FOG


RELATIVE HUMIDITY (PERCENT)
 HIGHEST   100          1200 AM
 LOWEST     70           500 PM
 AVERAGE    85

..........................................................


THE DOUGLAS WY AIRPORT CLIMATE NORMALS FOR TODAY
                         NORMAL    RECORD    YEAR
 MAXIMUM TEMPERATURE (F)   63        74      2007
 MINIMUM TEMPERATURE (F)   34        22      2001


SUNRISE AND SUNSET
MAY  1 2016...........SUNRISE   555 AM MDT   SUNSET   803 PM MDT
MAY  2 2016...........SUNRISE   554 AM MDT   SUNSET   804 PM MDT


-  INDICATES NEGATIVE NUMBERS.
R  INDICATES RECORD WAS SET OR TIED.
MM INDICATES DATA IS MISSING.
T  INDICATES TRACE AMOUNT.




$$
