000
CDUS45 KCYS 210738
CLIDGW


CLIMATE REPORT
NATIONAL WEATHER SERVICE CHEYENNE WY
138 AM MDT THU AUG 21 2014


...................................

...THE DOUGLAS WY AIRPORT CLIMATE SUMMARY FOR AUGUST 20 2014...

CLIMATE NORMAL PERIOD 1981 TO 2010
CLIMATE RECORD PERIOD 1998 TO 2014


WEATHER ITEM   OBSERVED TIME   RECORD YEAR NORMAL DEPARTURE LAST
                VALUE   (LST)  VALUE       VALUE  FROM      YEAR
                                                  NORMAL
..................................................................
TEMPERATURE (F)
 YESTERDAY
  MAXIMUM         86    212 PM  96    2013  87     -1       96
  MINIMUM         60    442 AM  43    2005  52      8       57
  AVERAGE         73                        69      4       77

PRECIPITATION (IN)
  YESTERDAY        0.02          0.29 2002   0.03  -0.01     0.00
  MONTH TO DATE    0.75                      0.74   0.01     0.40
  SINCE JAN 1      9.73                      9.65   0.08     6.19

DEGREE DAYS
 HEATING
  YESTERDAY        0                         1     -1        0
  MONTH TO DATE    0                        11    -11        0
  SINCE JUN 1    157                       136     21       56
  SINCE JUL 1     14                        26    -12        0

 COOLING
  YESTERDAY        8                         5      3       12
  MONTH TO DATE  121                       132    -11      131
  SINCE JUN 1    354                       408    -54      515
  SINCE JAN 1    359                       414    -55      531
..................................................................


WIND (MPH)
  HIGHEST WIND SPEED    25   HIGHEST WIND DIRECTION    NW (310)
  HIGHEST GUST SPEED    31   HIGHEST GUST DIRECTION    NW (310)
  AVERAGE WIND SPEED     9.1


SKY COVER
  AVERAGE SKY COVER 0.6


WEATHER CONDITIONS
 THE FOLLOWING WEATHER WAS RECORDED YESTERDAY.
  LIGHT RAIN


RELATIVE HUMIDITY (PERCENT)
 HIGHEST    84           600 AM
 LOWEST     24           400 PM
 AVERAGE    54

..........................................................


THE DOUGLAS WY AIRPORT CLIMATE NORMALS FOR TODAY
                         NORMAL    RECORD    YEAR
 MAXIMUM TEMPERATURE (F)   86        97      2008
 MINIMUM TEMPERATURE (F)   52        40      2009


SUNRISE AND SUNSET
AUGUST 21 2014........SUNRISE   614 AM MDT   SUNSET   754 PM MDT
AUGUST 22 2014........SUNRISE   615 AM MDT   SUNSET   752 PM MDT


-  INDICATES NEGATIVE NUMBERS.
R  INDICATES RECORD WAS SET OR TIED.
MM INDICATES DATA IS MISSING.
T  INDICATES TRACE AMOUNT.




$$
