000
CDUS44 KTAE 040637
CLIDHN


CLIMATE REPORT
NATIONAL WEATHER SERVICE TALLAHASSEE FL
237 AM EDT SAT JUL 4 2015


...................................

...THE DOTHAN CLIMATE SUMMARY FOR JULY 3 2015...

CLIMATE NORMAL PERIOD 1981 TO 2010
CLIMATE RECORD PERIOD 1965 TO 2015


WEATHER ITEM   OBSERVED TIME   NORMAL DEPARTURE LAST
                VALUE   (LST)  VALUE  FROM      YEAR
                                      NORMAL
......................................................
TEMPERATURE (F)
 YESTERDAY
  MAXIMUM         92    326 PM  92      0       95
  MINIMUM         69    634 PM  72     -3       73
  AVERAGE         81            82     -1       84

PRECIPITATION (IN)
  YESTERDAY        0.61          0.21   0.40     0.00
  MONTH TO DATE    0.87          0.66   0.21     0.00
  SINCE JUN 1      4.07          6.26  -2.19     2.48
  SINCE JAN 1     28.32         28.62  -0.30    32.55

SNOWFALL (IN)
  YESTERDAY        0.0

DEGREE DAYS
 COOLING
  YESTERDAY       16            17     -1       19
  MONTH TO DATE   48            50     -2       60
  SINCE JUN 1    521           494     27      534
  SINCE JAN 1   1109           907    202      919
......................................................


WIND (MPH)
  HIGHEST WIND SPEED    26   HIGHEST WIND DIRECTION    SW (230)
  HIGHEST GUST SPEED    43   HIGHEST GUST DIRECTION    SW (230)
  AVERAGE WIND SPEED     8.1








-  INDICATES NEGATIVE NUMBERS.
R  INDICATES RECORD WAS SET OR TIED.
MM INDICATES DATA IS MISSING.
T  INDICATES TRACE AMOUNT.




$$
