000
CDUS44 KTAE 050626
CLIDHN


CLIMATE REPORT
NATIONAL WEATHER SERVICE TALLAHASSEE FL
224 AM EDT SAT SEP 5 2015

...................................

...THE DOTHAN CLIMATE SUMMARY FOR SEPTEMBER 4 2015...

CLIMATE NORMAL PERIOD 1981 TO 2010
CLIMATE RECORD PERIOD 1965 TO 2015


WEATHER ITEM   OBSERVED TIME   NORMAL DEPARTURE LAST
                VALUE   (LST)  VALUE  FROM      YEAR
                                      NORMAL
......................................................
TEMPERATURE (F)
 YESTERDAY
  MAXIMUM         94    121 PM  90      4       92
  MINIMUM         73    611 AM  69      4       72
  AVERAGE         84            79      5       82

PRECIPITATION (IN)
  YESTERDAY        0.14          0.15  -0.01     0.04
  MONTH TO DATE    0.26          0.61  -0.35     1.32
  SINCE SEP 1      0.26          0.61  -0.35     1.32
  SINCE JAN 1     36.93         39.00  -2.07    41.26

SNOWFALL (IN)
  YESTERDAY        0.0

DEGREE DAYS
 HEATING
  YESTERDAY        0             0      0        0
  MONTH TO DATE    0             0      0        0
  SINCE SEP 1      0             0      0        0
  SINCE JUL 1      0             0      0        0

 COOLING
  YESTERDAY       19            14      5       17
  MONTH TO DATE   71            58     13       72
  SINCE SEP 1     71            58     13       72
  SINCE JAN 1   2287          1938    349     1957
......................................................


WIND (MPH)
  HIGHEST WIND SPEED    18   HIGHEST WIND DIRECTION     N (20)
  HIGHEST GUST SPEED    23   HIGHEST GUST DIRECTION     N (20)
  AVERAGE WIND SPEED     4.5





-  INDICATES NEGATIVE NUMBERS.
R  INDICATES RECORD WAS SET OR TIED.
MM INDICATES DATA IS MISSING.
T  INDICATES TRACE AMOUNT.

$$
