000
CDUS44 KTAE 010631
CLIDHN


CLIMATE REPORT
NATIONAL WEATHER SERVICE TALLAHASSEE FL
230 AM EDT MON MAY 1 2017


...................................

...THE DOTHAN CLIMATE SUMMARY FOR APRIL 30 2017...

CLIMATE NORMAL PERIOD 1981 TO 2010
CLIMATE RECORD PERIOD 1965 TO 2017


WEATHER ITEM   OBSERVED TIME   NORMAL DEPARTURE LAST
                VALUE   (LST)  VALUE  FROM      YEAR
                                      NORMAL
......................................................
TEMPERATURE (F)
 YESTERDAY
  MAXIMUM         89    310 PM  82      7       88
  MINIMUM         70    626 AM  58     12       65
  AVERAGE         80            70     10       77

PRECIPITATION (IN)
  YESTERDAY        T             0.07  -0.07     0.00
  MONTH TO DATE    1.58          3.52  -1.94     5.79
  SINCE MAR 1      3.11          9.40  -6.29    11.95
  SINCE JAN 1     22.70         18.80   3.90    22.80

SNOWFALL (IN)
  YESTERDAY        0.0

DEGREE DAYS
 HEATING
  YESTERDAY        0             1     -1        0
  MONTH TO DATE   22            70    -48       38
  SINCE MAR 1    193           281    -88      160
  SINCE JUL 1   1052          1840   -788     1338

 COOLING
  YESTERDAY       15             6      9       12
  MONTH TO DATE  193            90    103       87
  SINCE MAR 1    269           111    158      160
  SINCE JAN 1    307           121    186      166
......................................................


WIND (MPH)
  HIGHEST WIND SPEED    26   HIGHEST WIND DIRECTION     S (160)
  HIGHEST GUST SPEED    34   HIGHEST GUST DIRECTION    SE (150)
  AVERAGE WIND SPEED    12.7








-  INDICATES NEGATIVE NUMBERS.
R  INDICATES RECORD WAS SET OR TIED.
MM INDICATES DATA IS MISSING.
T  INDICATES TRACE AMOUNT.




$$
