000
CDUS44 KTAE 232135
CLIDHN


CLIMATE REPORT
NATIONAL WEATHER SERVICE TALLAHASSEE FL
534 PM EDT FRI JUN 23 2017


...................................

...THE DOTHAN CLIMATE SUMMARY FOR JUNE 23 2017...
VALID TODAY AS OF 0500 PM LOCAL TIME.

CLIMATE NORMAL PERIOD 1981 TO 2010
CLIMATE RECORD PERIOD 1965 TO 2017


WEATHER ITEM   OBSERVED TIME   NORMAL DEPARTURE LAST
                VALUE   (LST)  VALUE  FROM      YEAR
                                      NORMAL
......................................................
TEMPERATURE (F)
 TODAY
  MAXIMUM         92    305 PM  91      1       92
  MINIMUM         76    644 AM  71      5       70
  AVERAGE         84            81      3       81

PRECIPITATION (IN)
  TODAY            0.00          0.18  -0.18     0.00
  MONTH TO DATE    3.35          4.40  -1.05     4.05
  SINCE JUN 1      3.35          4.40  -1.05     4.05
  SINCE JAN 1     30.60         26.76   3.84    28.47

......................................................










-  INDICATES NEGATIVE NUMBERS.
R  INDICATES RECORD WAS SET OR TIED.
MM INDICATES DATA IS MISSING.
T  INDICATES TRACE AMOUNT.




$$
