000
CDUS44 KTAE 280632
CLIDHN


CLIMATE REPORT
NATIONAL WEATHER SERVICE TALLAHASSEE FL
231 AM EDT THU AUG 28 2014


...................................

...THE DOTHAN CLIMATE SUMMARY FOR AUGUST 27 2014...

CLIMATE NORMAL PERIOD 1981 TO 2010
CLIMATE RECORD PERIOD 1965 TO 2014


WEATHER ITEM   OBSERVED TIME   NORMAL DEPARTURE LAST
                VALUE   (LST)  VALUE  FROM      YEAR
                                      NORMAL
......................................................
TEMPERATURE (F)
 YESTERDAY
  MAXIMUM         94    301 PM  91      3       87
  MINIMUM         65    502 AM  70     -5       65
  AVERAGE         80            80      0       76

PRECIPITATION (IN)
  YESTERDAY        0.00          0.13  -0.13     0.00
  MONTH TO DATE    2.17          3.99  -1.82     8.26
  SINCE JUN 1      9.86         15.54  -5.68    30.42
  SINCE JAN 1     39.93         37.90   2.03    57.72

SNOWFALL (IN)
  YESTERDAY        0.0

DEGREE DAYS
 COOLING
  YESTERDAY       15            15      0       11
  MONTH TO DATE  462           440     22      411
  SINCE JUN 1   1431          1408     23     1318
  SINCE JAN 1   1816          1821     -5     1690
......................................................


WIND (MPH)
  HIGHEST WIND SPEED    12   HIGHEST WIND DIRECTION     N (350)
  HIGHEST GUST SPEED    21   HIGHEST GUST DIRECTION    NE (60)
  AVERAGE WIND SPEED     3.3








-  INDICATES NEGATIVE NUMBERS.
R  INDICATES RECORD WAS SET OR TIED.
MM INDICATES DATA IS MISSING.
T  INDICATES TRACE AMOUNT.




$$
