000
CDUS44 KTAE 270633
CLIDHN


CLIMATE REPORT
NATIONAL WEATHER SERVICE TALLAHASSEE FL
231 AM EDT MON MAR 27 2017

...................................

...THE DOTHAN CLIMATE SUMMARY FOR MARCH 26 2017...

CLIMATE NORMAL PERIOD 1981 TO 2010
CLIMATE RECORD PERIOD 1965 TO 2017


WEATHER ITEM   OBSERVED TIME   NORMAL DEPARTURE LAST
                VALUE   (LST)  VALUE  FROM      YEAR
                                      NORMAL
......................................................
TEMPERATURE (F)
 YESTERDAY
  MAXIMUM         82    201 PM  73      9       69
  MINIMUM         60    707 AM  48     12       61
  AVERAGE         71            61     10       65

PRECIPITATION (IN)
  YESTERDAY        0.10          0.24  -0.14     0.89
  MONTH TO DATE    1.12          4.66  -3.54     4.37
  SINCE MAR 1      1.12          4.66  -3.54     4.37
  SINCE JAN 1     20.71         14.06   6.65    15.22

SNOWFALL (IN)
  YESTERDAY        0.0

DEGREE DAYS
 HEATING
  YESTERDAY        0             5     -5        0
  MONTH TO DATE  171           187    -16      116
  SINCE MAR 1    171           187    -16      116
  SINCE JUL 1   1030          1746   -716     1294

 COOLING
  YESTERDAY        6             1      5        0
  MONTH TO DATE   39            25     14       65
  SINCE MAR 1     39            25     14       65
  SINCE JAN 1     77            35     42       71
......................................................


WIND (MPH)
  HIGHEST WIND SPEED    17   HIGHEST WIND DIRECTION     W (250)
  HIGHEST GUST SPEED    23   HIGHEST GUST DIRECTION     W (250)
  AVERAGE WIND SPEED     7.3




-  INDICATES NEGATIVE NUMBERS.
R  INDICATES RECORD WAS SET OR TIED.
MM INDICATES DATA IS MISSING.
T  INDICATES TRACE AMOUNT.


$$
