000
CDUS44 KTAE 310636
CLIDHN


CLIMATE REPORT
NATIONAL WEATHER SERVICE TALLAHASSEE FL
134 AM EST SAT JAN 31 2015


...................................

...THE DOTHAN CLIMATE SUMMARY FOR JANUARY 30 2015...

CLIMATE NORMAL PERIOD 1981 TO 2010
CLIMATE RECORD PERIOD 1965 TO 2015


WEATHER ITEM   OBSERVED TIME   NORMAL DEPARTURE LAST
                VALUE   (LST)  VALUE  FROM      YEAR
                                      NORMAL
......................................................
TEMPERATURE (F)
 YESTERDAY
  MAXIMUM         61    305 PM  62     -1       38
  MINIMUM         42   1159 PM  38      4       20
  AVERAGE         52            50      2       29

PRECIPITATION (IN)
  YESTERDAY        0.00          0.18  -0.18     0.00
  MONTH TO DATE    2.95          4.43  -1.48     2.93
  SINCE DEC 1      8.39          8.82  -0.43    11.57
  SINCE JAN 1      2.95          4.43  -1.48     2.93

SNOWFALL (IN)
  YESTERDAY        0.0

DEGREE DAYS
 HEATING
  YESTERDAY       13            15     -2       36
  MONTH TO DATE  453           488    -35      660
  SINCE DEC 1    780           924   -144     1012
  SINCE JUL 1   1201          1201      0     1312
......................................................


WIND (MPH)
  HIGHEST WIND SPEED    23   HIGHEST WIND DIRECTION     N (350)
  HIGHEST GUST SPEED    29   HIGHEST GUST DIRECTION     N (360)
  AVERAGE WIND SPEED    10.6








-  INDICATES NEGATIVE NUMBERS.
R  INDICATES RECORD WAS SET OR TIED.
MM INDICATES DATA IS MISSING.
T  INDICATES TRACE AMOUNT.




$$
