000
CDUS44 KAMA 021409
CLIDHT


CLIMATE REPORT
NATIONAL WEATHER SERVICE AMARILLO TX
909 AM CDT THU JUL 2 2015


...................................

...THE DALHART CLIMATE SUMMARY FOR JULY 2 2015...
VALID AS OF 0900 AM LOCAL TIME.

CLIMATE NORMAL PERIOD 1981 TO 2010
CLIMATE RECORD PERIOD 1894 TO 2015


WEATHER ITEM   OBSERVED TIME   RECORD YEAR NORMAL DEPARTURE LAST
                VALUE   (LST)  VALUE       VALUE  FROM      YEAR
                                                  NORMAL
..................................................................
TEMPERATURE (F)
 TODAY
  MINIMUM         69    625 AM  55    1992  61      8       61

PRECIPITATION (IN)
  TODAY            T             0.76 1953   0.08  -0.08     0.09
  MONTH TO DATE    T                         0.17  -0.17     0.09
  SINCE JUN 1      0.85                      2.47  -1.62     3.86
  SINCE JAN 1      7.56                      7.88  -0.32     5.70

SNOWFALL (IN)
  TODAY            0.0           T    1953   0.0    0.0      0.0
  MONTH TO DATE    0.0                       0.0    0.0      0.0
  SINCE JUN 1      0.0                       0.0    0.0      0.0
  SINCE JUL 1      0.0                       0.0    0.0      0.0
  SNOW DEPTH       0

..................................................................


WIND (MPH)
  RESULTANT WIND SPEED  10   RESULTANT WIND DIRECTION   N (0)
  HIGHEST WIND SPEED    37   HIGHEST WIND DIRECTION     N (360)
  HIGHEST GUST SPEED    44   HIGHEST GUST DIRECTION     N (360)
  AVERAGE WIND SPEED    13.0


SKY COVER
  AVERAGE SKY COVER 0.4


WEATHER CONDITIONS
 THE FOLLOWING WEATHER WAS RECORDED TODAY.
  LIGHT RAIN


RELATIVE HUMIDITY (PERCENT)
 HIGHEST    73           500 AM
 LOWEST     60          1200 AM
 AVERAGE    67

..........................................................


THE DALHART CLIMATE NORMALS FOR TOMORROW
                         NORMAL    RECORD    YEAR
 MAXIMUM TEMPERATURE (F)   91       105      1957
 MINIMUM TEMPERATURE (F)   61        54      2013
                                             1985


SUNRISE AND SUNSET
JULY  2 2015..........SUNRISE   637 AM CDT   SUNSET   911 PM CDT
JULY  3 2015..........SUNRISE   638 AM CDT   SUNSET   911 PM CDT


-  INDICATES NEGATIVE NUMBERS.
R  INDICATES RECORD WAS SET OR TIED.
MM INDICATES DATA IS MISSING.
T  INDICATES TRACE AMOUNT.




$$
