000
CDUS44 KAMA 190729
CLIDHT


CLIMATE REPORT
NATIONAL WEATHER SERVICE AMARILLO TX
129 AM CST FRI DEC 19 2014


...................................

...THE DALHART CLIMATE SUMMARY FOR DECEMBER 18 2014...

CLIMATE NORMAL PERIOD 1981 TO 2010
CLIMATE RECORD PERIOD 1894 TO 2014


WEATHER ITEM   OBSERVED TIME   RECORD YEAR NORMAL DEPARTURE LAST
                VALUE   (LST)  VALUE       VALUE  FROM      YEAR
                                                  NORMAL
..................................................................
TEMPERATURE (F)
 YESTERDAY
  MAXIMUM         43    312 PM  72    1979  48     -5       67
  MINIMUM         26    839 AM  -1    1996  19      7       22
  AVERAGE         35                        34      1       45

PRECIPITATION (IN)
  YESTERDAY        0.00          0.27 1991   0.02  -0.02     0.00
  MONTH TO DATE    0.17                      0.32  -0.15      T
  SINCE DEC 1      0.17                      0.32  -0.15      T
  SINCE JAN 1     11.52                     17.37  -5.85     7.63

SNOWFALL (IN)
  YESTERDAY        0.0           3.1  1995   0.1   -0.1      0.0
  MONTH TO DATE    0.0                       2.5   -2.5      0.5
  SINCE DEC 1      0.0                       2.5   -2.5      0.5
  SINCE JUL 1      1.5                       4.4   -2.9      3.5
  SNOW DEPTH       0

DEGREE DAYS
 HEATING
  YESTERDAY       30                        31     -1       20
  MONTH TO DATE  412                       540   -128      564
  SINCE DEC 1    412                       540   -128      564
  SINCE JUL 1   1265                      1535   -270     1510

 COOLING
  YESTERDAY        0                         0      0        0
  MONTH TO DATE    0                         0      0        0
  SINCE DEC 1      0                         0      0        0
  SINCE JAN 1   1411                      1138    273     1576
..................................................................


WIND (MPH)
  RESULTANT WIND SPEED   4   RESULTANT WIND DIRECTION  NE (30)
  HIGHEST WIND SPEED    14   HIGHEST WIND DIRECTION     N (10)
  HIGHEST GUST SPEED    16   HIGHEST GUST DIRECTION     N (10)
  AVERAGE WIND SPEED     5.1


SKY COVER
  AVERAGE SKY COVER 0.6


WEATHER CONDITIONS
 THE FOLLOWING WEATHER WAS RECORDED YESTERDAY.
  FOG
  HAZE


RELATIVE HUMIDITY (PERCENT)
 HIGHEST    92          1200 AM
 LOWEST     60           300 PM
 AVERAGE    76

..........................................................


THE DALHART CLIMATE NORMALS FOR TODAY
                         NORMAL    RECORD    YEAR
 MAXIMUM TEMPERATURE (F)   48        70      2013
 MINIMUM TEMPERATURE (F)   19        -3      1996


SUNRISE AND SUNSET
DECEMBER 19 2014......SUNRISE   756 AM CST   SUNSET   539 PM CST
DECEMBER 20 2014......SUNRISE   756 AM CST   SUNSET   539 PM CST


-  INDICATES NEGATIVE NUMBERS.
R  INDICATES RECORD WAS SET OR TIED.
MM INDICATES DATA IS MISSING.
T  INDICATES TRACE AMOUNT.




$$
