000
CDUS44 KAMA 282127
CLIDHT


CLIMATE REPORT
NATIONAL WEATHER SERVICE AMARILLO TX
426 PM CDT WED SEP 28 2016


...................................

...THE DALHART CLIMATE SUMMARY FOR SEPTEMBER 28 2016...
VALID TODAY AS OF 0400 PM LOCAL TIME.

CLIMATE NORMAL PERIOD 1981 TO 2010
CLIMATE RECORD PERIOD 1948 TO 2016


WEATHER ITEM   OBSERVED TIME   RECORD YEAR NORMAL DEPARTURE LAST
                VALUE   (LST)  VALUE       VALUE  FROM      YEAR
                                                  NORMAL
..................................................................
TEMPERATURE (F)
 TODAY
  MAXIMUM         87    259 PM  94    1994  77     10       90
  MINIMUM         40    658 AM  35    1984  47     -7       52
  AVERAGE         64                        62      2       71

PRECIPITATION (IN)
  TODAY            0.00          1.37 1990   0.04  -0.04     0.00
  MONTH TO DATE    3.42                      1.55   1.87     1.06
  SINCE SEP 1      3.42                      1.55   1.87     1.06
  SINCE JAN 1     17.61                     14.90   2.71    14.49

SNOWFALL (IN)
  TODAY            0.0           0.0    MM   0.0    0.0      0.0
  MONTH TO DATE    0.0                       0.0    0.0      0.0
  SINCE SEP 1      0.0                       0.0    0.0      0.0
  SINCE JUL 1      0.0                       0.0    0.0      0.0
  SNOW DEPTH       0

DEGREE DAYS
 HEATING
  TODAY            1                         4     -3        0
  MONTH TO DATE   11                        50    -39        1
  SINCE SEP 1     11                        50    -39        1
  SINCE JUL 1     11                        53    -42        1

 COOLING
  TODAY            0                         2     -2        6
  MONTH TO DATE  219                       129     90      285
  SINCE SEP 1    219                       129     90      285
  SINCE JAN 1   1494                      1125    369     1494
..................................................................


WIND (MPH)
  RESULTANT WIND SPEED   1   RESULTANT WIND DIRECTION  NW (310)
  HIGHEST WIND SPEED    16   HIGHEST WIND DIRECTION    NE (50)
  HIGHEST GUST SPEED    24   HIGHEST GUST DIRECTION     E (70)
  AVERAGE WIND SPEED     5.7


SKY COVER
  AVERAGE SKY COVER 0.0


WEATHER CONDITIONS
 THE FOLLOWING WEATHER WAS RECORDED TODAY.
  HAZE


RELATIVE HUMIDITY (PERCENT)
 HIGHEST    85           700 AM
 LOWEST     12           200 PM
 AVERAGE    49

..........................................................


THE DALHART CLIMATE NORMALS FOR TOMORROW
                         NORMAL    RECORD    YEAR
 MAXIMUM TEMPERATURE (F)   77        97      2010
 MINIMUM TEMPERATURE (F)   47        28      1985


SUNRISE AND SUNSET
SEPTEMBER 28 2016.....SUNRISE   743 AM CDT   SUNSET   737 PM CDT
SEPTEMBER 29 2016.....SUNRISE   744 AM CDT   SUNSET   736 PM CDT


-  INDICATES NEGATIVE NUMBERS.
R  INDICATES RECORD WAS SET OR TIED.
MM INDICATES DATA IS MISSING.
T  INDICATES TRACE AMOUNT.




$$
