000
CDUS44 KAMA 050625
CLIDHT


CLIMATE REPORT
NATIONAL WEATHER SERVICE AMARILLO TX
125 AM CDT THU MAY 5 2016


...................................

...THE DALHART CLIMATE SUMMARY FOR MAY 4 2016...

CLIMATE NORMAL PERIOD 1981 TO 2010
CLIMATE RECORD PERIOD 1948 TO 2016


WEATHER ITEM   OBSERVED TIME   RECORD YEAR NORMAL DEPARTURE LAST
                VALUE   (LST)  VALUE       VALUE  FROM      YEAR
                                                  NORMAL
..................................................................
TEMPERATURE (F)
 YESTERDAY
  MAXIMUM         78    501 PM  96    2014  75      3       77
                                      2012
  MINIMUM         41    541 AM  27    1979  44     -3       55
  AVERAGE         60                        60      0       66

PRECIPITATION (IN)
  YESTERDAY        0.00          1.54 2001   0.06  -0.06     0.12
  MONTH TO DATE    0.16                      0.22  -0.06     0.12
  SINCE MAR 1      4.50                      2.47   2.03     1.50
  SINCE JAN 1      4.75                      3.39   1.36     4.81

SNOWFALL (IN)
  YESTERDAY        0.0           0.0    MM   0.1   -0.1      0.0
  MONTH TO DATE    0.0                       0.1   -0.1      0.0
  SINCE MAR 1      0.0                       5.5   -5.5      0.8
  SINCE JUL 1      2.5                      19.0  -16.5     34.1
  SNOW DEPTH       0

DEGREE DAYS
 HEATING
  YESTERDAY        5                         6     -1        0
  MONTH TO DATE   55                        27     28        0
  SINCE MAR 1    816                       986   -170      734
  SINCE JUL 1   3761                      4629   -868     4027

 COOLING
  YESTERDAY        0                         1     -1        1
  MONTH TO DATE    0                         4     -4       10
  SINCE MAR 1      2                        10     -8       11
  SINCE JAN 1      2                        10     -8       11
..................................................................


WIND (MPH)
  RESULTANT WIND SPEED   2   RESULTANT WIND DIRECTION  NW (320)
  HIGHEST WIND SPEED    14   HIGHEST WIND DIRECTION     N (20)
  HIGHEST GUST SPEED    18   HIGHEST GUST DIRECTION    NE (40)
  AVERAGE WIND SPEED     7.4


SKY COVER
  AVERAGE SKY COVER 0.0


WEATHER CONDITIONS
 THE FOLLOWING WEATHER WAS RECORDED YESTERDAY.
  NO SIGNIFICANT WEATHER WAS OBSERVED.


RELATIVE HUMIDITY (PERCENT)
 HIGHEST    79           300 AM
 LOWEST     21           200 PM
 AVERAGE    50

..........................................................


THE DALHART CLIMATE NORMALS FOR TODAY
                         NORMAL    RECORD    YEAR
 MAXIMUM TEMPERATURE (F)   75        96      2012
 MINIMUM TEMPERATURE (F)   45        35      2013
                                             1990


SUNRISE AND SUNSET
MAY  5 2016...........SUNRISE   653 AM CDT   SUNSET   841 PM CDT
MAY  6 2016...........SUNRISE   652 AM CDT   SUNSET   842 PM CDT


-  INDICATES NEGATIVE NUMBERS.
R  INDICATES RECORD WAS SET OR TIED.
MM INDICATES DATA IS MISSING.
T  INDICATES TRACE AMOUNT.




$$
