894
CDUS44 KAMA 240626
CLIDHT


CLIMATE REPORT
NATIONAL WEATHER SERVICE AMARILLO TX
125 AM CDT TUE MAY 24 2016


...................................

...THE DALHART CLIMATE SUMMARY FOR MAY 23 2016...

CLIMATE NORMAL PERIOD 1981 TO 2010
CLIMATE RECORD PERIOD 1948 TO 2016


WEATHER ITEM   OBSERVED TIME   RECORD YEAR NORMAL DEPARTURE LAST
                VALUE   (LST)  VALUE       VALUE  FROM      YEAR
                                                  NORMAL
..................................................................
TEMPERATURE (F)
 YESTERDAY
  MAXIMUM         86    528 PM 100    2000  81      5       70
  MINIMUM         56   1103 PM  42    1957  51      5       54
  AVERAGE         71                        66      5       62

PRECIPITATION (IN)
  YESTERDAY        0.00          1.86 1982   0.08  -0.08     0.33
  MONTH TO DATE    2.35                      1.58   0.77     1.97
  SINCE MAR 1      6.69                      3.83   2.86     3.35
  SINCE JAN 1      6.94                      4.75   2.19     6.66

SNOWFALL (IN)
  YESTERDAY        0.0           0.0    MM   0.0    0.0      0.0
  MONTH TO DATE    0.0                       0.1   -0.1      0.0
  SINCE MAR 1      0.0                       5.5   -5.5      0.8
  SINCE JUL 1      2.5                      19.0  -16.5     34.1
  SNOW DEPTH       0

DEGREE DAYS
 HEATING
  YESTERDAY        0                         2     -2        3
  MONTH TO DATE  138                       101     37      122
  SINCE MAR 1    899                      1060   -161      856
  SINCE JUL 1   3844                      4703   -859     4149

 COOLING
  YESTERDAY        6                         3      3        0
  MONTH TO DATE   27                        36     -9       12
  SINCE MAR 1     29                        42    -13       13
  SINCE JAN 1     29                        42    -13       13
..................................................................


WIND (MPH)
  RESULTANT WIND SPEED   7   RESULTANT WIND DIRECTION   S (180)
  HIGHEST WIND SPEED    26   HIGHEST WIND DIRECTION     S (160)
  HIGHEST GUST SPEED    34   HIGHEST GUST DIRECTION     S (170)
  AVERAGE WIND SPEED    10.2


SKY COVER
  AVERAGE SKY COVER 0.3


WEATHER CONDITIONS
 THE FOLLOWING WEATHER WAS RECORDED YESTERDAY.
  FOG
  FOG W/VISIBILITY <= 1/4 MILE


RELATIVE HUMIDITY (PERCENT)
 HIGHEST    93           300 AM
 LOWEST     18           500 PM
 AVERAGE    56

..........................................................


THE DALHART CLIMATE NORMALS FOR TODAY
                         NORMAL    RECORD    YEAR
 MAXIMUM TEMPERATURE (F)   81        96      1989
 MINIMUM TEMPERATURE (F)   51        42      1974


SUNRISE AND SUNSET
MAY 24 2016...........SUNRISE   638 AM CDT   SUNSET   857 PM CDT
MAY 25 2016...........SUNRISE   638 AM CDT   SUNSET   857 PM CDT


-  INDICATES NEGATIVE NUMBERS.
R  INDICATES RECORD WAS SET OR TIED.
MM INDICATES DATA IS MISSING.
T  INDICATES TRACE AMOUNT.




$$
