000
CDUS43 KBIS 250037
CLIDIK


CLIMATE REPORT
NATIONAL WEATHER SERVICE BISMARCK ND
737 PM CDT SUN SEP 24 2017


...................................

...THE DICKINSON ND CLIMATE SUMMARY FOR SEPTEMBER 24 2017...
VALID TODAY AS OF 0700 PM LOCAL TIME.

CLIMATE NORMAL PERIOD 1981 TO 2010
CLIMATE RECORD PERIOD 1893 TO 2017


WEATHER ITEM   OBSERVED TIME   RECORD YEAR NORMAL DEPARTURE LAST
                VALUE   (LST)  VALUE       VALUE  FROM      YEAR
                                                  NORMAL
..................................................................
TEMPERATURE (F)
 TODAY
  MAXIMUM         47        MM  91    1992  67    -20       70
  MINIMUM         43    500 AM  20    1926  39      4       48
  AVERAGE         45                        53     -8       59

PRECIPITATION (IN)
  TODAY            0.39          1.33 1920   0.05   0.34     0.13
  MONTH TO DATE    2.80                      1.18   1.62     3.36
  SINCE SEP 1      2.80                      1.18   1.62     3.36
  SINCE JAN 1     10.04                     13.47  -3.43    14.99

DEGREE DAYS
 HEATING
  TODAY           20                        12      8        6
  MONTH TO DATE  177                       186     -9      174
  SINCE SEP 1    177                       186     -9      174
  SINCE JUL 1    228                       272    -44      234

 COOLING
  TODAY            0                         0      0        0
  MONTH TO DATE   41                        30     11       21
  SINCE SEP 1     41                        30     11       21
  SINCE JAN 1    487                       416     71      315
..................................................................


WIND (MPH)
  RESULTANT WIND SPEED  10   RESULTANT WIND DIRECTION   N (350)
  HIGHEST WIND SPEED    13   HIGHEST WIND DIRECTION     N (360)
  HIGHEST GUST SPEED    20   HIGHEST GUST DIRECTION     N (360)
  AVERAGE WIND SPEED    10.4


SKY COVER
  POSSIBLE SUNSHINE  MM
  AVERAGE SKY COVER 0.9


WEATHER CONDITIONS
 THE FOLLOWING WEATHER WAS RECORDED TODAY.
  LIGHT RAIN
  FOG


RELATIVE HUMIDITY (PERCENT)
 HIGHEST   100           200 AM
 LOWEST     82           200 PM
 AVERAGE    91

..........................................................


THE DICKINSON ND CLIMATE NORMALS FOR TOMORROW
                         NORMAL    RECORD    YEAR
 MAXIMUM TEMPERATURE (F)   67        91      2014
 MINIMUM TEMPERATURE (F)   39        12      1926


SUNRISE AND SUNSET
SEPTEMBER 24 2017.....SUNRISE   641 AM MDT   SUNSET   644 PM MDT
SEPTEMBER 25 2017.....SUNRISE   642 AM MDT   SUNSET   642 PM MDT


-  INDICATES NEGATIVE NUMBERS.
R  INDICATES RECORD WAS SET OR TIED.
MM INDICATES DATA IS MISSING.
T  INDICATES TRACE AMOUNT.




$$
