000
CDUS43 KBIS 250025
CLIDIK


CLIMATE REPORT
NATIONAL WEATHER SERVICE BISMARCK ND
725 PM CDT THU APR 24 2014


...................................

...THE DICKINSON ND CLIMATE SUMMARY FOR APRIL 24 2014...
VALID TODAY AS OF 0700 PM LOCAL TIME.

CLIMATE NORMAL PERIOD 1981 TO 2010
CLIMATE RECORD PERIOD 1903 TO 2014


WEATHER ITEM   OBSERVED TIME   RECORD YEAR NORMAL DEPARTURE LAST
                VALUE   (LST)  VALUE       VALUE  FROM      YEAR
                                                  NORMAL
..................................................................
TEMPERATURE (F)
 TODAY
  MAXIMUM         62    100 PM  90    2012  59      3       40
  MINIMUM         32        MM  18    1931  32      0       22
  AVERAGE         47                        46      1       31

PRECIPITATION (IN)
  TODAY            0.00          0.90 1990   0.06  -0.06      T
  MONTH TO DATE    0.04                      1.08  -1.04     0.59
  SINCE MAR 1      0.54                      1.77  -1.23     0.94
  SINCE JAN 1      0.71                      2.40  -1.69     1.02

DEGREE DAYS
 HEATING
  TODAY           18                        19     -1       34
  MONTH TO DATE  649                       572     77      823
  SINCE MAR 1   1845                      1658    187     2029
  SINCE JUL 1   8487                      7952    535     8007

 COOLING
  TODAY            0                         0      0        0
  MONTH TO DATE    0                         0      0        0
  SINCE MAR 1      0                         0      0        0
  SINCE JAN 1      0                         0      0        0
..................................................................


WIND (MPH)
  RESULTANT WIND SPEED  16   RESULTANT WIND DIRECTION   W (280)
  HIGHEST WIND SPEED    23   HIGHEST WIND DIRECTION     W (270)
  HIGHEST GUST SPEED    37   HIGHEST GUST DIRECTION    NW (300)
  AVERAGE WIND SPEED    16.8


SKY COVER
  POSSIBLE SUNSHINE  MM
  AVERAGE SKY COVER 0.1


WEATHER CONDITIONS
 THE FOLLOWING WEATHER WAS RECORDED TODAY.
  NO SIGNIFICANT WEATHER WAS OBSERVED.


RELATIVE HUMIDITY (PERCENT)
 HIGHEST    69           500 AM
 LOWEST     20           100 PM
 AVERAGE    45

..........................................................


THE DICKINSON ND CLIMATE NORMALS FOR TOMORROW
                         NORMAL    RECORD    YEAR
 MAXIMUM TEMPERATURE (F)   60        82      1952
 MINIMUM TEMPERATURE (F)   33        13      1907


SUNRISE AND SUNSET
APRIL 24 2014.........SUNRISE   548 AM MDT   SUNSET   752 PM MDT
APRIL 25 2014.........SUNRISE   546 AM MDT   SUNSET   753 PM MDT


-  INDICATES NEGATIVE NUMBERS.
R  INDICATES RECORD WAS SET OR TIED.
MM INDICATES DATA IS MISSING.
T  INDICATES TRACE AMOUNT.




$$
