000
CDUS43 KBIS 260724
CLIDIK


CLIMATE REPORT
NATIONAL WEATHER SERVICE BISMARCK ND
224 AM CDT THU MAY 26 2016


...................................

...THE DICKINSON ND CLIMATE SUMMARY FOR MAY 25 2016...

CLIMATE NORMAL PERIOD 1981 TO 2010
CLIMATE RECORD PERIOD 1893 TO 2016


WEATHER ITEM   OBSERVED TIME   RECORD YEAR NORMAL DEPARTURE LAST
                VALUE   (LST)  VALUE       VALUE  FROM      YEAR
                                                  NORMAL
..................................................................
TEMPERATURE (F)
 YESTERDAY
  MAXIMUM         61    401 PM  95    1931  69     -8       67
  MINIMUM         41   1140 PM  24    1924  43     -2       45
  AVERAGE         51                        56     -5       56

PRECIPITATION (IN)
  YESTERDAY        0.01          1.17 1906   0.08  -0.07     0.02
  MONTH TO DATE    0.17                      1.81  -1.64     1.55
  SINCE MAR 1      2.80                      3.97  -1.17     3.05
  SINCE JAN 1      3.22                      4.60  -1.38     3.32

DEGREE DAYS
 HEATING
  YESTERDAY       14                         9      5        9
  MONTH TO DATE  316                       327    -11      381
  SINCE MAR 1   1862                      2095   -233     1848
  SINCE JUL 1   7271                      8389  -1118     7963

 COOLING
  YESTERDAY        0                         0      0        0
  MONTH TO DATE    3                         0      3        0
  SINCE MAR 1      3                         1      2        0
  SINCE JAN 1      3                         1      2        0
..................................................................


WIND (MPH)
  HIGHEST WIND SPEED    24   HIGHEST WIND DIRECTION    NW (300)
  HIGHEST GUST SPEED    28   HIGHEST GUST DIRECTION    NW (300)
  AVERAGE WIND SPEED    11.3


SKY COVER
  POSSIBLE SUNSHINE  MM
  AVERAGE SKY COVER 0.6


WEATHER CONDITIONS
 THE FOLLOWING WEATHER WAS RECORDED YESTERDAY.
  LIGHT RAIN
  FOG


RELATIVE HUMIDITY (PERCENT)
 HIGHEST    93           300 AM
 LOWEST     55           400 PM
 AVERAGE    74

..........................................................


THE DICKINSON ND CLIMATE NORMALS FOR TODAY
                         NORMAL    RECORD    YEAR
 MAXIMUM TEMPERATURE (F)   69        98      1900
 MINIMUM TEMPERATURE (F)   44        23      1893


SUNRISE AND SUNSET
MAY 26 2016...........SUNRISE   505 AM MDT   SUNSET   832 PM MDT
MAY 27 2016...........SUNRISE   504 AM MDT   SUNSET   833 PM MDT


-  INDICATES NEGATIVE NUMBERS.
R  INDICATES RECORD WAS SET OR TIED.
MM INDICATES DATA IS MISSING.
T  INDICATES TRACE AMOUNT.




$$
