000
CDUS43 KBIS 060724
CLIDIK


CLIMATE REPORT
NATIONAL WEATHER SERVICE BISMARCK ND
124 AM CST FRI MAR 6 2015


...................................

...THE DICKINSON ND CLIMATE SUMMARY FOR MARCH 5 2015...

CLIMATE NORMAL PERIOD 1981 TO 2010
CLIMATE RECORD PERIOD 1903 TO 2015


WEATHER ITEM   OBSERVED TIME   RECORD YEAR NORMAL DEPARTURE LAST
                VALUE   (LST)  VALUE       VALUE  FROM      YEAR
                                                  NORMAL
..................................................................
TEMPERATURE (F)
 YESTERDAY
  MAXIMUM         43    331 PM  71    2000  36      7       41
  MINIMUM          0    100 AM -20    1919  15    -15        5
  AVERAGE         22                        26     -4       23

PRECIPITATION (IN)
  YESTERDAY        0.00          0.56 1983   0.02  -0.02      T
  MONTH TO DATE    T                         0.08  -0.08     0.03
  SINCE MAR 1      T                         0.08  -0.08     0.03
  SINCE JAN 1      0.27                      0.71  -0.44     0.20

DEGREE DAYS
 HEATING
  YESTERDAY       43                        39      4       42
  MONTH TO DATE  251                       200     51      304
  SINCE MAR 1    251                       200     51      304
  SINCE JUL 1   6366                      6494   -128     6946

 COOLING
  YESTERDAY        0                         0      0        0
  MONTH TO DATE    0                         0      0        0
  SINCE MAR 1      0                         0      0        0
  SINCE JAN 1      0                         0      0        0
..................................................................


WIND (MPH)
  HIGHEST WIND SPEED    23   HIGHEST WIND DIRECTION     W (290)
  HIGHEST GUST SPEED    30   HIGHEST GUST DIRECTION     W (290)
  AVERAGE WIND SPEED    12.9


SKY COVER
  POSSIBLE SUNSHINE  MM
  AVERAGE SKY COVER 0.2


WEATHER CONDITIONS
 THE FOLLOWING WEATHER WAS RECORDED YESTERDAY.
  HAZE


RELATIVE HUMIDITY (PERCENT)
 HIGHEST    76           500 AM
 LOWEST     24           300 PM
 AVERAGE    50

..........................................................


THE DICKINSON ND CLIMATE NORMALS FOR TODAY
                         NORMAL    RECORD    YEAR
 MAXIMUM TEMPERATURE (F)   37        72      1987
 MINIMUM TEMPERATURE (F)   15       -20      1947


SUNRISE AND SUNSET
MARCH  6 2015.........SUNRISE   622 AM MST   SUNSET   544 PM MST
MARCH  7 2015.........SUNRISE   620 AM MST   SUNSET   545 PM MST


-  INDICATES NEGATIVE NUMBERS.
R  INDICATES RECORD WAS SET OR TIED.
MM INDICATES DATA IS MISSING.
T  INDICATES TRACE AMOUNT.




$$
