000
CDUS43 KBIS 020025
CLIDIK


CLIMATE REPORT
NATIONAL WEATHER SERVICE BISMARCK ND
625 PM CST SUN FEB 1 2015


...................................

...THE DICKINSON ND CLIMATE SUMMARY FOR FEBRUARY 1 2015...
VALID TODAY AS OF 0600 PM LOCAL TIME.

CLIMATE NORMAL PERIOD 1981 TO 2010
CLIMATE RECORD PERIOD 1903 TO 2015


WEATHER ITEM   OBSERVED TIME   RECORD YEAR NORMAL DEPARTURE LAST
                VALUE   (LST)  VALUE       VALUE  FROM      YEAR
                                                  NORMAL
..................................................................
TEMPERATURE (F)
 TODAY
  MAXIMUM          6    344 PM  68    1992  28    -22       11
  MINIMUM        -13    749 AM -38    1917   8    -21        0
  AVERAGE         -3                        18    -21        6

PRECIPITATION (IN)
  TODAY            0.01          0.60 1972   0.01   0.00      T
  MONTH TO DATE    0.01                      0.01   0.00      T
  SINCE DEC 1      0.20                      0.55  -0.35     0.40
  SINCE JAN 1      0.13                      0.31  -0.18     0.04

DEGREE DAYS
 HEATING
  TODAY           68                        47     21       59
  MONTH TO DATE   68                        47     21       59
  SINCE DEC 1   2647                      3017   -370     3248
  SINCE JUL 1   4853                      5094   -241     5192

 COOLING
  TODAY            0                         0      0        0
  MONTH TO DATE    0                         0      0        0
  SINCE DEC 1      0                         0      0        0
  SINCE JAN 1      0                         0      0        0
..................................................................


WIND (MPH)
  RESULTANT WIND SPEED   3   RESULTANT WIND DIRECTION  NW (310)
  HIGHEST WIND SPEED    12   HIGHEST WIND DIRECTION     N (10)
  HIGHEST GUST SPEED    14   HIGHEST GUST DIRECTION     N (20)
  AVERAGE WIND SPEED     6.1


SKY COVER
  POSSIBLE SUNSHINE  MM
  AVERAGE SKY COVER 0.4


WEATHER CONDITIONS
 THE FOLLOWING WEATHER WAS RECORDED TODAY.
  LIGHT SNOW
  FOG
  HAZE


RELATIVE HUMIDITY (PERCENT)
 HIGHEST    83           800 AM
 LOWEST     60           300 PM
 AVERAGE    72

..........................................................


THE DICKINSON ND CLIMATE NORMALS FOR TOMORROW
                         NORMAL    RECORD    YEAR
 MAXIMUM TEMPERATURE (F)   28        55      1962
 MINIMUM TEMPERATURE (F)    8       -44      1917


SUNRISE AND SUNSET
FEBRUARY  1 2015......SUNRISE   716 AM MST   SUNSET   454 PM MST
FEBRUARY  2 2015......SUNRISE   715 AM MST   SUNSET   456 PM MST


-  INDICATES NEGATIVE NUMBERS.
R  INDICATES RECORD WAS SET OR TIED.
MM INDICATES DATA IS MISSING.
T  INDICATES TRACE AMOUNT.




$$
