000
CDUS43 KBIS 200823
CLIDIK


CLIMATE REPORT
NATIONAL WEATHER SERVICE BISMARCK ND
203 AM CST MON NOV 20 2017


...................................

...THE DICKINSON ND CLIMATE SUMMARY FOR NOVEMBER 19 2017...

CLIMATE NORMAL PERIOD 1981 TO 2010
CLIMATE RECORD PERIOD 1893 TO 2017


WEATHER ITEM   OBSERVED TIME   RECORD YEAR NORMAL DEPARTURE LAST
                VALUE   (LST)  VALUE       VALUE  FROM      YEAR
                                                  NORMAL
..................................................................
TEMPERATURE (F)
 YESTERDAY
  MAXIMUM         45    201 PM  69    1897  38      7       37
  MINIMUM         25    110 AM -22    1921  17      8        9
  AVERAGE         35                        28      7       23

PRECIPITATION (IN)
  YESTERDAY        0.00          0.26 1977   0.01  -0.01     0.00
  MONTH TO DATE    0.08                      0.41  -0.33      T
  SINCE SEP 1      2.97                      3.11  -0.14     4.35
  SINCE JAN 1     10.21                     15.40  -5.19    15.98

DEGREE DAYS
 HEATING
  YESTERDAY       30                        37     -7       42
  MONTH TO DATE  734                       622    112      422
  SINCE SEP 1   1608                      1547     61     1246
  SINCE JUL 1   1659                      1633     26     1306

 COOLING
  YESTERDAY        0                         0      0        0
  MONTH TO DATE    0                         0      0        0
  SINCE SEP 1     41                        33      8       21
  SINCE JAN 1    487                       419     68      315
..................................................................


WIND (MPH)
  HIGHEST WIND SPEED    18   HIGHEST WIND DIRECTION    SW (230)
  HIGHEST GUST SPEED    23   HIGHEST GUST DIRECTION    SW (230)
  AVERAGE WIND SPEED    11.8


SKY COVER
  POSSIBLE SUNSHINE  MM
  AVERAGE SKY COVER 0.0


WEATHER CONDITIONS
 THE FOLLOWING WEATHER WAS RECORDED YESTERDAY.
  NO SIGNIFICANT WEATHER WAS OBSERVED.


RELATIVE HUMIDITY (PERCENT)
 HIGHEST    75          1200 AM
 LOWEST     37           100 PM
 AVERAGE    56

..........................................................


THE DICKINSON ND CLIMATE NORMALS FOR TODAY
                         NORMAL    RECORD    YEAR
 MAXIMUM TEMPERATURE (F)   37        65      1908
 MINIMUM TEMPERATURE (F)   17       -15      1937
                                             1921


SUNRISE AND SUNSET
NOVEMBER 20 2017......SUNRISE   701 AM MST   SUNSET   412 PM MST
NOVEMBER 21 2017......SUNRISE   703 AM MST   SUNSET   411 PM MST


-  INDICATES NEGATIVE NUMBERS.
R  INDICATES RECORD WAS SET OR TIED.
MM INDICATES DATA IS MISSING.
T  INDICATES TRACE AMOUNT.




$$
