000
CDUS43 KBIS 010749
CLIDIK


CLIMATE REPORT
NATIONAL WEATHER SERVICE BISMARCK ND
248 AM CDT SAT AUG 1 2015


...................................

...THE DICKINSON ND CLIMATE SUMMARY FOR JULY 31 2015...

CLIMATE NORMAL PERIOD 1981 TO 2010
CLIMATE RECORD PERIOD 1893 TO 2015


WEATHER ITEM   OBSERVED TIME   RECORD YEAR NORMAL DEPARTURE LAST
                VALUE   (LST)  VALUE       VALUE  FROM      YEAR
                                                  NORMAL
..................................................................
TEMPERATURE (F)
 YESTERDAY
  MAXIMUM         90    345 PM 104    1900  86      4       88
  MINIMUM         50    250 AM  37    1925  56     -6       55
  AVERAGE         70                        71     -1       72

PRECIPITATION (IN)
  YESTERDAY        0.00          0.87 1931   0.06  -0.06     0.00
  MONTH TO DATE    2.37                      2.44  -0.07     1.11
  SINCE JUN 1      5.30                      5.64  -0.34     4.94
  SINCE JAN 1      8.73                     10.75  -2.02    12.98

DEGREE DAYS
 HEATING
  YESTERDAY        0                         1     -1        0
  MONTH TO DATE   14                        37    -23       49
  SINCE JUN 1     82                       171    -89      214
  SINCE JUL 1     14                        34    -20       49

 COOLING
  YESTERDAY        5                         6     -1        7
  MONTH TO DATE  172                       165      7       95
  SINCE JUN 1    230                       219     11      107
  SINCE JAN 1    230                       229      1      137
..................................................................


WIND (MPH)
  HIGHEST WIND SPEED    14   HIGHEST WIND DIRECTION     W (290)
  HIGHEST GUST SPEED    17   HIGHEST GUST DIRECTION     N (350)
  AVERAGE WIND SPEED     7.9


SKY COVER
  POSSIBLE SUNSHINE  MM
  AVERAGE SKY COVER 0.0


WEATHER CONDITIONS
 THE FOLLOWING WEATHER WAS RECORDED YESTERDAY.
  NO SIGNIFICANT WEATHER WAS OBSERVED.


RELATIVE HUMIDITY (PERCENT)
 HIGHEST    83           300 AM
 LOWEST     18           100 PM
 AVERAGE    51

..........................................................


THE DICKINSON ND CLIMATE NORMALS FOR TODAY
                         NORMAL    RECORD    YEAR
 MAXIMUM TEMPERATURE (F)   86       110      1900
 MINIMUM TEMPERATURE (F)   56        38      1948
                                             1896


SUNRISE AND SUNSET
AUGUST  1 2015........SUNRISE   531 AM MDT   SUNSET   823 PM MDT
AUGUST  2 2015........SUNRISE   532 AM MDT   SUNSET   822 PM MDT


-  INDICATES NEGATIVE NUMBERS.
R  INDICATES RECORD WAS SET OR TIED.
MM INDICATES DATA IS MISSING.
T  INDICATES TRACE AMOUNT.




$$
