000
CDUS43 KBIS 111245
CLIDIK


CLIMATE REPORT
NATIONAL WEATHER SERVICE BISMARCK ND
645 AM CST THU FEB 11 2016


...................................

...THE DICKINSON ND CLIMATE SUMMARY FOR FEBRUARY 10 2016...

CLIMATE NORMAL PERIOD 1981 TO 2010
CLIMATE RECORD PERIOD 1893 TO 2016


WEATHER ITEM   OBSERVED TIME   RECORD YEAR NORMAL DEPARTURE LAST
                VALUE   (LST)  VALUE       VALUE  FROM      YEAR
                                                  NORMAL
..................................................................
TEMPERATURE (F)
 YESTERDAY
  MAXIMUM         41   1102 AM  58    1984  30     11       34
  MINIMUM         23   1038 PM -35    1936   9     14       14
  AVERAGE         32                        19     13       24

PRECIPITATION (IN)
  YESTERDAY        0.00          0.30 1902   0.01  -0.01      T
  MONTH TO DATE    T                         0.08  -0.08     0.15
  SINCE DEC 1      0.42                      0.62  -0.20     0.34
  SINCE JAN 1      0.16                      0.38  -0.22     0.27

DEGREE DAYS
 HEATING
  YESTERDAY       33                        46    -13       41
  MONTH TO DATE  376                       465    -89      432
  SINCE DEC 1   3098                      3435   -337     3011
  SINCE JUL 1   4772                      5512   -740     5217

 COOLING
  YESTERDAY        0                         0      0        0
  MONTH TO DATE    0                         0      0        0
  SINCE DEC 1      0                         0      0        0
  SINCE JAN 1      0                         0      0        0
..................................................................


WIND (MPH)
  HIGHEST WIND SPEED    24   HIGHEST WIND DIRECTION    NW (320)
  HIGHEST GUST SPEED    29   HIGHEST GUST DIRECTION     N (340)
  AVERAGE WIND SPEED    12.1


SKY COVER
  POSSIBLE SUNSHINE  MM
  AVERAGE SKY COVER 0.6


WEATHER CONDITIONS
 THE FOLLOWING WEATHER WAS RECORDED YESTERDAY.
  FOG
  HAZE


RELATIVE HUMIDITY (PERCENT)
 HIGHEST    92           400 AM
 LOWEST     64          1000 AM
 AVERAGE    78

..........................................................


THE DICKINSON ND CLIMATE NORMALS FOR TODAY
                         NORMAL    RECORD    YEAR
 MAXIMUM TEMPERATURE (F)   30        56      2005
 MINIMUM TEMPERATURE (F)    9       -35      1939
                                             1899


SUNRISE AND SUNSET
FEBRUARY 11 2016......SUNRISE   702 AM MST   SUNSET   509 PM MST
FEBRUARY 12 2016......SUNRISE   701 AM MST   SUNSET   511 PM MST


-  INDICATES NEGATIVE NUMBERS.
R  INDICATES RECORD WAS SET OR TIED.
MM INDICATES DATA IS MISSING.
T  INDICATES TRACE AMOUNT.




$$
