000
CDUS43 KBIS 280738
CLIDIK


CLIMATE REPORT
NATIONAL WEATHER SERVICE BISMARCK ND
238 AM CDT THU MAY 28 2015


...................................

...THE DICKINSON ND CLIMATE SUMMARY FOR MAY 27 2015...

CLIMATE NORMAL PERIOD 1981 TO 2010
CLIMATE RECORD PERIOD 1893 TO 2015


WEATHER ITEM   OBSERVED TIME   RECORD YEAR NORMAL DEPARTURE LAST
                VALUE   (LST)  VALUE       VALUE  FROM      YEAR
                                                  NORMAL
..................................................................
TEMPERATURE (F)
 YESTERDAY
  MAXIMUM         79   1133 AM  99    1934  69     10       79
  MINIMUM         46    341 AM  25    1947  44      2       58
  AVERAGE         63                        56      7       69

PRECIPITATION (IN)
  YESTERDAY        0.11          1.05 2013   0.08   0.03     0.24
  MONTH TO DATE    1.66                      1.98  -0.32     5.73
  SINCE MAR 1      3.16                      4.14  -0.98     7.42
  SINCE JAN 1      3.43                      4.77  -1.34     7.59

DEGREE DAYS
 HEATING
  YESTERDAY        2                         9     -7        0
  MONTH TO DATE  389                       345     44      381
  SINCE MAR 1   1856                      2113   -257     2352
  SINCE JUL 1   7971                      8407   -436     8994

 COOLING
  YESTERDAY        0                         0      0        4
  MONTH TO DATE    0                         0      0       16
  SINCE MAR 1      0                         1     -1       16
  SINCE JAN 1      0                         1     -1       16
..................................................................


WIND (MPH)
  HIGHEST WIND SPEED    31   HIGHEST WIND DIRECTION    NW (320)
  HIGHEST GUST SPEED    38   HIGHEST GUST DIRECTION    NW (320)
  AVERAGE WIND SPEED    10.6


SKY COVER
  POSSIBLE SUNSHINE  MM
  AVERAGE SKY COVER 0.4


WEATHER CONDITIONS
 THE FOLLOWING WEATHER WAS RECORDED YESTERDAY.
  THUNDERSTORM
  RAIN
  LIGHT RAIN
  FOG


RELATIVE HUMIDITY (PERCENT)
 HIGHEST   100           800 PM
 LOWEST     35          1200 PM
 AVERAGE    68

..........................................................


THE DICKINSON ND CLIMATE NORMALS FOR TODAY
                         NORMAL    RECORD    YEAR
 MAXIMUM TEMPERATURE (F)   70       101      1934
 MINIMUM TEMPERATURE (F)   44        18      1947


SUNRISE AND SUNSET
MAY 28 2015...........SUNRISE   504 AM MDT   SUNSET   834 PM MDT
MAY 29 2015...........SUNRISE   503 AM MDT   SUNSET   835 PM MDT


-  INDICATES NEGATIVE NUMBERS.
R  INDICATES RECORD WAS SET OR TIED.
MM INDICATES DATA IS MISSING.
T  INDICATES TRACE AMOUNT.




$$
