000
CDUS43 KBIS 250755
CLIDIK


CLIMATE REPORT
NATIONAL WEATHER SERVICE BISMARCK ND
154 AM CST TUE NOV 25 2014


...................................

...THE DICKINSON ND CLIMATE SUMMARY FOR NOVEMBER 24 2014...

CLIMATE NORMAL PERIOD 1981 TO 2010
CLIMATE RECORD PERIOD 1903 TO 2014


WEATHER ITEM   OBSERVED TIME   RECORD YEAR NORMAL DEPARTURE LAST
                VALUE   (LST)  VALUE       VALUE  FROM      YEAR
                                                  NORMAL
..................................................................
TEMPERATURE (F)
 YESTERDAY
  MAXIMUM         29    852 PM  66    1984  35     -6       44
  MINIMUM         10    642 AM -17    1977  15     -5       18
  AVERAGE         20                        25     -5       31

PRECIPITATION (IN)
  YESTERDAY        0.00          0.16 1993   0.01  -0.01     0.00
  MONTH TO DATE    0.27                      0.48  -0.21     0.06
  SINCE SEP 1      2.00                      3.18  -1.18     7.83
  SINCE JAN 1     21.77                     15.47   6.30    22.84

DEGREE DAYS
 HEATING
  YESTERDAY       45                        40      5       34
  MONTH TO DATE 1010                       816    194      835
  SINCE SEP 1   1829                      1741     88     1676
  SINCE JUL 1   1930                      1827    103     1716

 COOLING
  YESTERDAY        0                         0      0        0
  MONTH TO DATE    0                         0      0        0
  SINCE SEP 1     24                        33     -9       74
  SINCE JAN 1    256                       419   -163      386
..................................................................


WIND (MPH)
  HIGHEST WIND SPEED    24   HIGHEST WIND DIRECTION     W (290)
  HIGHEST GUST SPEED    28   HIGHEST GUST DIRECTION     W (290)
  AVERAGE WIND SPEED    12.3


SKY COVER
  POSSIBLE SUNSHINE  MM
  AVERAGE SKY COVER 0.2


WEATHER CONDITIONS
 THE FOLLOWING WEATHER WAS RECORDED YESTERDAY.
  NO SIGNIFICANT WEATHER WAS OBSERVED.


RELATIVE HUMIDITY (PERCENT)
 HIGHEST    92          1200 AM
 LOWEST     68          1200 PM
 AVERAGE    80

..........................................................


THE DICKINSON ND CLIMATE NORMALS FOR TODAY
                         NORMAL    RECORD    YEAR
 MAXIMUM TEMPERATURE (F)   35        70      1960
 MINIMUM TEMPERATURE (F)   15       -14      1977


SUNRISE AND SUNSET
NOVEMBER 25 2014......SUNRISE   708 AM MST   SUNSET   408 PM MST
NOVEMBER 26 2014......SUNRISE   709 AM MST   SUNSET   408 PM MST


-  INDICATES NEGATIVE NUMBERS.
R  INDICATES RECORD WAS SET OR TIED.
MM INDICATES DATA IS MISSING.
T  INDICATES TRACE AMOUNT.




$$
