000
CDUS43 KBIS 060905
CLIDIK


CLIMATE REPORT
NATIONAL WEATHER SERVICE BISMARCK ND
405 AM CDT MON JUL 6 2015


...................................

...THE DICKINSON ND CLIMATE SUMMARY FOR JULY 5 2015...

CLIMATE NORMAL PERIOD 1981 TO 2010
CLIMATE RECORD PERIOD 1893 TO 2015


WEATHER ITEM   OBSERVED TIME   RECORD YEAR NORMAL DEPARTURE LAST
                VALUE   (LST)  VALUE       VALUE  FROM      YEAR
                                                  NORMAL
..................................................................
TEMPERATURE (F)
 YESTERDAY
  MAXIMUM         73   1114 AM 109    1936  82     -9       93
  MINIMUM         55   1048 PM  39    1929  54      1       58
                                      1915
  AVERAGE         64                        68     -4       76

PRECIPITATION (IN)
  YESTERDAY        0.10          0.90 1933   0.09   0.01     0.00
  MONTH TO DATE    0.12                      0.46  -0.34     0.02
  SINCE JUN 1      3.05                      3.66  -0.61     3.85
  SINCE JAN 1      6.48                      8.77  -2.29    11.89

DEGREE DAYS
 HEATING
  YESTERDAY        1                         2     -1        0
  MONTH TO DATE    1                        10     -9       15
  SINCE JUN 1     69                       147    -78      180
  SINCE JUL 1      1                        10     -9       15

 COOLING
  YESTERDAY        0                         4     -4       11
  MONTH TO DATE   24                        20      4       19
  SINCE JUN 1     82                        74      8       31
  SINCE JAN 1     82                        84     -2       61
..................................................................


WIND (MPH)
  HIGHEST WIND SPEED    26   HIGHEST WIND DIRECTION     N (20)
  HIGHEST GUST SPEED    35   HIGHEST GUST DIRECTION    NW (330)
  AVERAGE WIND SPEED    11.3


SKY COVER
  POSSIBLE SUNSHINE  MM
  AVERAGE SKY COVER 0.5


WEATHER CONDITIONS
 THE FOLLOWING WEATHER WAS RECORDED YESTERDAY.
  THUNDERSTORM
  RAIN
  LIGHT RAIN
  FOG
  HAZE


RELATIVE HUMIDITY (PERCENT)
 HIGHEST    93           200 AM
 LOWEST     63           800 PM
 AVERAGE    78

..........................................................


THE DICKINSON ND CLIMATE NORMALS FOR TODAY
                         NORMAL    RECORD    YEAR
 MAXIMUM TEMPERATURE (F)   82       114      1936
 MINIMUM TEMPERATURE (F)   54        33      1934


SUNRISE AND SUNSET
JULY  6 2015..........SUNRISE   504 AM MDT   SUNSET   847 PM MDT
JULY  7 2015..........SUNRISE   505 AM MDT   SUNSET   847 PM MDT


-  INDICATES NEGATIVE NUMBERS.
R  INDICATES RECORD WAS SET OR TIED.
MM INDICATES DATA IS MISSING.
T  INDICATES TRACE AMOUNT.




$$
