000
CDUS43 KBIS 200724
CLIDIK


CLIMATE REPORT
NATIONAL WEATHER SERVICE BISMARCK ND
224 AM CDT MON OCT 20 2014


...................................

...THE DICKINSON ND CLIMATE SUMMARY FOR OCTOBER 19 2014...

CLIMATE NORMAL PERIOD 1981 TO 2010
CLIMATE RECORD PERIOD 1903 TO 2014


WEATHER ITEM   OBSERVED TIME   RECORD YEAR NORMAL DEPARTURE LAST
                VALUE   (LST)  VALUE       VALUE  FROM      YEAR
                                                  NORMAL
..................................................................
TEMPERATURE (F)
 YESTERDAY
  MAXIMUM         70    237 PM  85    1947  55     15       59
  MINIMUM         39   1148 PM   8    1960  30      9       35
  AVERAGE         55                        43     12       47

PRECIPITATION (IN)
  YESTERDAY        0.00          0.15 2009   0.05  -0.05     0.00
  MONTH TO DATE    0.35                      0.85  -0.50     4.18
  SINCE SEP 1      1.71                      2.32  -0.61     7.50
  SINCE JAN 1     21.48                     14.61   6.87    22.51

DEGREE DAYS
 HEATING
  YESTERDAY       10                        22    -12       18
  MONTH TO DATE  321                       353    -32      362
  SINCE SEP 1    583                       621    -38      490
  SINCE JUL 1    684                       707    -23      530

 COOLING
  YESTERDAY        0                         0      0        0
  MONTH TO DATE    0                         0      0        0
  SINCE SEP 1     24                        32     -8       74
  SINCE JAN 1    256                       418   -162      386
..................................................................


WIND (MPH)
  HIGHEST WIND SPEED    18   HIGHEST WIND DIRECTION     W (290)
  HIGHEST GUST SPEED    23   HIGHEST GUST DIRECTION     W (280)
  AVERAGE WIND SPEED     9.2


SKY COVER
  POSSIBLE SUNSHINE  MM
  AVERAGE SKY COVER 0.0


WEATHER CONDITIONS
 THE FOLLOWING WEATHER WAS RECORDED YESTERDAY.
  NO SIGNIFICANT WEATHER WAS OBSERVED.


RELATIVE HUMIDITY (PERCENT)
 HIGHEST    76           400 AM
 LOWEST     31           300 PM
 AVERAGE    54

..........................................................


THE DICKINSON ND CLIMATE NORMALS FOR TODAY
                         NORMAL    RECORD    YEAR
 MAXIMUM TEMPERATURE (F)   55        79      1921
 MINIMUM TEMPERATURE (F)   30         7      1910


SUNRISE AND SUNSET
OCTOBER 20 2014.......SUNRISE   716 AM MDT   SUNSET   555 PM MDT
OCTOBER 21 2014.......SUNRISE   718 AM MDT   SUNSET   553 PM MDT


-  INDICATES NEGATIVE NUMBERS.
R  INDICATES RECORD WAS SET OR TIED.
MM INDICATES DATA IS MISSING.
T  INDICATES TRACE AMOUNT.




$$
