000
CDUS43 KBIS 180725
CLIDIK


CLIMATE REPORT
NATIONAL WEATHER SERVICE BISMARCK ND
124 AM CST THU JAN 18 2018


...................................

...THE DICKINSON ND CLIMATE SUMMARY FOR JANUARY 17 2018...

CLIMATE NORMAL PERIOD 1981 TO 2010
CLIMATE RECORD PERIOD 1893 TO 2018


WEATHER ITEM   OBSERVED TIME   RECORD YEAR NORMAL DEPARTURE LAST
                VALUE   (LST)  VALUE       VALUE  FROM      YEAR
                                                  NORMAL
..................................................................
TEMPERATURE (F)
 YESTERDAY
  MAXIMUM         37    114 PM  51    1974  26     11       34
                                      1944
  MINIMUM         17    233 AM -40    1943   6     11       12
  AVERAGE         27                        16     11       23

PRECIPITATION (IN)
  YESTERDAY        0.00          0.33 1996   0.01  -0.01     0.00
  MONTH TO DATE    0.03                      0.18  -0.15     0.07
  SINCE DEC 1      0.16                      0.42  -0.26     0.23
  SINCE JAN 1      0.03                      0.18  -0.15     0.07

DEGREE DAYS
 HEATING
  YESTERDAY       38                        49    -11       42
  MONTH TO DATE  919                       833     86     1076
  SINCE DEC 1   2389                      2293     96     2705
  SINCE JUL 1   4342                      4370    -28     4372

 COOLING
  YESTERDAY        0                         0      0        0
  MONTH TO DATE    0                         0      0        0
  SINCE DEC 1      0                         0      0        0
  SINCE JAN 1      0                         0      0        0
..................................................................


WIND (MPH)
  HIGHEST WIND SPEED    24   HIGHEST WIND DIRECTION     W (270)
  HIGHEST GUST SPEED    28   HIGHEST GUST DIRECTION     W (280)
  AVERAGE WIND SPEED    15.9


SKY COVER
  POSSIBLE SUNSHINE  MM
  AVERAGE SKY COVER 0.0


WEATHER CONDITIONS
 THE FOLLOWING WEATHER WAS RECORDED YESTERDAY.
  NO SIGNIFICANT WEATHER WAS OBSERVED.


RELATIVE HUMIDITY (PERCENT)
 HIGHEST    74           900 PM
 LOWEST     49          1200 AM
 AVERAGE    62

..........................................................


THE DICKINSON ND CLIMATE NORMALS FOR TODAY
                         NORMAL    RECORD    YEAR
 MAXIMUM TEMPERATURE (F)   26        55      1908
 MINIMUM TEMPERATURE (F)    6       -41      1943


SUNRISE AND SUNSET
JANUARY 18 2018.......SUNRISE   730 AM MST   SUNSET   434 PM MST
JANUARY 19 2018.......SUNRISE   729 AM MST   SUNSET   435 PM MST


-  INDICATES NEGATIVE NUMBERS.
R  INDICATES RECORD WAS SET OR TIED.
MM INDICATES DATA IS MISSING.
T  INDICATES TRACE AMOUNT.




$$
