000
CDUS43 KDLH 010624
CLIDLH


CLIMATE REPORT
NATIONAL WEATHER SERVICE DULUTH MN
1224 AM CST SUN FEB 1 2015


...................................

...THE DULUTH MN CLIMATE SUMMARY FOR JANUARY 31 2015...

CLIMATE NORMAL PERIOD 1981 TO 2010
CLIMATE RECORD PERIOD 1870 TO 2015


WEATHER ITEM   OBSERVED TIME   RECORD YEAR NORMAL DEPARTURE LAST
                VALUE   (LST)  VALUE       VALUE  FROM      YEAR
                                                  NORMAL
..................................................................
TEMPERATURE (F)
 YESTERDAY
  MAXIMUM         21    505 AM  48    1892  20      1        5
  MINIMUM          1   1159 PM -33    1982   2     -1      -17
  AVERAGE         11                        11      0       -6

PRECIPITATION (IN)
  YESTERDAY        T             0.45 1885   0.03  -0.03     0.00
  MONTH TO DATE    0.46                      0.96  -0.50     0.73
  SINCE DEC 1      1.72                      2.17  -0.45     3.61
  SINCE JAN 1      0.46                      0.96  -0.50     0.73

SNOWFALL (IN)
  YESTERDAY        T             3.2  1981   0.5   -0.5      0.0
  MONTH TO DATE    6.6                      19.4  -12.8      9.4
  SINCE DEC 1     15.2                      37.1  -21.9     49.3
  SINCE JUL 1     31.7                      53.2  -21.5     54.3
  SNOW DEPTH       7

DEGREE DAYS
 HEATING
  YESTERDAY       54                        54      0       71
  MONTH TO DATE 1616                      1698    -82     1955
  SINCE DEC 1   2957                      3255   -298     3821
  SINCE JUL 1   5172                      5468   -296     5778

 COOLING
  YESTERDAY        0                         0      0        0
  MONTH TO DATE    0                         0      0        0
  SINCE DEC 1      0                         0      0        0
  SINCE JAN 1      0                         0      0        0
..................................................................


WIND (MPH)
  HIGHEST WIND SPEED    16   HIGHEST WIND DIRECTION     N (10)
  HIGHEST GUST SPEED    22   HIGHEST GUST DIRECTION     N (340)
  AVERAGE WIND SPEED     9.6


SKY COVER
  AVERAGE SKY COVER 0.5


WEATHER CONDITIONS
 THE FOLLOWING WEATHER WAS RECORDED YESTERDAY.
  LIGHT SNOW
  HAZE


RELATIVE HUMIDITY (PERCENT)
 HIGHEST    77           600 AM
 LOWEST     43           300 PM
 AVERAGE    60

..........................................................


THE DULUTH MN CLIMATE NORMALS FOR TODAY
                         NORMAL    RECORD    YEAR
 MAXIMUM TEMPERATURE (F)   20        49      1931
 MINIMUM TEMPERATURE (F)    2       -33      1996


SUNRISE AND SUNSET
FEBRUARY  1 2015......SUNRISE   733 AM CST   SUNSET   512 PM CST
FEBRUARY  2 2015......SUNRISE   732 AM CST   SUNSET   513 PM CST


-  INDICATES NEGATIVE NUMBERS.
R  INDICATES RECORD WAS SET OR TIED.
MM INDICATES DATA IS MISSING.
T  INDICATES TRACE AMOUNT.




$$
