000
CDUS43 KDLH 312248 CCA
CLIDLH

CLIMATE REPORT...CORRECTED
NATIONAL WEATHER SERVICE DULUTH MN
548 PM CDT FRI OCT 31 2014


...................................

...THE DULUTH MN CLIMATE SUMMARY FOR OCTOBER 31 2014...
VALID TODAY AS OF 0500 PM LOCAL TIME.

CLIMATE NORMAL PERIOD 1981 TO 2010
CLIMATE RECORD PERIOD 1870 TO 2014


WEATHER ITEM   OBSERVED TIME   RECORD YEAR NORMAL DEPARTURE LAST
                VALUE   (LST)  VALUE       VALUE  FROM      YEAR
                                                  NORMAL
..................................................................
TEMPERATURE (F)
 TODAY
  MAXIMUM         38    255 PM  74    1950  44     -8       46
  MINIMUM         25    720 AM   8    1878  30     -5       40
  AVERAGE         31                        37     -6       43

PRECIPITATION (IN)
  TODAY            0.00          1.09 1929   0.07  -0.07     0.13
  MONTH TO DATE    1.80                      2.85  -1.05     3.93
  SINCE SEP 1      3.44                      6.96  -3.52     5.19
  SINCE JAN 1     28.39                     27.66   0.73    26.78

SNOWFALL (IN)
  TODAY            0.0           4.2  1991   0.2   -0.2      0.0
  MONTH TO DATE    0.1                       2.3   -2.2      0.3
  SINCE JUL 1      0.1                       2.4   -2.3      0.3
  SNOW DEPTH       0

DEGREE DAYS
 HEATING
  TODAY           34                        28      6       22
  MONTH TO DATE  622                       678    -56      610
  SINCE SEP 1    849                       976   -127      778
  SINCE JUL 1    926                      1125   -199      852

 COOLING
  TODAY            0                         0      0        0
  MONTH TO DATE    0                         0      0        0
  SINCE SEP 1      9                        14     -5       24
  SINCE JAN 1    179                       204    -25      375
..................................................................


WIND (MPH)
  HIGHEST WIND SPEED    25   HIGHEST WIND DIRECTION     N (350)
  HIGHEST GUST SPEED    34   HIGHEST GUST DIRECTION     N (350)
  AVERAGE WIND SPEED    11.4


SKY COVER
  POSSIBLE SUNSHINE  MM
  AVERAGE SKY COVER 0.5


WEATHER CONDITIONS
 THE FOLLOWING WEATHER WAS RECORDED TODAY.
  NO SIGNIFICANT WEATHER WAS OBSERVED.


RELATIVE HUMIDITY (PERCENT)
 HIGHEST    68           700 AM
 LOWEST     35           300 PM
 AVERAGE    52

..........................................................


THE DULUTH MN CLIMATE NORMALS FOR TOMORROW
                         NORMAL    RECORD    YEAR
 MAXIMUM TEMPERATURE (F)   44        68      1990
 MINIMUM TEMPERATURE (F)   29         2      1951


SUNRISE AND SUNSET
OCTOBER 31 2014.......SUNRISE   749 AM CDT   SUNSET   554 PM CDT
NOVEMBER  1 2014......SUNRISE   751 AM CDT   SUNSET   553 PM CDT


-  INDICATES NEGATIVE NUMBERS.
R  INDICATES RECORD WAS SET OR TIED.
MM INDICATES DATA IS MISSING.
T  INDICATES TRACE AMOUNT.




$$
