000
CDUS43 KDLH 240624
CLIDLH


CLIMATE REPORT
NATIONAL WEATHER SERVICE DULUTH MN
1224 AM CST MON NOV 24 2014


...................................

...THE DULUTH MN CLIMATE SUMMARY FOR NOVEMBER 23 2014...

CLIMATE NORMAL PERIOD 1981 TO 2010
CLIMATE RECORD PERIOD 1870 TO 2014


WEATHER ITEM   OBSERVED TIME   RECORD YEAR NORMAL DEPARTURE LAST
                VALUE   (LST)  VALUE       VALUE  FROM      YEAR
                                                  NORMAL
..................................................................
TEMPERATURE (F)
 YESTERDAY
  MAXIMUM         40    323 PM  51    1907  31      9       15
  MINIMUM         33   1214 AM -10    1956  18     15        1
  AVERAGE         37                        25     12        8

PRECIPITATION (IN)
  YESTERDAY        0.04          1.64 1983   0.06  -0.02      T
  MONTH TO DATE    0.83                      1.67  -0.84     0.69
  SINCE SEP 1      4.27                      8.63  -4.36     5.88
  SINCE JAN 1     29.22                     29.33  -0.11    27.47

SNOWFALL (IN)
  YESTERDAY        T            16.5  1983   0.6   -0.6      0.1
  MONTH TO DATE   12.3                       9.7    2.6      1.6
  SINCE SEP 1     12.4                      12.1    0.3      1.9
  SINCE JUL 1     12.4                      12.1    0.3      1.9
  SNOW DEPTH       5

DEGREE DAYS
 HEATING
  YESTERDAY       28                        40    -12       57
  MONTH TO DATE  934                       791    143      780
  SINCE SEP 1   1783                      1767     16     1558
  SINCE JUL 1   1860                      1916    -56     1632

 COOLING
  YESTERDAY        0                         0      0        0
  MONTH TO DATE    0                         0      0        0
  SINCE SEP 1      9                        14     -5       24
  SINCE JAN 1    179                       204    -25      375
..................................................................


WIND (MPH)
  HIGHEST WIND SPEED    17   HIGHEST WIND DIRECTION     E (110)
  HIGHEST GUST SPEED    23   HIGHEST GUST DIRECTION    SE (130)
  AVERAGE WIND SPEED     7.2


SKY COVER
  AVERAGE SKY COVER 1.0


WEATHER CONDITIONS
 THE FOLLOWING WEATHER WAS RECORDED YESTERDAY.
  MIXED PRECIP
  RAIN
  LIGHT RAIN
  LIGHT SNOW
  FOG
  FOG W/VISIBILITY <= 1/4 MILE
  HAZE


RELATIVE HUMIDITY (PERCENT)
 HIGHEST   100          1000 AM
 LOWEST     85           100 PM
 AVERAGE    93

..........................................................


THE DULUTH MN CLIMATE NORMALS FOR TODAY
                         NORMAL    RECORD    YEAR
 MAXIMUM TEMPERATURE (F)   31        53      1984
                                             1890
 MINIMUM TEMPERATURE (F)   17       -17      1884


SUNRISE AND SUNSET
NOVEMBER 24 2014......SUNRISE   724 AM CST   SUNSET   426 PM CST
NOVEMBER 25 2014......SUNRISE   726 AM CST   SUNSET   426 PM CST


-  INDICATES NEGATIVE NUMBERS.
R  INDICATES RECORD WAS SET OR TIED.
MM INDICATES DATA IS MISSING.
T  INDICATES TRACE AMOUNT.




$$
