000
CDUS43 KDLH 270624
CLIDLH


CLIMATE REPORT
NATIONAL WEATHER SERVICE DULUTH MN
1222 AM CST MON FEB 27 2017


...................................

...THE DULUTH MN CLIMATE SUMMARY FOR FEBRUARY 26 2017...

CLIMATE NORMAL PERIOD 1981 TO 2010
CLIMATE RECORD PERIOD 1870 TO 2017


WEATHER ITEM   OBSERVED TIME   RECORD YEAR NORMAL DEPARTURE LAST
                VALUE   (LST)  VALUE       VALUE  FROM      YEAR
                                                  NORMAL
..................................................................
TEMPERATURE (F)
 YESTERDAY
  MAXIMUM         26    156 AM  58    1895  28     -2       36
  MINIMUM          5   1153 PM -22    1919  10     -5        9
  AVERAGE         16                        19     -3       23

PRECIPITATION (IN)
  YESTERDAY        0.14          0.94 1998   0.04   0.10     0.00
  MONTH TO DATE    1.63                      0.73   0.90     0.76
  SINCE DEC 1      4.86                      2.90   1.96     5.51
  SINCE JAN 1      2.79                      1.69   1.10     1.81

SNOWFALL (IN)
  YESTERDAY        2.8           4.8  1971   0.5    2.3      0.0
  MONTH TO DATE   11.3                      11.3    0.0     11.2
  SINCE DEC 1     48.1                      48.4   -0.3     48.8
  SINCE JUL 1     56.2                      64.5   -8.3     53.2
  SNOW DEPTH       8

DEGREE DAYS
 HEATING
  YESTERDAY       49                        46      3       42
  MONTH TO DATE 1101                      1308   -207     1262
  SINCE DEC 1   4124                      4563   -439     4060
  SINCE JUL 1   5606                      6776  -1170     5723

 COOLING
  YESTERDAY        0                         0      0        0
  MONTH TO DATE    0                         0      0        0
  SINCE DEC 1      0                         0      0        0
  SINCE JAN 1      0                         0      0        0
..................................................................


WIND (MPH)
  HIGHEST WIND SPEED    23   HIGHEST WIND DIRECTION    NW (330)
  HIGHEST GUST SPEED    29   HIGHEST GUST DIRECTION     W (290)
  AVERAGE WIND SPEED     9.4


SKY COVER
  AVERAGE SKY COVER 0.6


WEATHER CONDITIONS
 THE FOLLOWING WEATHER WAS RECORDED YESTERDAY.
  SNOW
  LIGHT SNOW
  FOG
  FOG W/VISIBILITY <= 1/4 MILE


RELATIVE HUMIDITY (PERCENT)
 HIGHEST    92          1200 AM
 LOWEST     39           500 PM
 AVERAGE    66

..........................................................


THE DULUTH MN CLIMATE NORMALS FOR TODAY
                         NORMAL    RECORD    YEAR
 MAXIMUM TEMPERATURE (F)   28        54      1896
 MINIMUM TEMPERATURE (F)   11       -26      1879


SUNRISE AND SUNSET
FEBRUARY 27 2017......SUNRISE   651 AM CST   SUNSET   552 PM CST
FEBRUARY 28 2017......SUNRISE   649 AM CST   SUNSET   553 PM CST


-  INDICATES NEGATIVE NUMBERS.
R  INDICATES RECORD WAS SET OR TIED.
MM INDICATES DATA IS MISSING.
T  INDICATES TRACE AMOUNT.




$$
