000
CDUS45 KTFX 011014
CLIDLN


CLIMATE REPORT
NATIONAL WEATHER SERVICE GREAT FALLS MT
414 AM MDT SAT AUG 1 2015


...................................

...THE DILLON AIRPORT MT CLIMATE SUMMARY FOR JULY 31 2015...

CLIMATE NORMAL PERIOD 1981 TO 2010
CLIMATE RECORD PERIOD 1929 TO 2015


WEATHER ITEM   OBSERVED TIME   RECORD YEAR NORMAL DEPARTURE LAST
                VALUE   (LST)  VALUE       VALUE  FROM      YEAR
                                                  NORMAL
..................................................................
TEMPERATURE (F)
 YESTERDAY
  MAXIMUM         90    432 PM  96    1943  83      7       86
  MINIMUM         50    427 AM  38    1968  50      0       51
  AVERAGE         70                        67      3       69

PRECIPITATION (IN)
  YESTERDAY        0.00          0.61 1975   0.04  -0.04     0.00
  MONTH TO DATE    1.31                      1.21   0.10     0.63
  SINCE OCT 1      7.57                      8.65  -1.08     6.58
  SINCE JAN 1      6.41                      7.25  -0.84     6.09

SNOWFALL (IN)
  YESTERDAY       MM
  SNOW DEPTH       0

DEGREE DAYS
 HEATING
  YESTERDAY        0                               -1        0
  MONTH TO DATE   49                               -5       16
  SINCE JUN 1    125                             -153      266
  SINCE JUL 1     49                               -6       16

 COOLING
  YESTERDAY        5                                2        4
  MONTH TO DATE   68                               -9      112
  SINCE JUN 1    143                               50      112
  SINCE JAN 1    143                               49      112
..................................................................


WIND (MPH)
  HIGHEST WIND SPEED    13   HIGHEST WIND DIRECTION     N (10)
  HIGHEST GUST SPEED    15   HIGHEST GUST DIRECTION    NE (30)
  AVERAGE WIND SPEED     6.2


SKY COVER
  AVERAGE SKY COVER 0.0


WEATHER CONDITIONS
 THE FOLLOWING WEATHER WAS RECORDED YESTERDAY.
  HAZE


RELATIVE HUMIDITY (PERCENT)
 HIGHEST    63
 LOWEST      9
 AVERAGE    36

..........................................................


THE DILLON AIRPORT MT CLIMATE NORMALS FOR TODAY
                         NORMAL    RECORD    YEAR
 MAXIMUM TEMPERATURE (F)   83        98      1931
 MINIMUM TEMPERATURE (F)   50        34      1985


SUNRISE AND SUNSET
AUGUST  1 2015........SUNRISE   615 AM MDT   SUNSET   858 PM MDT
AUGUST  2 2015........SUNRISE   616 AM MDT   SUNSET   856 PM MDT


-  INDICATES NEGATIVE NUMBERS.
R  INDICATES RECORD WAS SET OR TIED.
MM INDICATES DATA IS MISSING.
T  INDICATES TRACE AMOUNT.




$$
