000
CDUS45 KTFX 010924
CLIDLN


CLIMATE REPORT
NATIONAL WEATHER SERVICE GREAT FALLS MT
324 AM MDT WED OCT 1 2014


...................................

...THE DILLON AIRPORT MT CLIMATE SUMMARY FOR SEPTEMBER 30 2014...

CLIMATE NORMAL PERIOD 1981 TO 2010
CLIMATE RECORD PERIOD 1929 TO 2014


WEATHER ITEM   OBSERVED TIME   RECORD YEAR NORMAL DEPARTURE LAST
                VALUE   (LST)  VALUE       VALUE  FROM      YEAR
                                                  NORMAL
..................................................................
TEMPERATURE (F)
 YESTERDAY
  MAXIMUM         55    337 PM  85    2011  63     -8       56
                                      1963
  MINIMUM         34   1128 PM  15    1950  35     -1       34
  AVERAGE         45                        49     -4       45

PRECIPITATION (IN)
  YESTERDAY        0.04          1.04 2009   0.03   0.01     0.20
  MONTH TO DATE    0.86                      0.87  -0.01     2.46
  SINCE OCT 1     10.22                     10.57  -0.35    10.48
  SINCE JAN 1      9.73                      9.17   0.56     9.46

SNOWFALL (IN)
  YESTERDAY       MM
  SNOW DEPTH       0

DEGREE DAYS
 HEATING
  YESTERDAY       20                                4       20
  MONTH TO DATE  269                              -44      241
  SINCE SEP 1    269                              -44      241
  SINCE JUL 1    361                              -88      247

 COOLING
  YESTERDAY        0                                0        0
  MONTH TO DATE    6                               -2       19
  SINCE SEP 1      6                               -2       19
  SINCE JAN 1    170                               14      247
..................................................................


WIND (MPH)
  HIGHEST WIND SPEED    21   HIGHEST WIND DIRECTION    SW (220)
  HIGHEST GUST SPEED    26   HIGHEST GUST DIRECTION    SW (220)
  AVERAGE WIND SPEED     9.3



WEATHER CONDITIONS
 THE FOLLOWING WEATHER WAS RECORDED YESTERDAY.
  LIGHT RAIN


RELATIVE HUMIDITY (PERCENT)
 HIGHEST    83
 LOWEST     41
 AVERAGE    62

..........................................................


THE DILLON AIRPORT MT CLIMATE NORMALS FOR TODAY
                         NORMAL    RECORD    YEAR
 MAXIMUM TEMPERATURE (F)   63        83      2011
                                             1957
 MINIMUM TEMPERATURE (F)   35        15      1950


SUNRISE AND SUNSET
OCTOBER  1 2014.......SUNRISE   728 AM MDT   SUNSET   710 PM MDT
OCTOBER  2 2014.......SUNRISE   730 AM MDT   SUNSET   709 PM MDT


-  INDICATES NEGATIVE NUMBERS.
R  INDICATES RECORD WAS SET OR TIED.
MM INDICATES DATA IS MISSING.
T  INDICATES TRACE AMOUNT.




$$
