000
CDUS45 KTFX 231209
CLIDLN


CLIMATE REPORT
NATIONAL WEATHER SERVICE GREAT FALLS MT
509 AM MST THU FEB 23 2017


...................................

...THE DILLON AIRPORT MT CLIMATE SUMMARY FOR FEBRUARY 22 2017...

CLIMATE NORMAL PERIOD 1981 TO 2010
CLIMATE RECORD PERIOD 1929 TO 2017


WEATHER ITEM   OBSERVED TIME   RECORD YEAR NORMAL DEPARTURE LAST
                VALUE   (LST)  VALUE       VALUE  FROM      YEAR
                                                  NORMAL
..................................................................
TEMPERATURE (F)
 YESTERDAY
  MAXIMUM         40    218 PM  60    1958  39      1       40
  MINIMUM         25    754 PM -10    1942  16      9       21
  AVERAGE         33                        28      5       31

PRECIPITATION (IN)
  YESTERDAY        0.00          0.05 1999   0.01  -0.01     0.00
                                      1999
                                      2007
  MONTH TO DATE    0.13                      0.17  -0.04     0.01
  SINCE OCT 1      2.73                      1.85   0.88     2.14
  SINCE JAN 1      0.19                      0.45  -0.26     0.06

SNOWFALL (IN)
  YESTERDAY       MM
  SNOW DEPTH       0

DEGREE DAYS
 HEATING
  YESTERDAY       32                               -5       34
  MONTH TO DATE  763                             -107      707
  SINCE DEC 1   3926                              376     3373
  SINCE JUL 1   5709                                8     5296

 COOLING
  YESTERDAY        0                                0        0
  MONTH TO DATE    0                                0        0
  SINCE DEC 1      0                                0        0
  SINCE JAN 1      0                                0        0
..................................................................


WIND (MPH)
  HIGHEST WIND SPEED    18   HIGHEST WIND DIRECTION    NE (40)
  HIGHEST GUST SPEED    23   HIGHEST GUST DIRECTION    SW (240)
  AVERAGE WIND SPEED    10.8


SKY COVER
  AVERAGE SKY COVER 0.6


WEATHER CONDITIONS
 THE FOLLOWING WEATHER WAS RECORDED YESTERDAY.
  NO SIGNIFICANT WEATHER WAS OBSERVED.


RELATIVE HUMIDITY (PERCENT)
 HIGHEST    88
 LOWEST     40
 AVERAGE    64

..........................................................


THE DILLON AIRPORT MT CLIMATE NORMALS FOR TODAY
                         NORMAL    RECORD    YEAR
 MAXIMUM TEMPERATURE (F)   40        58      1990
 MINIMUM TEMPERATURE (F)   17       -15      2003


SUNRISE AND SUNSET
FEBRUARY 23 2017......SUNRISE   718 AM MST   SUNSET   610 PM MST
FEBRUARY 24 2017......SUNRISE   716 AM MST   SUNSET   611 PM MST


-  INDICATES NEGATIVE NUMBERS.
R  INDICATES RECORD WAS SET OR TIED.
MM INDICATES DATA IS MISSING.
T  INDICATES TRACE AMOUNT.




$$
