000
CDUS45 KTFX 070928
CLIDLN


CLIMATE REPORT
NATIONAL WEATHER SERVICE GREAT FALLS MT
228 AM MST SUN FEB 7 2016


...................................

...THE DILLON AIRPORT MT CLIMATE SUMMARY FOR FEBRUARY 6 2016...

CLIMATE NORMAL PERIOD 1981 TO 2010
CLIMATE RECORD PERIOD 1929 TO 2016


WEATHER ITEM   OBSERVED TIME   RECORD YEAR NORMAL DEPARTURE LAST
                VALUE   (LST)  VALUE       VALUE  FROM      YEAR
                                                  NORMAL
..................................................................
TEMPERATURE (F)
 YESTERDAY
  MAXIMUM         42   1241 PM  59    2015  35      7       59
  MINIMUM         23    700 AM -28    2014  14      9       38
  AVERAGE         33                        24      9       49

PRECIPITATION (IN)
  YESTERDAY        0.00          0.04 1959   0.01  -0.01     0.00
  MONTH TO DATE    0.00                      0.04  -0.04     0.03
  SINCE OCT 1      2.13                      1.72   0.41     1.19
  SINCE JAN 1      0.05                      0.32  -0.27     0.03

SNOWFALL (IN)
  YESTERDAY       MM
  SNOW DEPTH       0

DEGREE DAYS
 HEATING
  YESTERDAY       32                               -9       16
  MONTH TO DATE  260                               14      168
  SINCE DEC 1   2926                                0     2432
  SINCE JUL 1   4849                             -228     4406

 COOLING
  YESTERDAY        0                                0        0
  MONTH TO DATE    0                                0        0
  SINCE DEC 1      0                                0        0
  SINCE JAN 1      0                                0        0
..................................................................


WIND (MPH)
  HIGHEST WIND SPEED    38   HIGHEST WIND DIRECTION     W (260)
  HIGHEST GUST SPEED    46   HIGHEST GUST DIRECTION     W (250)
  AVERAGE WIND SPEED    17.4


SKY COVER
  AVERAGE SKY COVER 0.1


WEATHER CONDITIONS
 THE FOLLOWING WEATHER WAS RECORDED YESTERDAY.
  NO SIGNIFICANT WEATHER WAS OBSERVED.


RELATIVE HUMIDITY (PERCENT)
 HIGHEST    68
 LOWEST     44
 AVERAGE    56

..........................................................


THE DILLON AIRPORT MT CLIMATE NORMALS FOR TODAY
                         NORMAL    RECORD    YEAR
 MAXIMUM TEMPERATURE (F)   35        57      1991
 MINIMUM TEMPERATURE (F)   14       -35      1936


SUNRISE AND SUNSET
FEBRUARY  7 2016......SUNRISE   744 AM MST   SUNSET   546 PM MST
FEBRUARY  8 2016......SUNRISE   742 AM MST   SUNSET   547 PM MST


-  INDICATES NEGATIVE NUMBERS.
R  INDICATES RECORD WAS SET OR TIED.
MM INDICATES DATA IS MISSING.
T  INDICATES TRACE AMOUNT.




$$
