000
CDUS45 KTFX 310859
CLIDLN


CLIMATE REPORT
NATIONAL WEATHER SERVICE GREAT FALLS MT
156 AM MST SAT JAN 31 2015


...................................

...THE DILLON AIRPORT MT CLIMATE SUMMARY FOR JANUARY 30 2015...

CLIMATE NORMAL PERIOD 1981 TO 2010
CLIMATE RECORD PERIOD 1929 TO 2015


WEATHER ITEM   OBSERVED TIME   RECORD YEAR NORMAL DEPARTURE LAST
                VALUE   (LST)  VALUE       VALUE  FROM      YEAR
                                                  NORMAL
..................................................................
TEMPERATURE (F)
 YESTERDAY
  MAXIMUM         43    443 PM  55    1971  34      9       33
  MINIMUM         18    719 AM -26    1951  14      4        7
  AVERAGE         31                        24      7       20

PRECIPITATION (IN)
  YESTERDAY        0.00          0.10 1968   0.01  -0.01      T
  MONTH TO DATE    T                         0.27  -0.27     0.02
  SINCE OCT 1      1.16                      1.67  -0.51     0.51
  SINCE JAN 1      T                         0.27  -0.27     0.02

SNOWFALL (IN)
  YESTERDAY       MM
  SNOW DEPTH       0

DEGREE DAYS
 HEATING
  YESTERDAY       34                               -7       45
  MONTH TO DATE 1037                             -233     1056
  SINCE DEC 1   2228                             -412     2457
  SINCE JUL 1   4202                             -589     4386

 COOLING
  YESTERDAY        0                                0        0
  MONTH TO DATE    0                                0        0
  SINCE DEC 1      0                                0        0
  SINCE JAN 1      0                                0        0
..................................................................


WIND (MPH)
  HIGHEST WIND SPEED    14   HIGHEST WIND DIRECTION    SW (210)
  HIGHEST GUST SPEED    16   HIGHEST GUST DIRECTION     S (200)
  AVERAGE WIND SPEED     7.6


SKY COVER
  AVERAGE SKY COVER 0.0


WEATHER CONDITIONS
 THE FOLLOWING WEATHER WAS RECORDED YESTERDAY.
  NO SIGNIFICANT WEATHER WAS OBSERVED.


RELATIVE HUMIDITY (PERCENT)
 HIGHEST    81
 LOWEST     30
 AVERAGE    56

..........................................................


THE DILLON AIRPORT MT CLIMATE NORMALS FOR TODAY
                         NORMAL    RECORD    YEAR
 MAXIMUM TEMPERATURE (F)   34        57      1971
 MINIMUM TEMPERATURE (F)   14       -27      1951


SUNRISE AND SUNSET
JANUARY 31 2015.......SUNRISE   752 AM MST   SUNSET   536 PM MST
FEBRUARY  1 2015......SUNRISE   751 AM MST   SUNSET   537 PM MST


-  INDICATES NEGATIVE NUMBERS.
R  INDICATES RECORD WAS SET OR TIED.
MM INDICATES DATA IS MISSING.
T  INDICATES TRACE AMOUNT.




$$
