000
CDUS45 KTFX 230833
CLIDLN


CLIMATE REPORT
NATIONAL WEATHER SERVICE GREAT FALLS MT
131 AM MST TUE JAN 23 2018


...................................

...THE DILLON AIRPORT MT CLIMATE SUMMARY FOR JANUARY 22 2018...

CLIMATE NORMAL PERIOD 1981 TO 2010
CLIMATE RECORD PERIOD 1929 TO 2018


WEATHER ITEM   OBSERVED TIME   RECORD YEAR NORMAL DEPARTURE LAST
                VALUE   (LST)  VALUE       VALUE  FROM      YEAR
                                                  NORMAL
..................................................................
TEMPERATURE (F)
 YESTERDAY
  MAXIMUM         31    259 PM  58    1981  33     -2       31
  MINIMUM         14   1152 PM -27    1962  14      0        8
  AVERAGE         23                        23      0       20

PRECIPITATION (IN)
  YESTERDAY        0.00          0.23 1967   0.01  -0.01     0.00
  MONTH TO DATE    0.47                      0.20   0.27     0.05
  SINCE OCT 1      1.60                      1.60   0.00     2.59
  SINCE JAN 1      0.47                      0.20   0.27     0.05

SNOWFALL (IN)
  YESTERDAY       MM
  SNOW DEPTH       1

DEGREE DAYS
 HEATING
  YESTERDAY       42                                0       45
  MONTH TO DATE  841                              -95     1218
  SINCE DEC 1   2194                             -112     2746
  SINCE JUL 1   4237                             -220     4529

 COOLING
  YESTERDAY        0                                0        0
  MONTH TO DATE    0                                0        0
  SINCE DEC 1      0                                0        0
  SINCE JAN 1      0                                0        0
..................................................................


WIND (MPH)
  HIGHEST WIND SPEED    20   HIGHEST WIND DIRECTION    SW (220)
  HIGHEST GUST SPEED    23   HIGHEST GUST DIRECTION    SW (220)
  AVERAGE WIND SPEED     8.1


SKY COVER
  AVERAGE SKY COVER 0.7


WEATHER CONDITIONS
 THE FOLLOWING WEATHER WAS RECORDED YESTERDAY.
  NO SIGNIFICANT WEATHER WAS OBSERVED.


RELATIVE HUMIDITY (PERCENT)
 HIGHEST   100
 LOWEST     67
 AVERAGE    84

..........................................................


THE DILLON AIRPORT MT CLIMATE NORMALS FOR TODAY
                         NORMAL    RECORD    YEAR
 MAXIMUM TEMPERATURE (F)   33        54      2005
 MINIMUM TEMPERATURE (F)   14       -28      1969


SUNRISE AND SUNSET
JANUARY 23 2018.......SUNRISE   800 AM MST   SUNSET   525 PM MST
JANUARY 24 2018.......SUNRISE   759 AM MST   SUNSET   526 PM MST


-  INDICATES NEGATIVE NUMBERS.
R  INDICATES RECORD WAS SET OR TIED.
MM INDICATES DATA IS MISSING.
T  INDICATES TRACE AMOUNT.




$$
