000
CDUS45 KTFX 241003
CLIDLN


CLIMATE REPORT
NATIONAL WEATHER SERVICE GREAT FALLS MT
402 AM MDT SUN MAY 24 2015


...................................

...THE DILLON AIRPORT MT CLIMATE SUMMARY FOR MAY 23 2015...

CLIMATE NORMAL PERIOD 1981 TO 2010
CLIMATE RECORD PERIOD 1929 TO 2015


WEATHER ITEM   OBSERVED TIME   RECORD YEAR NORMAL DEPARTURE LAST
                VALUE   (LST)  VALUE       VALUE  FROM      YEAR
                                                  NORMAL
..................................................................
TEMPERATURE (F)
 YESTERDAY
  MAXIMUM         64    231 PM  87    1992  66     -2       80
  MINIMUM         45    522 AM  23    1986  39      6       43
  AVERAGE         55                        52      3       62

PRECIPITATION (IN)
  YESTERDAY        0.01          0.77 1970   0.07  -0.06     0.00
  MONTH TO DATE    2.04                      1.31   0.73     1.13
  SINCE OCT 1      4.73                      4.83  -0.10     3.35
  SINCE JAN 1      3.57                      3.43   0.14     2.86

SNOWFALL (IN)
  YESTERDAY       MM
  SNOW DEPTH       0

DEGREE DAYS
 HEATING
  YESTERDAY       10                               -3        3
  MONTH TO DATE  343                              -17      348
  SINCE MAR 1   1732                             -280     1944
  SINCE JUL 1   6844                            -1085     7724

 COOLING
  YESTERDAY        0                                0        0
  MONTH TO DATE    0                                0        0
  SINCE MAR 1      0                                0        0
  SINCE JAN 1      0                                0        0
..................................................................


WIND (MPH)
  HIGHEST WIND SPEED    30   HIGHEST WIND DIRECTION     N (10)
  HIGHEST GUST SPEED    36   HIGHEST GUST DIRECTION     N (20)
  AVERAGE WIND SPEED    14.0


SKY COVER
  AVERAGE SKY COVER 0.6


WEATHER CONDITIONS
 THE FOLLOWING WEATHER WAS RECORDED YESTERDAY.
  LIGHT RAIN
  FOG


RELATIVE HUMIDITY (PERCENT)
 HIGHEST    89
 LOWEST     46
 AVERAGE    68

..........................................................


THE DILLON AIRPORT MT CLIMATE NORMALS FOR TODAY
                         NORMAL    RECORD    YEAR
 MAXIMUM TEMPERATURE (F)   66        85      1988
 MINIMUM TEMPERATURE (F)   39        27      1989


SUNRISE AND SUNSET
MAY 24 2015...........SUNRISE   552 AM MDT   SUNSET   903 PM MDT
MAY 25 2015...........SUNRISE   551 AM MDT   SUNSET   904 PM MDT


-  INDICATES NEGATIVE NUMBERS.
R  INDICATES RECORD WAS SET OR TIED.
MM INDICATES DATA IS MISSING.
T  INDICATES TRACE AMOUNT.




$$
