000
CDUS45 KTFX 241010
CLIDLN


CLIMATE REPORT
NATIONAL WEATHER SERVICE GREAT FALLS MT
409 AM MDT THU APR 24 2014


...................................

...THE DILLON AIRPORT MT CLIMATE SUMMARY FOR APRIL 23 2014...

CLIMATE NORMAL PERIOD 1981 TO 2010
CLIMATE RECORD PERIOD 1929 TO 2014


WEATHER ITEM   OBSERVED TIME   RECORD YEAR NORMAL DEPARTURE LAST
                VALUE   (LST)  VALUE       VALUE  FROM      YEAR
                                                  NORMAL
..................................................................
TEMPERATURE (F)
 YESTERDAY
  MAXIMUM         44    458 PM  78    1949  57    -13       48
  MINIMUM         29    729 AM  13    2013  30     -1       13
  AVERAGE         37                        44     -7       31

PRECIPITATION (IN)
  YESTERDAY       MM             0.58 1979   0.04  MM        0.00
  MONTH TO DATE    0.04                      0.77  -0.73     0.14
  SINCE OCT 1      1.10                      3.25  -2.15     1.56
  SINCE JAN 1      0.61                      1.85  -1.24     0.54

SNOWFALL (IN)
  YESTERDAY       MM
  SNOW DEPTH       1

DEGREE DAYS
 HEATING
  YESTERDAY       28                                7       34
  MONTH TO DATE  509                              -53      630
  SINCE MAR 1   1433                              -79     1546
  SINCE JUL 1   7213                             -216     6961

 COOLING
  YESTERDAY        0                                0        0
  MONTH TO DATE    0                                0        0
  SINCE MAR 1      0                                0        0
  SINCE JAN 1      0                                0        0
..................................................................


WIND (MPH)
  HIGHEST WIND SPEED    33   HIGHEST WIND DIRECTION     W (280)
  HIGHEST GUST SPEED    38   HIGHEST GUST DIRECTION     W (280)
  AVERAGE WIND SPEED    15.1



WEATHER CONDITIONS
 THE FOLLOWING WEATHER WAS RECORDED YESTERDAY.
  LIGHT RAIN
  SNOW
  LIGHT SNOW
  FOG


RELATIVE HUMIDITY (PERCENT)
 HIGHEST    92
 LOWEST     49
 AVERAGE    71

..........................................................


THE DILLON AIRPORT MT CLIMATE NORMALS FOR TODAY
                         NORMAL    RECORD    YEAR
 MAXIMUM TEMPERATURE (F)   57        77      2012
                                             1946
 MINIMUM TEMPERATURE (F)   31        18      1960


SUNRISE AND SUNSET
APRIL 24 2014.........SUNRISE   630 AM MDT   SUNSET   828 PM MDT
APRIL 25 2014.........SUNRISE   628 AM MDT   SUNSET   829 PM MDT


-  INDICATES NEGATIVE NUMBERS.
R  INDICATES RECORD WAS SET OR TIED.
MM INDICATES DATA IS MISSING.
T  INDICATES TRACE AMOUNT.




$$
