000
CDUS45 KTFX 250918
CLIDLN


CLIMATE REPORT
NATIONAL WEATHER SERVICE GREAT FALLS MT
317 AM MDT THU MAY 25 2017


...................................

...THE DILLON AIRPORT MT CLIMATE SUMMARY FOR MAY 24 2017...

CLIMATE NORMAL PERIOD 1981 TO 2010
CLIMATE RECORD PERIOD 1929 TO 2017


WEATHER ITEM   OBSERVED TIME   RECORD YEAR NORMAL DEPARTURE LAST
                VALUE   (LST)  VALUE       VALUE  FROM      YEAR
                                                  NORMAL
..................................................................
TEMPERATURE (F)
 YESTERDAY
  MAXIMUM         70    926 AM  85    1988  66      4       57
  MINIMUM         42   1159 PM  27    1989  39      3       34
  AVERAGE         56                        52      4       46

PRECIPITATION (IN)
  YESTERDAY        0.00          0.85 2011   0.08  -0.08      T
  MONTH TO DATE    1.49                      1.39   0.10     1.54
  SINCE OCT 1      6.77                      4.91   1.86     5.34
  SINCE JAN 1      4.23                      3.51   0.72     3.26

SNOWFALL (IN)
  YESTERDAY       MM
  SNOW DEPTH       0

DEGREE DAYS
 HEATING
  YESTERDAY        9                               -4       19
  MONTH TO DATE  347                              -26      379
  SINCE MAR 1   1763                             -262     1784
  SINCE JUL 1   7718                             -224     7284

 COOLING
  YESTERDAY        0                                0        0
  MONTH TO DATE    0                                0        0
  SINCE MAR 1      0                                0        0
  SINCE JAN 1      0                                0        0
..................................................................


WIND (MPH)
  HIGHEST WIND SPEED    37   HIGHEST WIND DIRECTION    SW (240)
  HIGHEST GUST SPEED    45   HIGHEST GUST DIRECTION    SW (240)
  AVERAGE WIND SPEED    15.7


SKY COVER
  AVERAGE SKY COVER 0.1


WEATHER CONDITIONS
 THE FOLLOWING WEATHER WAS RECORDED YESTERDAY.
  NO SIGNIFICANT WEATHER WAS OBSERVED.


RELATIVE HUMIDITY (PERCENT)
 HIGHEST    59
 LOWEST     17
 AVERAGE    38

..........................................................


THE DILLON AIRPORT MT CLIMATE NORMALS FOR TODAY
                         NORMAL    RECORD    YEAR
 MAXIMUM TEMPERATURE (F)   66        83      2001
 MINIMUM TEMPERATURE (F)   39        19      1950


SUNRISE AND SUNSET
MAY 25 2017...........SUNRISE   550 AM MDT   SUNSET   905 PM MDT
MAY 26 2017...........SUNRISE   550 AM MDT   SUNSET   906 PM MDT


-  INDICATES NEGATIVE NUMBERS.
R  INDICATES RECORD WAS SET OR TIED.
MM INDICATES DATA IS MISSING.
T  INDICATES TRACE AMOUNT.




$$
