000
CDUS41 KLWX 010523
CLIDMH


CLIMATE REPORT
NATIONAL WEATHER SERVICE BALTIMORE MD/WASHINGTON DC
123 AM EDT SUN MAY 1 2016


...................................

...THE BALTIMORE INNER HARBOR MD CLIMATE SUMMARY FOR APRIL 30 2016...

CLIMATE NORMAL PERIOD 1981 TO 2010
CLIMATE RECORD PERIOD 9999 TO 9999


WEATHER ITEM   OBSERVED TIME   RECORD YEAR NORMAL DEPARTURE LAST
                VALUE   (LST)  VALUE       VALUE  FROM      YEAR
                                                  NORMAL
..................................................................
TEMPERATURE (F)
 YESTERDAY
  MAXIMUM         61    310 PM  MM      MM  71    -10       73
  MINIMUM         49    647 AM  MM      MM  52     -3       56
  AVERAGE         55                        61     -6       65

PRECIPITATION (IN)
  YESTERDAY        0.00         MM      MM   0.10  -0.10     0.00
  MONTH TO DATE    1.59                      3.22  -1.63     2.95
  SINCE MAR 1      3.77                      7.08  -3.31     7.39
  SINCE JAN 1     12.37                     12.60  -0.23    13.21

DEGREE DAYS
 HEATING
  YESTERDAY       10                         5      5        0
  MONTH TO DATE  286                       277      9      225
  SINCE MAR 1    672                       857   -185      834
  SINCE JUL 1   3288                      3945   -657     4348

 COOLING
  YESTERDAY        0                         1     -1        0
  MONTH TO DATE   29                        24      5        9
  SINCE MAR 1     35                        25     10        9
  SINCE JAN 1     35                        25     10        9
..................................................................


WIND (MPH)
  HIGHEST WIND SPEED    MM   HIGHEST WIND DIRECTION    MM
  HIGHEST GUST SPEED    MM   HIGHEST GUST DIRECTION    MM
  AVERAGE WIND SPEED    MM


SKY COVER
  POSSIBLE SUNSHINE  MM



RELATIVE HUMIDITY (PERCENT)
 HIGHEST    86           100 AM
 LOWEST     57           200 PM
 AVERAGE    72

..........................................................


THE BALTIMORE INNER HARBOR MD CLIMATE NORMALS FOR TODAY
                         NORMAL
 MAXIMUM TEMPERATURE (F)   71
 MINIMUM TEMPERATURE (F)   52


SUNRISE AND SUNSET
MAY  1 2016...........SUNRISE   607 AM EDT   SUNSET   800 PM EDT
MAY  2 2016...........SUNRISE   606 AM EDT   SUNSET   801 PM EDT


-  INDICATES NEGATIVE NUMBERS.
R  INDICATES RECORD WAS SET OR TIED.
MM INDICATES DATA IS MISSING.
T  INDICATES TRACE AMOUNT.




$$
