000
CDUS41 KLWX 290525
CLIDMH


CLIMATE REPORT
NATIONAL WEATHER SERVICE BALTIMORE MD/WASHINGTON DC
125 AM EDT WED MAR 29 2017


...................................

...THE BALTIMORE INNER HARBOR MD CLIMATE SUMMARY FOR MARCH 28 2017...

CLIMATE NORMAL PERIOD 1981 TO 2010
CLIMATE RECORD PERIOD 9999 TO 9999


WEATHER ITEM   OBSERVED TIME   RECORD YEAR NORMAL DEPARTURE LAST
                VALUE   (LST)  VALUE       VALUE  FROM      YEAR
                                                  NORMAL
..................................................................
TEMPERATURE (F)
 YESTERDAY
  MAXIMUM         70    402 PM  MM      MM  58     12       69
  MINIMUM         56    840 AM  MM      MM  42     14       47
  AVERAGE         63                        50     13       58

PRECIPITATION (IN)
  YESTERDAY        0.16         MM      MM   0.15   0.01     0.36
  MONTH TO DATE    2.08                      3.42  -1.34     2.18
  SINCE MAR 1      2.08                      3.42  -1.34     2.18
  SINCE JAN 1      5.97                      8.94  -2.97    10.78

DEGREE DAYS
 HEATING
  YESTERDAY        2                        15    -13        7
  MONTH TO DATE  544                       535      9      356
  SINCE MAR 1    544                       535      9      356
  SINCE JUL 1   2998                      3623   -625     2972

 COOLING
  YESTERDAY        0                         0      0        0
  MONTH TO DATE    4                         0      4        6
  SINCE MAR 1      4                         0      4        6
  SINCE JAN 1      4                         0      4        6
..................................................................


WIND (MPH)
  HIGHEST WIND SPEED    MM   HIGHEST WIND DIRECTION    MM
  HIGHEST GUST SPEED    MM   HIGHEST GUST DIRECTION    MM
  AVERAGE WIND SPEED    MM


SKY COVER
  POSSIBLE SUNSHINE  MM



RELATIVE HUMIDITY (PERCENT)
 HIGHEST    86           300 AM
 LOWEST     57           400 PM
 AVERAGE    72

..........................................................


THE BALTIMORE INNER HARBOR MD CLIMATE NORMALS FOR TODAY
                         NORMAL
 MAXIMUM TEMPERATURE (F)   59
 MINIMUM TEMPERATURE (F)   43


SUNRISE AND SUNSET
MARCH 29 2017.........SUNRISE   655 AM EDT   SUNSET   728 PM EDT
MARCH 30 2017.........SUNRISE   654 AM EDT   SUNSET   729 PM EDT


-  INDICATES NEGATIVE NUMBERS.
R  INDICATES RECORD WAS SET OR TIED.
MM INDICATES DATA IS MISSING.
T  INDICATES TRACE AMOUNT.




$$
