000
CDUS41 KLWX 220528
CLIDMH


CLIMATE REPORT
NATIONAL WEATHER SERVICE BALTIMORE MD/WASHINGTON DC
127 AM EDT TUE JUL 22 2014


...................................

...THE BALTIMORE INNER HARBOR MD CLIMATE SUMMARY FOR JULY 21 2014...

CLIMATE NORMAL PERIOD 1981 TO 2010
CLIMATE RECORD PERIOD 9999 TO 9999


WEATHER ITEM   OBSERVED TIME   RECORD YEAR NORMAL DEPARTURE LAST
                VALUE   (LST)  VALUE       VALUE  FROM      YEAR
                                                  NORMAL
..................................................................
TEMPERATURE (F)
 YESTERDAY
  MAXIMUM         82    609 PM  MM      MM  89     -7       94
  MINIMUM         72    537 AM  MM      MM  73     -1       78
  AVERAGE         77                        81     -4       86

PRECIPITATION (IN)
  YESTERDAY        0.00         MM      MM   0.16  -0.16     0.07
  MONTH TO DATE    3.06                      3.19  -0.13     3.19
  SINCE JUN 1      9.83                      6.46   3.37    11.87
  SINCE JAN 1     32.88                     22.55  10.33    26.03

DEGREE DAYS
 HEATING
  YESTERDAY        0                         0      0        0
  MONTH TO DATE    0                         0      0        0
  SINCE JUN 1      0                         5     -5        0
  SINCE JUL 1      0                         0      0        0

 COOLING
  YESTERDAY       12                        16     -4       21
  MONTH TO DATE  297                       333    -36      427
  SINCE JUN 1    625                       670    -45      847
  SINCE JAN 1    755                       809    -54     1077
..................................................................


WIND (MPH)
  HIGHEST WIND SPEED    MM   HIGHEST WIND DIRECTION    MM
  HIGHEST GUST SPEED    MM   HIGHEST GUST DIRECTION    MM
  AVERAGE WIND SPEED    MM


SKY COVER
  POSSIBLE SUNSHINE  MM



RELATIVE HUMIDITY (PERCENT)
 HIGHEST    MM
 LOWEST     MM
 AVERAGE    MM

..........................................................


THE BALTIMORE INNER HARBOR MD CLIMATE NORMALS FOR TODAY
                         NORMAL
 MAXIMUM TEMPERATURE (F)   89
 MINIMUM TEMPERATURE (F)   73


SUNRISE AND SUNSET
JULY 22 2014..........SUNRISE   558 AM EDT   SUNSET   827 PM EDT
JULY 23 2014..........SUNRISE   559 AM EDT   SUNSET   827 PM EDT


-  INDICATES NEGATIVE NUMBERS.
R  INDICATES RECORD WAS SET OR TIED.
MM INDICATES DATA IS MISSING.
T  INDICATES TRACE AMOUNT.




$$
