000
CDUS41 KLWX 230521
CLIDMH


CLIMATE REPORT
NATIONAL WEATHER SERVICE BALTIMORE MD/WASHINGTON DC
121 AM EDT WED APR 23 2014


...................................

...THE BALTIMORE INNER HARBOR MD CLIMATE SUMMARY FOR APRIL 22 2014...

CLIMATE NORMAL PERIOD 1981 TO 2010
CLIMATE RECORD PERIOD 9999 TO 9999


WEATHER ITEM   OBSERVED TIME   RECORD YEAR NORMAL DEPARTURE LAST
                VALUE   (LST)  VALUE       VALUE  FROM      YEAR
                                                  NORMAL
..................................................................
TEMPERATURE (F)
 YESTERDAY
  MAXIMUM         72    525 PM  MM      MM  68      4       60
  MINIMUM         52    607 AM  MM      MM  49      3       44
  AVERAGE         62                        59      3       52

PRECIPITATION (IN)
  YESTERDAY        0.20         MM      MM   0.11   0.09     0.00
  MONTH TO DATE    3.00                      2.42   0.58     1.68
  SINCE MAR 1      7.20                      6.28   0.92     3.95
  SINCE JAN 1     13.53                     11.80   1.73     9.80

DEGREE DAYS
 HEATING
  YESTERDAY        3                         7     -4       13
  MONTH TO DATE  216                       229    -13      156
  SINCE MAR 1    950                       808    142      752
  SINCE JUL 1   4020                      3896    124     3303

 COOLING
  YESTERDAY        0                         1     -1        0
  MONTH TO DATE   14                        15     -1       51
  SINCE MAR 1     14                        16     -2       51
  SINCE JAN 1     14                        16     -2       51
..................................................................


WIND (MPH)
  HIGHEST WIND SPEED    MM   HIGHEST WIND DIRECTION    MM
  HIGHEST GUST SPEED    MM   HIGHEST GUST DIRECTION    MM
  AVERAGE WIND SPEED    MM


SKY COVER
  POSSIBLE SUNSHINE  MM



RELATIVE HUMIDITY (PERCENT)
 HIGHEST    87           900 PM
 LOWEST     49           100 PM
 AVERAGE    68

..........................................................


THE BALTIMORE INNER HARBOR MD CLIMATE NORMALS FOR TODAY
                         NORMAL
 MAXIMUM TEMPERATURE (F)   68
 MINIMUM TEMPERATURE (F)   50


SUNRISE AND SUNSET
APRIL 23 2014.........SUNRISE   618 AM EDT   SUNSET   752 PM EDT
APRIL 24 2014.........SUNRISE   617 AM EDT   SUNSET   753 PM EDT


-  INDICATES NEGATIVE NUMBERS.
R  INDICATES RECORD WAS SET OR TIED.
MM INDICATES DATA IS MISSING.
T  INDICATES TRACE AMOUNT.




$$
