000
CDUS45 KEPZ 220926
CLIDMN


CLIMATE REPORT
NATIONAL WEATHER SERVICE EL PASO, TX
325 AM MDT WED OCT 22 2014


...................................

...THE DEMING CLIMATE SUMMARY FOR OCTOBER 21 2014...

CLIMATE NORMAL PERIOD 1981 TO 2010
CLIMATE RECORD PERIOD 2000 TO 2014


WEATHER ITEM   OBSERVED TIME   NORMAL DEPARTURE LAST
                VALUE   (LST)  VALUE  FROM      YEAR
                                      NORMAL
......................................................
TEMPERATURE (F)
 YESTERDAY
  MAXIMUM         72    330 PM  76              74
  MINIMUM         51    646 AM  43              34
  AVERAGE         62            60      2       54

PRECIPITATION (IN)
  YESTERDAY        0.04          0.03   0.01     0.00
  MONTH TO DATE    0.35          0.82  -0.47      T
  SINCE SEP 1      5.18          2.12   3.06     3.07
  SINCE JAN 1      8.76          9.71  -0.95     9.31

......................................................


WIND (MPH)
  HIGHEST WIND SPEED    12   HIGHEST WIND DIRECTION     E (80)
  HIGHEST GUST SPEED    18   HIGHEST GUST DIRECTION     E (80)
  AVERAGE WIND SPEED     6.4


SKY COVER
  AVERAGE SKY COVER 0.3


WEATHER CONDITIONS
 THE FOLLOWING WEATHER WAS RECORDED YESTERDAY.
  RAIN
  LIGHT RAIN
  FOG


RELATIVE HUMIDITY (PERCENT)
 HIGHEST   100           700 AM
 LOWEST     49           300 PM
 AVERAGE    75

..........................................................


THE DEMING CLIMATE NORMALS FOR TODAY
                         NORMAL
 MAXIMUM TEMPERATURE (F)   75
 MINIMUM TEMPERATURE (F)   43


SUNRISE AND SUNSET
OCTOBER 22 2014.......SUNRISE   720 AM MDT   SUNSET   630 PM MDT
OCTOBER 23 2014.......SUNRISE   721 AM MDT   SUNSET   629 PM MDT


-  INDICATES NEGATIVE NUMBERS.
R  INDICATES RECORD WAS SET OR TIED.
MM INDICATES DATA IS MISSING.
T  INDICATES TRACE AMOUNT.




$$
