000
CDUS45 KEPZ 260926
CLIDMN


CLIMATE REPORT
NATIONAL WEATHER SERVICE EL PASO, TX
325 AM MDT SAT JUL 26 2014


...................................

...THE DEMING CLIMATE SUMMARY FOR JULY 25 2014...

CLIMATE NORMAL PERIOD 1981 TO 2010
CLIMATE RECORD PERIOD 2000 TO 2014


WEATHER ITEM   OBSERVED TIME   NORMAL DEPARTURE LAST
                VALUE   (LST)  VALUE  FROM      YEAR
                                      NORMAL
......................................................
TEMPERATURE (F)
 YESTERDAY
  MAXIMUM         99    359 PM  94              82
  MINIMUM         68    530 AM  67              65
  AVERAGE         84            80      4       74

PRECIPITATION (IN)
  YESTERDAY        0.00          0.08  -0.08     0.08
  MONTH TO DATE    1.39          1.74  -0.35     2.63
  SINCE JUN 1      1.42          2.44  -1.02     2.63
  SINCE JAN 1      1.99          4.85  -2.86     3.14

......................................................


WIND (MPH)
  HIGHEST WIND SPEED    14   HIGHEST WIND DIRECTION     E (110)
  HIGHEST GUST SPEED    18   HIGHEST GUST DIRECTION     W (270)
  AVERAGE WIND SPEED     5.5


SKY COVER
  AVERAGE SKY COVER 0.0


WEATHER CONDITIONS
 THE FOLLOWING WEATHER WAS RECORDED YESTERDAY.
  NO SIGNIFICANT WEATHER WAS OBSERVED.


RELATIVE HUMIDITY (PERCENT)
 HIGHEST    47           400 AM
 LOWEST     15           400 PM
 AVERAGE    31

..........................................................


THE DEMING CLIMATE NORMALS FOR TODAY
                         NORMAL
 MAXIMUM TEMPERATURE (F)   94
 MINIMUM TEMPERATURE (F)   67


SUNRISE AND SUNSET
JULY 26 2014..........SUNRISE   622 AM MDT   SUNSET   813 PM MDT
JULY 27 2014..........SUNRISE   622 AM MDT   SUNSET   812 PM MDT


-  INDICATES NEGATIVE NUMBERS.
R  INDICATES RECORD WAS SET OR TIED.
MM INDICATES DATA IS MISSING.
T  INDICATES TRACE AMOUNT.




$$
