000
CDUS43 KEAX 030643
CLIDMO


CLIMATE REPORT
NATIONAL WEATHER SERVICE KANSAS CITY/PLEASANT HILL MO
143 AM CDT WED JUN 3 2015


...................................

...THE SEDALIA MO CLIMATE SUMMARY FOR JUNE 2 2015...

CLIMATE NORMAL PERIOD 1981 TO 2010
CLIMATE RECORD PERIOD 9999 TO 9999


WEATHER ITEM   OBSERVED TIME   NORMAL DEPARTURE LAST
                VALUE   (LST)  VALUE  FROM      YEAR
                                      NORMAL
......................................................
TEMPERATURE (F)
 YESTERDAY
  MAXIMUM         73    443 PM  81     -8       85
  MINIMUM         59    507 AM  61     -2       67
  AVERAGE         66            71     -5       76

PRECIPITATION (IN)
  YESTERDAY        0.00          0.20  -0.20     0.27
  MONTH TO DATE    0.00          0.42  -0.42     0.27
  SINCE JUN 1      0.00          0.42  -0.42     0.27
  SINCE JAN 1     13.43         15.57  -2.14    11.64

DEGREE DAYS
 HEATING
  YESTERDAY        0             1     -1        0
  MONTH TO DATE    5             2      3        0
  SINCE JUN 1      5             2      3        0
  SINCE JUL 1   4645          4567     78     5301

 COOLING
  YESTERDAY        1             7     -6       11
  MONTH TO DATE    1            14    -13       23
  SINCE JUN 1      1            14    -13       23
  SINCE JAN 1    128           153    -25      218
......................................................


WIND (MPH)
  HIGHEST WIND SPEED    16   HIGHEST WIND DIRECTION    SE (130)
  HIGHEST GUST SPEED    20   HIGHEST GUST DIRECTION    SE (130)
  AVERAGE WIND SPEED     8.0


SKY COVER
  AVERAGE SKY COVER 0.6


WEATHER CONDITIONS
 THE FOLLOWING WEATHER WAS RECORDED YESTERDAY.
  NO SIGNIFICANT WEATHER WAS OBSERVED.


RELATIVE HUMIDITY (PERCENT)
 HIGHEST    84           100 AM
 LOWEST     57           300 PM
 AVERAGE    71

..........................................................


THE SEDALIA MO CLIMATE NORMALS FOR TODAY
                         NORMAL
 MAXIMUM TEMPERATURE (F)   82
 MINIMUM TEMPERATURE (F)   61


SUNRISE AND SUNSET
JUNE  3 2015..........SUNRISE   549 AM CDT   SUNSET   833 PM CDT
JUNE  4 2015..........SUNRISE   549 AM CDT   SUNSET   833 PM CDT


-  INDICATES NEGATIVE NUMBERS.
R  INDICATES RECORD WAS SET OR TIED.
MM INDICATES DATA IS MISSING.
T  INDICATES TRACE AMOUNT.




$$
