000
CDUS43 KEAX 230646
CLIDMO


CLIMATE REPORT
NATIONAL WEATHER SERVICE KANSAS CITY/PLEASANT HILL MO
145 AM CDT TUE SEP 23 2014


...................................

...THE SEDALIA MO CLIMATE SUMMARY FOR SEPTEMBER 22 2014...

CLIMATE NORMAL PERIOD 1981 TO 2010
CLIMATE RECORD PERIOD 9999 TO 9999


WEATHER ITEM   OBSERVED TIME   NORMAL DEPARTURE LAST
                VALUE   (LST)  VALUE  FROM      YEAR
                                      NORMAL
......................................................
TEMPERATURE (F)
 YESTERDAY
  MAXIMUM         76    351 PM  77     -1       76
  MINIMUM         49    606 AM  56     -7       47
  AVERAGE         63            66     -3       62

PRECIPITATION (IN)
  YESTERDAY        0.00          0.11  -0.11     0.00
  MONTH TO DATE    1.81          3.11  -1.30     2.79
  SINCE SEP 1      1.81          3.11  -1.30     2.79
  SINCE JAN 1     23.38         31.05  -7.67    32.70

DEGREE DAYS
 HEATING
  YESTERDAY        2             2      0        3
  MONTH TO DATE   41            16     25       11
  SINCE SEP 1     41            16     25       11
  SINCE JUL 1     41            17     24       11

 COOLING
  YESTERDAY        0             4     -4        0
  MONTH TO DATE  116           141    -25      196
  SINCE SEP 1    116           141    -25      196
  SINCE JAN 1   1333          1426    -93     1411
......................................................


WIND (MPH)
  HIGHEST WIND SPEED    10   HIGHEST WIND DIRECTION    NE (30)
  HIGHEST GUST SPEED    14   HIGHEST GUST DIRECTION    NE (50)
  AVERAGE WIND SPEED     4.0


SKY COVER
  AVERAGE SKY COVER 0.0


WEATHER CONDITIONS
 THE FOLLOWING WEATHER WAS RECORDED YESTERDAY.
  NO SIGNIFICANT WEATHER WAS OBSERVED.


RELATIVE HUMIDITY (PERCENT)
 HIGHEST    93           500 AM
 LOWEST     38           400 PM
 AVERAGE    66

..........................................................


THE SEDALIA MO CLIMATE NORMALS FOR TODAY
                         NORMAL
 MAXIMUM TEMPERATURE (F)   76
 MINIMUM TEMPERATURE (F)   56


SUNRISE AND SUNSET
SEPTEMBER 23 2014.....SUNRISE   701 AM CDT   SUNSET   708 PM CDT
SEPTEMBER 24 2014.....SUNRISE   702 AM CDT   SUNSET   706 PM CDT


-  INDICATES NEGATIVE NUMBERS.
R  INDICATES RECORD WAS SET OR TIED.
MM INDICATES DATA IS MISSING.
T  INDICATES TRACE AMOUNT.




$$
