000
CDUS43 KEAX 282125
CLIDMO


CLIMATE REPORT
NATIONAL WEATHER SERVICE KANSAS CITY/PLEASANT HILL MO
424 PM CDT WED JUN 28 2017


...................................

...THE SEDALIA MO CLIMATE SUMMARY FOR JUNE 28 2017...
VALID AS OF 0400 PM LOCAL TIME.

CLIMATE NORMAL PERIOD 1981 TO 2010
CLIMATE RECORD PERIOD 9999 TO 9999


WEATHER ITEM   OBSERVED TIME   NORMAL DEPARTURE LAST
                VALUE   (LST)  VALUE  FROM      YEAR
                                      NORMAL
......................................................
TEMPERATURE (F)
 TODAY
  MAXIMUM         88    248 PM  87      1       83
  MINIMUM         70    608 AM  68      2       69
  AVERAGE         79            78      1       76

PRECIPITATION (IN)
  TODAY            0.00          0.14  -0.14     0.01
  MONTH TO DATE    2.11          4.82  -2.71     3.79
  SINCE JUN 1      2.11          4.82  -2.71     3.79
  SINCE JAN 1     18.30         19.97  -1.67    13.05

DEGREE DAYS
 HEATING
  TODAY            0             0      0        0
  MONTH TO DATE    0             4     -4        0
  SINCE JUN 1      0             4     -4        0
  SINCE JUL 1   3604          4569   -965     3680

 COOLING
  TODAY           14            13      1       11
  MONTH TO DATE  291           278     13      398
  SINCE JUN 1    291           278     13      398
  SINCE JAN 1    454           417     37      520
......................................................


WIND (MPH)
  HIGHEST WIND SPEED    28   HIGHEST WIND DIRECTION     S (180)
  HIGHEST GUST SPEED    35   HIGHEST GUST DIRECTION     S (200)
  AVERAGE WIND SPEED    16.1


SKY COVER
  AVERAGE SKY COVER 0.2


WEATHER CONDITIONS
 THE FOLLOWING WEATHER WAS RECORDED TODAY.
  NO SIGNIFICANT WEATHER WAS OBSERVED.


RELATIVE HUMIDITY (PERCENT)
 HIGHEST    84           100 AM
 LOWEST     59           200 PM
 AVERAGE    72

..........................................................


THE SEDALIA MO CLIMATE NORMALS FOR TOMORROW
                         NORMAL
 MAXIMUM TEMPERATURE (F)   88
 MINIMUM TEMPERATURE (F)   68


SUNRISE AND SUNSET
JUNE 28 2017..........SUNRISE   550 AM CDT   SUNSET   841 PM CDT
JUNE 29 2017..........SUNRISE   551 AM CDT   SUNSET   841 PM CDT


-  INDICATES NEGATIVE NUMBERS.
R  INDICATES RECORD WAS SET OR TIED.
MM INDICATES DATA IS MISSING.
T  INDICATES TRACE AMOUNT.




$$
