000
CDUS43 KEAX 071251
CLIDMO


CLIMATE REPORT
NATIONAL WEATHER SERVICE KANSAS CITY/PLEASANT HILL MO
750 AM CDT TUE JUL 7 2015


...................................

...THE SEDALIA MO CLIMATE SUMMARY FOR JULY 7 2015...
VALID AS OF 0700 AM LOCAL TIME.

CLIMATE NORMAL PERIOD 1981 TO 2010
CLIMATE RECORD PERIOD 9999 TO 9999


WEATHER ITEM   OBSERVED TIME   NORMAL DEPARTURE LAST
                VALUE   (LST)  VALUE  FROM      YEAR
                                      NORMAL
......................................................
TEMPERATURE (F)
 TODAY
  MAXIMUM         73    329 AM  88    -15       91
  MINIMUM         65    559 AM  69     -4       76
  AVERAGE         69            79    -10       84

PRECIPITATION (IN)
  TODAY            0.11          0.13  -0.02    MM
  MONTH TO DATE    4.49          0.90   3.59     0.18
  SINCE JUN 1     10.78          5.99   4.79     6.29
  SINCE JAN 1     24.21         21.14   3.07    17.66

DEGREE DAYS
 HEATING
  TODAY            0             0      0        0
  MONTH TO DATE    0             0      0        0
  SINCE JUN 1      5             6     -1        0
  SINCE JUL 1      0             0      0        0

 COOLING
  TODAY            4            14    -10       19
  MONTH TO DATE   70            95    -25       62
  SINCE JUN 1    409           399     10      374
  SINCE JAN 1    536           538     -2      569
......................................................


WIND (MPH)
  HIGHEST WIND SPEED    16   HIGHEST WIND DIRECTION     N (340)
  HIGHEST GUST SPEED    22   HIGHEST GUST DIRECTION     N (340)
  AVERAGE WIND SPEED     9.8


SKY COVER
  AVERAGE SKY COVER 1.0


WEATHER CONDITIONS
 THE FOLLOWING WEATHER WAS RECORDED TODAY.
  HEAVY RAIN
  RAIN
  LIGHT RAIN
  FOG


RELATIVE HUMIDITY (PERCENT)
 HIGHEST    87          1200 AM
 LOWEST     87          1200 AM
 AVERAGE    87

..........................................................


THE SEDALIA MO CLIMATE NORMALS FOR TOMORROW
                         NORMAL
 MAXIMUM TEMPERATURE (F)   89
 MINIMUM TEMPERATURE (F)   69


SUNRISE AND SUNSET
JULY  7 2015..........SUNRISE   554 AM CDT   SUNSET   840 PM CDT
JULY  8 2015..........SUNRISE   555 AM CDT   SUNSET   840 PM CDT


-  INDICATES NEGATIVE NUMBERS.
R  INDICATES RECORD WAS SET OR TIED.
MM INDICATES DATA IS MISSING.
T  INDICATES TRACE AMOUNT.




$$
