000
CDUS42 KCAE 252228
CLIDNL


CLIMATE REPORT
NATIONAL WEATHER SERVICE COLUMBIA SC
527 PM EST SUN FEB 25 2018


...................................

...THE AUGUSTA DANIEL FIELD GA CLIMATE SUMMARY FOR FEBRUARY 25 2018...
VALID TODAY AS OF 0500 PM LOCAL TIME.

CLIMATE NORMAL PERIOD 1981 TO 2010
CLIMATE RECORD PERIOD 9999 TO 9999


WEATHER ITEM   OBSERVED TIME   NORMAL DEPARTURE LAST
                VALUE   (LST)  VALUE  FROM      YEAR
                                      NORMAL
......................................................
TEMPERATURE (F)
 TODAY
  MAXIMUM         75   1235 PM  63     12       77
  MINIMUM         62    624 AM  43     19       54
  AVERAGE         69            53     16

PRECIPITATION (IN)
  TODAY            0.10          0.16  -0.06      T
  MONTH TO DATE    1.59          3.53  -1.94     1.82
  SINCE DEC 1      8.30         11.36  -3.06    16.53
  SINCE JAN 1      4.30          7.74  -3.44    12.32

DEGREE DAYS
 HEATING
  TODAY            0            12    -12        0
  MONTH TO DATE  138           372   -234      137
  SINCE DEC 1   1144          1444   -300      820
  SINCE JUL 1   1406          1778   -372      989

 COOLING
  TODAY            4             0      4        1
  MONTH TO DATE   67             0     67       16
  SINCE DEC 1     72             6     66       35
  SINCE JAN 1     69             1     68       31
......................................................


WIND (MPH)
  HIGHEST WIND SPEED    24   HIGHEST WIND DIRECTION    NW (320)
  HIGHEST GUST SPEED    34   HIGHEST GUST DIRECTION    NW (320)
  AVERAGE WIND SPEED     7.9


SKY COVER
  AVERAGE SKY COVER 0.5


WEATHER CONDITIONS
 THE FOLLOWING WEATHER WAS RECORDED TODAY.
  RAIN
  LIGHT RAIN
  FOG


RELATIVE HUMIDITY (PERCENT)
 HIGHEST    93           600 AM
 LOWEST     49           500 PM

..........................................................


THE AUGUSTA DANIEL FIELD GA CLIMATE NORMALS FOR TOMORROW
                         NORMAL
 MAXIMUM TEMPERATURE (F)   63
 MINIMUM TEMPERATURE (F)   43


SUNRISE AND SUNSET
FEBRUARY 25 2018......SUNRISE   701 AM EST   SUNSET   622 PM EST
FEBRUARY 26 2018......SUNRISE   700 AM EST   SUNSET   622 PM EST


-  INDICATES NEGATIVE NUMBERS.
R  INDICATES RECORD WAS SET OR TIED.
MM INDICATES DATA IS MISSING.
T  INDICATES TRACE AMOUNT.




$$
