000
CDUS42 KCAE 242134
CLIDNL


CLIMATE REPORT
NATIONAL WEATHER SERVICE COLUMBIA SC
534 PM EDT THU APR 24 2014


...................................

...THE AUGUSTA DANIEL FIELD GA CLIMATE SUMMARY FOR APRIL 24 2014...
VALID TODAY AS OF 0500 PM LOCAL TIME.

CLIMATE NORMAL PERIOD 1981 TO 2010
CLIMATE RECORD PERIOD 9999 TO 9999


WEATHER ITEM   OBSERVED TIME   RECORD YEAR NORMAL DEPARTURE LAST
                VALUE   (LST)  VALUE       VALUE  FROM      YEAR
                                                  NORMAL
..................................................................
TEMPERATURE (F)
 TODAY
  MAXIMUM         83    356 PM  MM      MM  78      5       80
  MINIMUM         58    614 AM  MM      MM  55      3       55
  AVERAGE         71                        66      5

PRECIPITATION (IN)
  TODAY            0.00         MM      MM   0.07  -0.07     0.00
  MONTH TO DATE    4.14                      2.61   1.53     2.14
  SINCE MAR 1      6.82                      6.92  -0.10     4.98
  SINCE JAN 1     13.11                     15.16  -2.05    14.13

DEGREE DAYS
 HEATING
  TODAY            0                         2     -2        0
  MONTH TO DATE   66                        87    -21       84
  SINCE MAR 1    386                       337     49      502
  SINCE JUL 1   2222                      2150     72     2075

 COOLING
  TODAY            6                         3      3        3
  MONTH TO DATE   78                        51     27       58
  SINCE MAR 1     83                        73     10       63
  SINCE JAN 1     91                        77     14       83
..................................................................


WIND (MPH)
  HIGHEST WIND SPEED    14   HIGHEST WIND DIRECTION     E (70)
  HIGHEST GUST SPEED    21   HIGHEST GUST DIRECTION    SE (120)
  AVERAGE WIND SPEED     6.6


SKY COVER
  AVERAGE SKY COVER 0.0


WEATHER CONDITIONS
 THE FOLLOWING WEATHER WAS RECORDED TODAY.
  NO SIGNIFICANT WEATHER WAS OBSERVED.


RELATIVE HUMIDITY (PERCENT)
 HIGHEST    56          1200 AM
 LOWEST     26           300 PM

..........................................................


THE AUGUSTA DANIEL FIELD GA CLIMATE NORMALS FOR TOMORROW
                         NORMAL    RECORD    YEAR
 MAXIMUM TEMPERATURE (F)   78        MM        MM
 MINIMUM TEMPERATURE (F)   55        MM        MM


SUNRISE AND SUNSET
APRIL 24 2014.........SUNRISE   647 AM EDT   SUNSET   806 PM EDT
APRIL 25 2014.........SUNRISE   646 AM EDT   SUNSET   806 PM EDT


-  INDICATES NEGATIVE NUMBERS.
R  INDICATES RECORD WAS SET OR TIED.
MM INDICATES DATA IS MISSING.
T  INDICATES TRACE AMOUNT.




$$
