000
CDUS42 KCAE 230621
CLIDNL


CLIMATE REPORT
NATIONAL WEATHER SERVICE COLUMBIA SC
221 AM EDT SUN APR 23 2017


...................................

...THE AUGUSTA DANIEL FIELD GA CLIMATE SUMMARY FOR APRIL 22 2017...

CLIMATE NORMAL PERIOD 1981 TO 2010
CLIMATE RECORD PERIOD 9999 TO 9999


WEATHER ITEM   OBSERVED TIME   NORMAL DEPARTURE LAST
                VALUE   (LST)  VALUE  FROM      YEAR
                                      NORMAL
......................................................
TEMPERATURE (F)
 YESTERDAY
  MAXIMUM         88    439 PM  77     11       79
  MINIMUM         65    610 AM  55     10       65
  AVERAGE         77            66     11       72

PRECIPITATION (IN)
  YESTERDAY        0.00          0.07  -0.07     0.09
  MONTH TO DATE    2.15          2.46  -0.31     3.17
  SINCE MAR 1      4.24          6.77  -2.53     5.23
  SINCE JAN 1     16.60         15.01   1.59     9.84

DEGREE DAYS
 HEATING
  YESTERDAY        0             2     -2        0
  MONTH TO DATE   23            83    -60       40
  SINCE MAR 1    228           333   -105      155
  SINCE JUL 1   1235          2146   -911     1456

 COOLING
  YESTERDAY       12             3      9        7
  MONTH TO DATE  137            45     92       42
  SINCE MAR 1    208            67    141      141
  SINCE JAN 1    242            71    171      147
......................................................


WIND (MPH)
  HIGHEST WIND SPEED    16   HIGHEST WIND DIRECTION     S (200)
  HIGHEST GUST SPEED    23   HIGHEST GUST DIRECTION    SW (210)
  AVERAGE WIND SPEED     6.9


SKY COVER
  AVERAGE SKY COVER 0.2


WEATHER CONDITIONS
 THE FOLLOWING WEATHER WAS RECORDED YESTERDAY.
  NO SIGNIFICANT WEATHER WAS OBSERVED.


RELATIVE HUMIDITY (PERCENT)
 HIGHEST    73           500 AM
 LOWEST     28           200 PM

..........................................................


THE AUGUSTA DANIEL FIELD GA CLIMATE NORMALS FOR TODAY
                         NORMAL    RECORD    YEAR
 MAXIMUM TEMPERATURE (F)   77        MM        MM
 MINIMUM TEMPERATURE (F)   55        MM        MM


SUNRISE AND SUNSET
APRIL 23 2017.........SUNRISE   648 AM EDT   SUNSET   805 PM EDT
APRIL 24 2017.........SUNRISE   647 AM EDT   SUNSET   806 PM EDT


-  INDICATES NEGATIVE NUMBERS.
R  INDICATES RECORD WAS SET OR TIED.
MM INDICATES DATA IS MISSING.
T  INDICATES TRACE AMOUNT.




$$
