000
CDUS42 KCAE 231149
CLIDNL


CLIMATE REPORT
NATIONAL WEATHER SERVICE COLUMBIA SC
747 AM EDT THU MAR 23 2017


...................................

...THE AUGUSTA DANIEL FIELD GA CLIMATE SUMMARY FOR MARCH 22 2017...

CLIMATE NORMAL PERIOD 1981 TO 2010
CLIMATE RECORD PERIOD 9999 TO 9999


WEATHER ITEM   OBSERVED TIME   NORMAL DEPARTURE LAST
                VALUE   (LST)  VALUE  FROM      YEAR
                                      NORMAL
......................................................
TEMPERATURE (F)
 YESTERDAY
  MAXIMUM         74    321 PM  70      4       71
  MINIMUM         57   1159 PM  49      8       41
  AVERAGE         66            59      7       56

PRECIPITATION (IN)
  YESTERDAY        0.00          0.13  -0.13     0.00
  MONTH TO DATE    1.87          2.95  -1.08     1.28
  SINCE MAR 1      1.87          2.95  -1.08     1.28
  SINCE JAN 1     14.23         11.19   3.04     5.89

DEGREE DAYS
 HEATING
  YESTERDAY        0             7     -7        9
  MONTH TO DATE  197           198     -1      105
  SINCE MAR 1    197           198     -1      105
  SINCE JUL 1   1204          2011   -807     1406

 COOLING
  YESTERDAY        1             1      0        0
  MONTH TO DATE   22            20      2       75
  SINCE MAR 1     22            20      2       75
  SINCE JAN 1     56            24     32       81
......................................................


WIND (MPH)
  HIGHEST WIND SPEED    16   HIGHEST WIND DIRECTION    NE (60)
  HIGHEST GUST SPEED    20   HIGHEST GUST DIRECTION    NE (60)
  AVERAGE WIND SPEED     8.1


SKY COVER
  AVERAGE SKY COVER 0.0


WEATHER CONDITIONS
 THE FOLLOWING WEATHER WAS RECORDED YESTERDAY.
  THUNDERSTORM


RELATIVE HUMIDITY (PERCENT)
 HIGHEST    84           100 AM
 LOWEST     27           900 PM

..........................................................


THE AUGUSTA DANIEL FIELD GA CLIMATE NORMALS FOR TODAY
                         NORMAL    RECORD    YEAR
 MAXIMUM TEMPERATURE (F)   70        MM        MM
 MINIMUM TEMPERATURE (F)   49        MM        MM


SUNRISE AND SUNSET
MARCH 23 2017.........SUNRISE   727 AM EDT   SUNSET   742 PM EDT
MARCH 24 2017.........SUNRISE   726 AM EDT   SUNSET   743 PM EDT


-  INDICATES NEGATIVE NUMBERS.
R  INDICATES RECORD WAS SET OR TIED.
MM INDICATES DATA IS MISSING.
T  INDICATES TRACE AMOUNT.




$$
