000
CDUS42 KCAE 280634
CLIDNL


CLIMATE REPORT
NATIONAL WEATHER SERVICE COLUMBIA SC
233 AM EDT TUE JUL 28 2015


...................................

...THE AUGUSTA DANIEL FIELD GA CLIMATE SUMMARY FOR JULY 27 2015...

CLIMATE NORMAL PERIOD 1981 TO 2010
CLIMATE RECORD PERIOD 9999 TO 9999


WEATHER ITEM   OBSERVED TIME   NORMAL DEPARTURE LAST
                VALUE   (LST)  VALUE  FROM      YEAR
                                      NORMAL
......................................................
TEMPERATURE (F)
 YESTERDAY
  MAXIMUM         99    404 PM  92      7       96
  MINIMUM         75    604 AM  73      2       77
  AVERAGE         87            82      5       87

PRECIPITATION (IN)
  YESTERDAY        0.00          0.18  -0.18     0.00
  MONTH TO DATE    1.94          4.59  -2.65     1.11
  SINCE JUN 1      5.23          8.88  -3.65     5.34
  SINCE JAN 1     17.67         27.56  -9.89    24.14

DEGREE DAYS
 HEATING
  YESTERDAY        0             0      0        0
  MONTH TO DATE    0             0      0        0
  SINCE JUN 1      0             1     -1        0
  SINCE JUL 1      0             0      0        0

 COOLING
  YESTERDAY       22            17      5       22
  MONTH TO DATE  555           457     98      489
  SINCE JUN 1   1110           891    219      991
  SINCE JAN 1   1658          1248    410     1453
......................................................


WIND (MPH)
  HIGHEST WIND SPEED    12   HIGHEST WIND DIRECTION     E (100)
  HIGHEST GUST SPEED    18   HIGHEST GUST DIRECTION    NE (50)
  AVERAGE WIND SPEED     3.8


SKY COVER
  AVERAGE SKY COVER 0.1


WEATHER CONDITIONS
 THE FOLLOWING WEATHER WAS RECORDED YESTERDAY.
  NO SIGNIFICANT WEATHER WAS OBSERVED.


RELATIVE HUMIDITY (PERCENT)
 HIGHEST    74           400 AM
 LOWEST     31           500 PM

..........................................................


THE AUGUSTA DANIEL FIELD GA CLIMATE NORMALS FOR TODAY
                         NORMAL    RECORD    YEAR
 MAXIMUM TEMPERATURE (F)   92        MM        MM
 MINIMUM TEMPERATURE (F)   73        MM        MM


SUNRISE AND SUNSET
JULY 28 2015..........SUNRISE   638 AM EDT   SUNSET   831 PM EDT
JULY 29 2015..........SUNRISE   638 AM EDT   SUNSET   830 PM EDT


-  INDICATES NEGATIVE NUMBERS.
R  INDICATES RECORD WAS SET OR TIED.
MM INDICATES DATA IS MISSING.
T  INDICATES TRACE AMOUNT.




$$
