000
CDUS43 KLOT 280635
CLIDPA


CLIMATE REPORT
NATIONAL WEATHER SERVICE CHICAGO IL
1235 AM CST FRI NOV 28 2014


...................................

...THE DU PAGE  AIRPORT CLIMATE SUMMARY FOR NOVEMBER 27 2014...

CLIMATE NORMAL PERIOD 1981 TO 2010
CLIMATE RECORD PERIOD 1997 TO 2014


WEATHER ITEM   OBSERVED TIME   RECORD YEAR NORMAL DEPARTURE LAST
                VALUE   (LST)  VALUE       VALUE  FROM      YEAR
                                                  NORMAL
..................................................................
TEMPERATURE (F)
 YESTERDAY
  MAXIMUM         26   1050 AM  63    1998  43    -17       27
  MINIMUM         12   1144 PM  11    2013  26    -14       11
  AVERAGE         19                        35    -16       19

PRECIPITATION (IN)
  YESTERDAY        T             0.48        0.10  -0.10     0.00
  MONTH TO DATE    1.03                      2.78  -1.75     2.21
  SINCE SEP 1      6.24                      9.26  -3.02     6.82
  SINCE JAN 1     28.86                     34.89  -6.03    34.18

SNOWFALL (IN)
  YESTERDAY       MM
  MONTH TO DATE    0.9
  SINCE JUL 1      0.9

DEGREE DAYS
 HEATING
  YESTERDAY       46                        31     15       46
  MONTH TO DATE  830                       647    183      765
  SINCE SEP 1   1356                      1149    207     1302
  SINCE JUL 1   1365                      1158    207     1328

 COOLING
  YESTERDAY        0                         0      0        0
  MONTH TO DATE    0                         0      0        0
  SINCE SEP 1     78                        90    -12      118
  SINCE JAN 1    767                       814    -47      745
..................................................................


WIND (MPH)
  RESULTANT WIND SPEED   9   RESULTANT WIND DIRECTION  NW (320)
  HIGHEST WIND SPEED    20   HIGHEST WIND DIRECTION    NW (320)
  HIGHEST GUST SPEED    24   HIGHEST GUST DIRECTION    NW (330)
  AVERAGE WIND SPEED     8.6



WEATHER CONDITIONS
 THE FOLLOWING WEATHER WAS RECORDED YESTERDAY.
  LIGHT SNOW
  FOG
  HAZE


..........................................................


THE DU PAGE  AIRPORT CLIMATE NORMALS FOR TODAY
                         NORMAL    RECORD    YEAR
 MAXIMUM TEMPERATURE (F)   42        66      1998
 MINIMUM TEMPERATURE (F)   26        11      2002


SUNRISE AND SUNSET
NOVEMBER 28 2014......SUNRISE   658 AM CST   SUNSET   424 PM CST
NOVEMBER 29 2014......SUNRISE   659 AM CST   SUNSET   423 PM CST


-  INDICATES NEGATIVE NUMBERS.
R  INDICATES RECORD WAS SET OR TIED.
MM INDICATES DATA IS MISSING.
T  INDICATES TRACE AMOUNT.




$$
