000
CDUS43 KLOT 200634
CLIDPA


CLIMATE REPORT
NATIONAL WEATHER SERVICE CHICAGO IL
1233 AM CST TUE FEB 20 2018


...................................

...THE DU PAGE  AIRPORT CLIMATE SUMMARY FOR FEBRUARY 19 2018...

CLIMATE NORMAL PERIOD 1981 TO 2010
CLIMATE RECORD PERIOD 1997 TO 2018


WEATHER ITEM   OBSERVED TIME   RECORD YEAR NORMAL DEPARTURE LAST
                VALUE   (LST)  VALUE       VALUE  FROM      YEAR
                                                  NORMAL
..................................................................
TEMPERATURE (F)
 YESTERDAY
  MAXIMUM         56   1159 PM  67    2017  38     18       67
  MINIMUM         36    740 AM  -8    2015  20     16       30
  AVERAGE         46                        29     17       49

PRECIPITATION (IN)
  YESTERDAY       MM             0.61        0.06  MM        0.00
  MONTH TO DATE    0.68                      0.88  -0.20     0.40
  SINCE DEC 1      2.48                      3.91  -1.43     3.59
  SINCE JAN 1      1.85                      2.19  -0.34     2.45

DEGREE DAYS
 HEATING
  YESTERDAY       19                        36    -17       16
  MONTH TO DATE  865                       731    134      596
  SINCE DEC 1   3438                      3192    246     3002
  SINCE JUL 1   4648                      4446    202     3913

 COOLING
  YESTERDAY        0                         0      0        0
  MONTH TO DATE    0                         0      0        0
  SINCE DEC 1      0                         0      0        0
  SINCE JAN 1      0                         0      0        0
..................................................................


WIND (MPH)
  RESULTANT WIND SPEED  10   RESULTANT WIND DIRECTION   S (180)
  HIGHEST WIND SPEED    21   HIGHEST WIND DIRECTION     S (190)
  HIGHEST GUST SPEED    30   HIGHEST GUST DIRECTION     S (180)
  AVERAGE WIND SPEED    10.7



WEATHER CONDITIONS
 THE FOLLOWING WEATHER WAS RECORDED YESTERDAY.
  FOG
  FOG W/VISIBILITY <= 1/4 MILE


..........................................................


THE DU PAGE  AIRPORT CLIMATE NORMALS FOR TODAY
                         NORMAL    RECORD    YEAR
 MAXIMUM TEMPERATURE (F)   38        69      2017
 MINIMUM TEMPERATURE (F)   21        -9      2015


SUNRISE AND SUNSET
FEBRUARY 20 2018......SUNRISE   642 AM CST   SUNSET   532 PM CST
FEBRUARY 21 2018......SUNRISE   640 AM CST   SUNSET   534 PM CST


-  INDICATES NEGATIVE NUMBERS.
R  INDICATES RECORD WAS SET OR TIED.
MM INDICATES DATA IS MISSING.
T  INDICATES TRACE AMOUNT.




$$
