000
CDUS44 KEWX 200844
CLIDRT


CLIMATE REPORT
NATIONAL WEATHER SERVICE AUSTIN/SAN ANTONIO, TX
241 AM CST SAT DEC 20 2014


...................................

...THE DEL RIO CLIMATE SUMMARY FOR DECEMBER 19 2014...

CLIMATE NORMAL PERIOD 1981 TO 2010
CLIMATE RECORD PERIOD 1906 TO 2014


WEATHER ITEM   OBSERVED TIME   RECORD YEAR NORMAL DEPARTURE LAST
                VALUE   (LST)  VALUE       VALUE  FROM      YEAR
                                                  NORMAL
..................................................................
TEMPERATURE (F)
 YESTERDAY
  MAXIMUM         71    425 PM  83    2012  63      8       69
  MINIMUM         54   1009 PM  20    1996  40     14       55
  AVERAGE         63                        52     11       62

PRECIPITATION (IN)
  YESTERDAY        T             1.06 1911   0.02  -0.02     0.00
  MONTH TO DATE    0.04                      0.37  -0.33     0.01
  SINCE DEC 1      0.04                      0.37  -0.33     0.01
  SINCE JAN 1     15.94                     19.24  -3.30    15.00

SNOWFALL (IN)
  YESTERDAY        0.0
  MONTH TO DATE    0.0
  SINCE DEC 1      0.0
  SINCE JUL 1      0.0

DEGREE DAYS
 HEATING
  YESTERDAY        2                        13    -11        3
  MONTH TO DATE   98                       229   -131      276
  SINCE DEC 1     98                       229   -131      276
  SINCE JUL 1    370                       426    -56      509

 COOLING
  YESTERDAY        0                         0      0        0
  MONTH TO DATE    6                         0      6        5
  SINCE DEC 1      6                         0      6        5
  SINCE JAN 1   3694                      3372    322     3746
..................................................................


WIND (MPH)
  HIGHEST WIND SPEED    13   HIGHEST WIND DIRECTION    NW (330)
  HIGHEST GUST SPEED    18   HIGHEST GUST DIRECTION    NE (40)
  AVERAGE WIND SPEED     5.9


SKY COVER
  AVERAGE SKY COVER 0.6


WEATHER CONDITIONS
 THE FOLLOWING WEATHER WAS RECORDED YESTERDAY.
  NO SIGNIFICANT WEATHER WAS OBSERVED.


RELATIVE HUMIDITY (PERCENT)
 HIGHEST    86          1100 PM
 LOWEST     37           500 PM
 AVERAGE    62

..........................................................


THE DEL RIO CLIMATE NORMALS FOR TODAY
                         NORMAL    RECORD    YEAR
 MAXIMUM TEMPERATURE (F)   63        82      1951
 MINIMUM TEMPERATURE (F)   40        23      1996
                                             1924


SUNRISE AND SUNSET
DECEMBER 20 2014......SUNRISE   733 AM CST   SUNSET   549 PM CST
DECEMBER 21 2014......SUNRISE   734 AM CST   SUNSET   550 PM CST


-  INDICATES NEGATIVE NUMBERS.
R  INDICATES RECORD WAS SET OR TIED.
MM INDICATES DATA IS MISSING.
T  INDICATES TRACE AMOUNT.




$$
