000
CDUS44 KDRT 040751
CLIDRT


CLIMATE REPORT
NATIONAL WEATHER SERVICE AUSTIN/SAN ANTONIO, TX
251 AM CDT WED MAY 4 2016


...................................

...THE DEL RIO CLIMATE SUMMARY FOR MAY 3 2016...

CLIMATE NORMAL PERIOD 1981 TO 2010
CLIMATE RECORD PERIOD 1906 TO 2016


WEATHER ITEM   OBSERVED TIME   RECORD YEAR NORMAL DEPARTURE LAST
                VALUE   (LST)  VALUE       VALUE  FROM      YEAR
                                                  NORMAL
..................................................................
TEMPERATURE (F)
 YESTERDAY
  MAXIMUM         80    509 PM 101    1964  87     -7       86
  MINIMUM         52    318 AM  45    1970  65    -13       64
  AVERAGE         66                        76    -10       75

PRECIPITATION (IN)
  YESTERDAY        0.00          2.55 1918   0.07  -0.07     0.00
  MONTH TO DATE    1.08                      0.21   0.87     0.00
  SINCE MAR 1      7.32                      3.00   4.32     3.92
  SINCE JAN 1      8.07                      4.60   3.47     4.91

SNOWFALL (IN)
  YESTERDAY        0.0
  MONTH TO DATE    0.0
  SINCE MAR 1      0.0
  SINCE JUL 1      T

DEGREE DAYS
 HEATING
  YESTERDAY        0                         0      0        0
  MONTH TO DATE    1                         0      1        0
  SINCE MAR 1     70                       139    -69      148
  SINCE JUL 1   1050                      1375   -325     1475

 COOLING
  YESTERDAY        1                        11    -10       10
  MONTH TO DATE    9                        33    -24       21
  SINCE MAR 1    329                       343    -14      312
  SINCE JAN 1    364                       362      2      327
..................................................................


WIND (MPH)
  HIGHEST WIND SPEED    14   HIGHEST WIND DIRECTION     S (160)
  HIGHEST GUST SPEED    17   HIGHEST GUST DIRECTION     S (160)
  AVERAGE WIND SPEED     5.3


SKY COVER
  AVERAGE SKY COVER 0.1


WEATHER CONDITIONS
 THE FOLLOWING WEATHER WAS RECORDED YESTERDAY.
  NO SIGNIFICANT WEATHER WAS OBSERVED.


RELATIVE HUMIDITY (PERCENT)
 HIGHEST    93          1200 AM
 LOWEST     42           500 PM
 AVERAGE    68

..........................................................


THE DEL RIO CLIMATE NORMALS FOR TODAY
                         NORMAL    RECORD    YEAR
 MAXIMUM TEMPERATURE (F)   87       102      1984
 MINIMUM TEMPERATURE (F)   65        47      2013
                                             1954


SUNRISE AND SUNSET
MAY  4 2016...........SUNRISE   659 AM CDT   SUNSET   822 PM CDT
MAY  5 2016...........SUNRISE   658 AM CDT   SUNSET   823 PM CDT


-  INDICATES NEGATIVE NUMBERS.
R  INDICATES RECORD WAS SET OR TIED.
MM INDICATES DATA IS MISSING.
T  INDICATES TRACE AMOUNT.




$$
