000
CDUS44 KEWX 190635
CLIDRT


CLIMATE REPORT
NATIONAL WEATHER SERVICE AUSTIN/SAN ANTONIO, TX
1234 AM CST THU JAN 19 2017


...................................

...THE DEL RIO CLIMATE SUMMARY FOR JANUARY 18 2017...

CLIMATE NORMAL PERIOD 1981 TO 2010
CLIMATE RECORD PERIOD 1906 TO 2017


WEATHER ITEM   OBSERVED TIME   RECORD YEAR NORMAL DEPARTURE LAST
                VALUE   (LST)  VALUE       VALUE  FROM      YEAR
                                                  NORMAL
..................................................................
TEMPERATURE (F)
 YESTERDAY
  MAXIMUM         56    458 PM  85    1938  64     -8       64
                                      1906
  MINIMUM         44   1159 PM  15    1930  41      3       34
  AVERAGE         50                        52     -2       49

PRECIPITATION (IN)
  YESTERDAY        T             0.42 1947   0.03  -0.03     0.00
  MONTH TO DATE    0.18                      0.40  -0.22     0.57
  SINCE DEC 1      2.66                      1.05   1.61     0.91
  SINCE JAN 1      0.18                      0.40  -0.22     0.57

SNOWFALL (IN)
  YESTERDAY       MM
  MONTH TO DATE    0.0
  SINCE DEC 1      0.0
  SINCE JUL 1      0.0

DEGREE DAYS
 HEATING
  YESTERDAY       15                        13      2       16
  MONTH TO DATE  176                       243    -67      252
  SINCE DEC 1    509                       637   -128      535
  SINCE JUL 1    578                       834   -256      678

 COOLING
  YESTERDAY        0                         0      0        0
  MONTH TO DATE   11                         0     11        0
  SINCE DEC 1     23                         3     20        1
  SINCE JAN 1     11                         0     11        0
..................................................................


WIND (MPH)
  HIGHEST WIND SPEED    18   HIGHEST WIND DIRECTION    NW (300)
  HIGHEST GUST SPEED    23   HIGHEST GUST DIRECTION    NW (300)
  AVERAGE WIND SPEED     8.6


SKY COVER
  AVERAGE SKY COVER 0.7


WEATHER CONDITIONS
 THE FOLLOWING WEATHER WAS RECORDED YESTERDAY.
  NO SIGNIFICANT WEATHER WAS OBSERVED.


RELATIVE HUMIDITY (PERCENT)
 HIGHEST    93          1200 AM
 LOWEST     66           300 PM
 AVERAGE    80

..........................................................


THE DEL RIO CLIMATE NORMALS FOR TODAY
                         NORMAL    RECORD    YEAR
 MAXIMUM TEMPERATURE (F)   64        90      2000
 MINIMUM TEMPERATURE (F)   41        19      1940


SUNRISE AND SUNSET
JANUARY 19 2017.......SUNRISE   738 AM CST   SUNSET   611 PM CST
JANUARY 20 2017.......SUNRISE   738 AM CST   SUNSET   612 PM CST


-  INDICATES NEGATIVE NUMBERS.
R  INDICATES RECORD WAS SET OR TIED.
MM INDICATES DATA IS MISSING.
T  INDICATES TRACE AMOUNT.




$$
