000
CDUS44 KEWX 222247
CLIDRT


CLIMATE REPORT
NATIONAL WEATHER SERVICE AUSTIN/SAN ANTONIO, TX
546 PM CDT SAT APR 22 2017


...................................

...THE DEL RIO CLIMATE SUMMARY FOR APRIL 22 2017...
VALID TODAY AS OF 0546 PM LOCAL TIME.

CLIMATE NORMAL PERIOD 1981 TO 2010
CLIMATE RECORD PERIOD 1906 TO 2017


WEATHER ITEM   OBSERVED TIME   RECORD YEAR NORMAL DEPARTURE LAST
                VALUE   (LST)  VALUE       VALUE  FROM      YEAR
                                                  NORMAL
..................................................................
TEMPERATURE (F)
 TODAY
  MAXIMUM         75    445 PM  99    1909  85    -10       85
  MINIMUM         62   1035 AM  44    1931  61      1       67
                                      1927
  AVERAGE         69                        73     -4       76

PRECIPITATION (IN)
  TODAY            T             0.89 1981   0.06  -0.06     0.00
  MONTH TO DATE    5.64                      1.12   4.52     3.75
  SINCE MAR 1      6.15                      2.26   3.89     5.83
  SINCE JAN 1      7.12                      3.86   3.26     6.58

SNOWFALL (IN)
  TODAY           MM
  MONTH TO DATE    0.0
  SINCE MAR 1      0.0
  SINCE JUL 1      0.0
  SNOW DEPTH      MM

DEGREE DAYS
 HEATING
  TODAY            0                         0      0        0
  MONTH TO DATE    8                        24    -16       14
  SINCE MAR 1     45                       138    -93       69
  SINCE JUL 1    838                      1374   -536     1049

 COOLING
  TODAY            4                         9     -5       11
  MONTH TO DATE  159                       146     13      134
  SINCE MAR 1    313                       233     80      231
  SINCE JAN 1    376                       252    124      266
..................................................................


WIND (MPH)
  HIGHEST WIND SPEED    MM   HIGHEST WIND DIRECTION    MM
  HIGHEST GUST SPEED    MM   HIGHEST GUST DIRECTION    MM
  AVERAGE WIND SPEED    MM



WEATHER CONDITIONS
 THE FOLLOWING WEATHER WAS RECORDED TODAY.
  NO SIGNIFICANT WEATHER WAS OBSERVED.


RELATIVE HUMIDITY (PERCENT)
 HIGHEST    MM
 LOWEST     MM
 AVERAGE    MM

..........................................................


THE DEL RIO CLIMATE NORMALS FOR TOMORROW
                         NORMAL    RECORD    YEAR
 MAXIMUM TEMPERATURE (F)   85        99      2000
                                             1958
                                             1937
 MINIMUM TEMPERATURE (F)   62        45      1910
                                             1907


SUNRISE AND SUNSET
APRIL 22 2017.........SUNRISE   710 AM CDT   SUNSET   815 PM CDT
APRIL 23 2017.........SUNRISE   709 AM CDT   SUNSET   815 PM CDT


-  INDICATES NEGATIVE NUMBERS.
R  INDICATES RECORD WAS SET OR TIED.
MM INDICATES DATA IS MISSING.
T  INDICATES TRACE AMOUNT.




$$
