000
CDUS44 KEWX 270718
CLIDRT


CLIMATE REPORT
NATIONAL WEATHER SERVICE AUSTIN/SAN ANTONIO, TX
117 AM CST FRI FEB 27 2015


...................................

...THE DEL RIO CLIMATE SUMMARY FOR FEBRUARY 26 2015...

CLIMATE NORMAL PERIOD 1981 TO 2010
CLIMATE RECORD PERIOD 1906 TO 2015


WEATHER ITEM   OBSERVED TIME   RECORD YEAR NORMAL DEPARTURE LAST
                VALUE   (LST)  VALUE       VALUE  FROM      YEAR
                                                  NORMAL
..................................................................
TEMPERATURE (F)
 YESTERDAY
  MAXIMUM         69    224 PM  96    1986  71     -2       63
  MINIMUM         41   1159 PM  30    2002  48     -7       41
                                      1924
  AVERAGE         55                        60     -5       52

PRECIPITATION (IN)
  YESTERDAY        0.00          0.41 2005   0.04  -0.04     0.19
  MONTH TO DATE    0.19                      0.80  -0.61     0.22
  SINCE DEC 1      1.21                      2.17  -0.96     0.70
  SINCE JAN 1      0.96                      1.52  -0.56     0.22

SNOWFALL (IN)
  YESTERDAY        0.0
  MONTH TO DATE    0.0
  SINCE DEC 1      0.0
  SINCE JUL 1      0.0

DEGREE DAYS
 HEATING
  YESTERDAY       10                         7      3       13
  MONTH TO DATE  256                       234     22      242
  SINCE DEC 1   1004                      1027    -23     1156
  SINCE JUL 1   1276                      1224     52     1389

 COOLING
  YESTERDAY        0                         1     -1        0
  MONTH TO DATE   15                        10      5       45
  SINCE DEC 1     21                        16      5       50
  SINCE JAN 1     15                        13      2       45
..................................................................


WIND (MPH)
  HIGHEST WIND SPEED    28   HIGHEST WIND DIRECTION    NW (330)
  HIGHEST GUST SPEED    37   HIGHEST GUST DIRECTION    NW (330)
  AVERAGE WIND SPEED     9.0


SKY COVER
  AVERAGE SKY COVER 0.2


WEATHER CONDITIONS
 THE FOLLOWING WEATHER WAS RECORDED YESTERDAY.
  NO SIGNIFICANT WEATHER WAS OBSERVED.


RELATIVE HUMIDITY (PERCENT)
 HIGHEST    55          1100 PM
 LOWEST     27           200 PM
 AVERAGE    41

..........................................................


THE DEL RIO CLIMATE NORMALS FOR TODAY
                         NORMAL    RECORD    YEAR
 MAXIMUM TEMPERATURE (F)   72        99      2011
 MINIMUM TEMPERATURE (F)   48        20      2002


SUNRISE AND SUNSET
FEBRUARY 27 2015......SUNRISE   711 AM CST   SUNSET   642 PM CST
FEBRUARY 28 2015......SUNRISE   710 AM CST   SUNSET   642 PM CST


-  INDICATES NEGATIVE NUMBERS.
R  INDICATES RECORD WAS SET OR TIED.
MM INDICATES DATA IS MISSING.
T  INDICATES TRACE AMOUNT.




$$
