000
CDUS44 KEWX 202352
CLIDRT


CLIMATE REPORT
NATIONAL WEATHER SERVICE AUSTIN/SAN ANTONIO, TX
551 PM CST SAT JAN 20 2018


...................................

...THE DEL RIO CLIMATE SUMMARY FOR JANUARY 20 2018...
VALID TODAY AS OF 0500 PM LOCAL TIME.

CLIMATE NORMAL PERIOD 1981 TO 2010
CLIMATE RECORD PERIOD 1906 TO 2018


WEATHER ITEM   OBSERVED TIME   RECORD YEAR NORMAL DEPARTURE LAST
                VALUE   (LST)  VALUE       VALUE  FROM      YEAR
                                                  NORMAL
..................................................................
TEMPERATURE (F)
 TODAY
  MAXIMUM         64    448 PM  86    2015  64      0       77
  MINIMUM         44    716 AM  23    1963  41      3       43
                                      1943
  AVERAGE         54                        52      2       60

PRECIPITATION (IN)
  TODAY            0.00          0.48 1983   0.02  -0.02     0.00
  MONTH TO DATE    T                         0.44  -0.44     0.18
  SINCE DEC 1      1.74                      1.09   0.65     2.66
  SINCE JAN 1      T                         0.44  -0.44     0.18

SNOWFALL (IN)
  TODAY            0.0
  MONTH TO DATE    T
  SINCE DEC 1      T
  SINCE JUL 1      T
  SNOW DEPTH       0

DEGREE DAYS
 HEATING
  TODAY           11                        13     -2        5
  MONTH TO DATE  360                       269     91      190
  SINCE DEC 1    769                       663    106      523
  SINCE JUL 1    920                       860     60      592

 COOLING
  TODAY            0                         0      0        0
  MONTH TO DATE    0                         0      0       11
  SINCE DEC 1     10                         3      7       23
  SINCE JAN 1      0                         0      0       11
..................................................................


WIND (MPH)
  HIGHEST WIND SPEED    16   HIGHEST WIND DIRECTION    SE (120)
  HIGHEST GUST SPEED    28   HIGHEST GUST DIRECTION    SE (140)
  AVERAGE WIND SPEED     7.2



WEATHER CONDITIONS
 THE FOLLOWING WEATHER WAS RECORDED TODAY.
  FOG


RELATIVE HUMIDITY (PERCENT)
 HIGHEST   100           300 AM
 LOWEST     52           500 PM
 AVERAGE    76

..........................................................


THE DEL RIO CLIMATE NORMALS FOR TOMORROW
                         NORMAL    RECORD    YEAR
 MAXIMUM TEMPERATURE (F)   64        86      2003
 MINIMUM TEMPERATURE (F)   41        21      1988
                                             1985
                                             1935


SUNRISE AND SUNSET
JANUARY 20 2018.......SUNRISE   738 AM CST   SUNSET   612 PM CST
JANUARY 21 2018.......SUNRISE   738 AM CST   SUNSET   613 PM CST


-  INDICATES NEGATIVE NUMBERS.
R  INDICATES RECORD WAS SET OR TIED.
MM INDICATES DATA IS MISSING.
T  INDICATES TRACE AMOUNT.




$$
