000
CDUS44 KEWX 201045
CLIDRT


CLIMATE REPORT
NATIONAL WEATHER SERVICE AUSTIN/SAN ANTONIO, TX
444 AM CST MON FEB 20 2017


...................................

...THE DEL RIO CLIMATE SUMMARY FOR FEBRUARY 19 2017...

CLIMATE NORMAL PERIOD 1981 TO 2010
CLIMATE RECORD PERIOD 1906 TO 2017


WEATHER ITEM   OBSERVED TIME   RECORD YEAR NORMAL DEPARTURE LAST
                VALUE   (LST)  VALUE       VALUE  FROM      YEAR
                                                  NORMAL
..................................................................
TEMPERATURE (F)
 YESTERDAY
  MAXIMUM         80    302 PM  95    1986  70     10       79
  MINIMUM         58   1039 PM  27    1910  46     12       62
  AVERAGE         69                        58     11       71

PRECIPITATION (IN)
  YESTERDAY        0.16          0.33 1957   0.03   0.13     0.00
  MONTH TO DATE    0.78                      0.58   0.20     0.00
  SINCE DEC 1      3.45                      1.95   1.50     1.02
  SINCE JAN 1      0.97                      1.30  -0.33     0.68

SNOWFALL (IN)
  YESTERDAY        0.0
  MONTH TO DATE    0.0
  SINCE DEC 1      0.0
  SINCE JUL 1      0.0

DEGREE DAYS
 HEATING
  YESTERDAY        0                         8     -8        0
  MONTH TO DATE   88                       184    -96      127
  SINCE DEC 1    711                       977   -266      794
  SINCE JUL 1    780                      1174   -394      937

 COOLING
  YESTERDAY        4                         1      3        6
  MONTH TO DATE   19                         3     16       17
  SINCE DEC 1     47                         9     38       18
  SINCE JAN 1     35                         6     29       17
..................................................................


WIND (MPH)
  HIGHEST WIND SPEED    30   HIGHEST WIND DIRECTION     W (280)
  HIGHEST GUST SPEED    39   HIGHEST GUST DIRECTION     W (280)
  AVERAGE WIND SPEED    11.0


SKY COVER
  AVERAGE SKY COVER 0.5


WEATHER CONDITIONS
 THE FOLLOWING WEATHER WAS RECORDED YESTERDAY.
  LIGHT RAIN
  FOG
  HAZE


RELATIVE HUMIDITY (PERCENT)
 HIGHEST    87           300 AM
 LOWEST     33           500 PM
 AVERAGE    60

..........................................................


THE DEL RIO CLIMATE NORMALS FOR TODAY
                         NORMAL    RECORD    YEAR
 MAXIMUM TEMPERATURE (F)   70        97      1996
                                             1986
 MINIMUM TEMPERATURE (F)   46        27      1942


SUNRISE AND SUNSET
FEBRUARY 20 2017......SUNRISE   718 AM CST   SUNSET   637 PM CST
FEBRUARY 21 2017......SUNRISE   717 AM CST   SUNSET   638 PM CST


-  INDICATES NEGATIVE NUMBERS.
R  INDICATES RECORD WAS SET OR TIED.
MM INDICATES DATA IS MISSING.
T  INDICATES TRACE AMOUNT.




$$
