000
CDUS44 KEWX 240734
CLIDRT


CLIMATE REPORT
NATIONAL WEATHER SERVICE AUSTIN/SAN ANTONIO, TX
233 AM CDT THU AUG 24 2017


...................................

...THE DEL RIO CLIMATE SUMMARY FOR AUGUST 23 2017...

CLIMATE NORMAL PERIOD 1981 TO 2010
CLIMATE RECORD PERIOD 1906 TO 2017


WEATHER ITEM   OBSERVED TIME   RECORD YEAR NORMAL DEPARTURE LAST
                VALUE   (LST)  VALUE       VALUE  FROM      YEAR
                                                  NORMAL
..................................................................
TEMPERATURE (F)
 YESTERDAY
  MAXIMUM         98    145 PM 106    1917  97      1       93
  MINIMUM         76   1159 PM  65    1940  75      1       75
  AVERAGE         87                        86      1       84

PRECIPITATION (IN)
  YESTERDAY        0.02         17.03 1998   0.09  -0.07     0.00
  MONTH TO DATE    1.62                      1.47   0.15     8.82
  SINCE JUN 1      4.74                      5.60  -0.86    11.80
  SINCE JAN 1     15.83                     12.80   3.03    20.41

SNOWFALL (IN)
  YESTERDAY        0.0
  MONTH TO DATE    0.0
  SINCE JUN 1      0.0
  SINCE JUL 1      0.0

DEGREE DAYS
 HEATING
  YESTERDAY        0                         0      0        0
  MONTH TO DATE    0                         0      0        0
  SINCE JUN 1      0                         0      0        0
  SINCE JUL 1      0                         0      0        0

 COOLING
  YESTERDAY       22                        21      1       19
  MONTH TO DATE  526                       500     26      493
  SINCE JUN 1   1816                      1719     97     1847
  SINCE JAN 1   2641                      2478    163     2573
..................................................................


WIND (MPH)
  HIGHEST WIND SPEED    20   HIGHEST WIND DIRECTION    NE (50)
  HIGHEST GUST SPEED    26   HIGHEST GUST DIRECTION    NE (40)
  AVERAGE WIND SPEED     6.1


SKY COVER
  AVERAGE SKY COVER 0.1


WEATHER CONDITIONS
 THE FOLLOWING WEATHER WAS RECORDED YESTERDAY.
  NO SIGNIFICANT WEATHER WAS OBSERVED.


RELATIVE HUMIDITY (PERCENT)
 HIGHEST    85           800 PM
 LOWEST     34           200 PM
 AVERAGE    60

..........................................................


THE DEL RIO CLIMATE NORMALS FOR TODAY
                         NORMAL    RECORD    YEAR
 MAXIMUM TEMPERATURE (F)   97       103      2006
                                             1952
                                             1911
 MINIMUM TEMPERATURE (F)   75        66      1961
                                             1917


SUNRISE AND SUNSET
AUGUST 24 2017........SUNRISE   717 AM CDT   SUNSET   814 PM CDT
AUGUST 25 2017........SUNRISE   718 AM CDT   SUNSET   813 PM CDT


-  INDICATES NEGATIVE NUMBERS.
R  INDICATES RECORD WAS SET OR TIED.
MM INDICATES DATA IS MISSING.
T  INDICATES TRACE AMOUNT.




$$
