000
CDUS44 KDRT 310743
CLIDRT


CLIMATE REPORT
NATIONAL WEATHER SERVICE AUSTIN/SAN ANTONIO, TX
241 AM CDT TUE MAY 31 2016


...................................

...THE DEL RIO CLIMATE SUMMARY FOR MAY 30 2016...

CLIMATE NORMAL PERIOD 1981 TO 2010
CLIMATE RECORD PERIOD 1906 TO 2016


WEATHER ITEM   OBSERVED TIME   RECORD YEAR NORMAL DEPARTURE LAST
                VALUE   (LST)  VALUE       VALUE  FROM      YEAR
                                                  NORMAL
..................................................................
TEMPERATURE (F)
 YESTERDAY
  MAXIMUM         85    349 PM 106    2004  93     -8       79
                                      1979
  MINIMUM         71   1014 AM  59    1984  71      0       63
  AVERAGE         78                        82     -4       71

PRECIPITATION (IN)
  YESTERDAY        0.02          1.20 2015   0.10  -0.08     1.20
  MONTH TO DATE    1.52                      2.70  -1.18    10.17
  SINCE MAR 1      7.76                      5.49   2.27    14.09
  SINCE JAN 1      8.51                      7.09   1.42    15.08

SNOWFALL (IN)
  YESTERDAY        0.0
  MONTH TO DATE    0.0
  SINCE MAR 1      0.0
  SINCE JUL 1      T

DEGREE DAYS
 HEATING
  YESTERDAY        0                         0      0        0
  MONTH TO DATE    1                         0      1        0
  SINCE MAR 1     70                       139    -69      148
  SINCE JUL 1   1050                      1375   -325     1475

 COOLING
  YESTERDAY       13                        17     -4        6
  MONTH TO DATE  361                       413    -52      364
  SINCE MAR 1    681                       723    -42      655
  SINCE JAN 1    716                       742    -26      670
..................................................................


WIND (MPH)
  HIGHEST WIND SPEED    25   HIGHEST WIND DIRECTION    SE (150)
  HIGHEST GUST SPEED    31   HIGHEST GUST DIRECTION    SE (150)
  AVERAGE WIND SPEED    11.6


SKY COVER
  AVERAGE SKY COVER 0.7


WEATHER CONDITIONS
 THE FOLLOWING WEATHER WAS RECORDED YESTERDAY.
  LIGHT RAIN
  FOG


RELATIVE HUMIDITY (PERCENT)
 HIGHEST    87           600 AM
 LOWEST     59           400 PM
 AVERAGE    73

..........................................................


THE DEL RIO CLIMATE NORMALS FOR TODAY
                         NORMAL    RECORD    YEAR
 MAXIMUM TEMPERATURE (F)   93       107      2004
 MINIMUM TEMPERATURE (F)   71        56      1975
                                             1909


SUNRISE AND SUNSET
MAY 31 2016...........SUNRISE   645 AM CDT   SUNSET   839 PM CDT
JUNE  1 2016..........SUNRISE   644 AM CDT   SUNSET   839 PM CDT


-  INDICATES NEGATIVE NUMBERS.
R  INDICATES RECORD WAS SET OR TIED.
MM INDICATES DATA IS MISSING.
T  INDICATES TRACE AMOUNT.




$$
