000
CDUS44 KEWX 260730
CLIDRT


CLIMATE REPORT
NATIONAL WEATHER SERVICE AUSTIN/SAN ANTONIO, TX
228 AM CDT SUN MAR 26 2017


...................................

...THE DEL RIO CLIMATE SUMMARY FOR MARCH 25 2017...

CLIMATE NORMAL PERIOD 1981 TO 2010
CLIMATE RECORD PERIOD 1906 TO 2017


WEATHER ITEM   OBSERVED TIME   RECORD YEAR NORMAL DEPARTURE LAST
                VALUE   (LST)  VALUE       VALUE  FROM      YEAR
                                                  NORMAL
..................................................................
TEMPERATURE (F)
 YESTERDAY
  MAXIMUM         84    525 PM  95    1935  79      5       76
  MINIMUM         53    447 AM  37    1955  54     -1       46
  AVERAGE         69                        66      3       61

PRECIPITATION (IN)
  YESTERDAY        0.00          0.99 2007   0.04  -0.04     0.00
  MONTH TO DATE    0.16                      0.95  -0.79     2.08
  SINCE MAR 1      0.16                      0.95  -0.79     2.08
  SINCE JAN 1      1.13                      2.55  -1.42     2.83

SNOWFALL (IN)
  YESTERDAY        0.0
  MONTH TO DATE    0.0
  SINCE MAR 1      0.0
  SINCE JUL 1      0.0

DEGREE DAYS
 HEATING
  YESTERDAY        0                         2     -2        4
  MONTH TO DATE   37                       101    -64       49
  SINCE MAR 1     37                       101    -64       49
  SINCE JUL 1    830                      1337   -507     1029

 COOLING
  YESTERDAY        4                         4      0        0
  MONTH TO DATE  113                        62     51       69
  SINCE MAR 1    113                        62     51       69
  SINCE JAN 1    176                        81     95      104
..................................................................


WIND (MPH)
  HIGHEST WIND SPEED    17   HIGHEST WIND DIRECTION    NW (320)
  HIGHEST GUST SPEED    23   HIGHEST GUST DIRECTION    NW (310)
  AVERAGE WIND SPEED     7.4


SKY COVER
  AVERAGE SKY COVER 0.0


WEATHER CONDITIONS
 THE FOLLOWING WEATHER WAS RECORDED YESTERDAY.
  NO SIGNIFICANT WEATHER WAS OBSERVED.


RELATIVE HUMIDITY (PERCENT)
 HIGHEST    55           300 AM
 LOWEST     17           400 PM
 AVERAGE    36

..........................................................


THE DEL RIO CLIMATE NORMALS FOR TODAY
                         NORMAL    RECORD    YEAR
 MAXIMUM TEMPERATURE (F)   79        95      1932
 MINIMUM TEMPERATURE (F)   54        28      1955


SUNRISE AND SUNSET
MARCH 26 2017.........SUNRISE   740 AM CDT   SUNSET   759 PM CDT
MARCH 27 2017.........SUNRISE   739 AM CDT   SUNSET   759 PM CDT


-  INDICATES NEGATIVE NUMBERS.
R  INDICATES RECORD WAS SET OR TIED.
MM INDICATES DATA IS MISSING.
T  INDICATES TRACE AMOUNT.




$$
