000
CDUS44 KEWX 302258
CLIDRT


CLIMATE REPORT
NATIONAL WEATHER SERVICE AUSTIN/SAN ANTONIO, TX
557 PM CDT TUE JUN 30 2015


...................................

...THE DEL RIO CLIMATE SUMMARY FOR JUNE 30 2015...
VALID TODAY AS OF 557 PM LOCAL TIME.

CLIMATE NORMAL PERIOD 1981 TO 2010
CLIMATE RECORD PERIOD 1906 TO 2015


WEATHER ITEM   OBSERVED TIME   RECORD YEAR NORMAL DEPARTURE LAST
                VALUE   (LST)  VALUE       VALUE  FROM      YEAR
                                                  NORMAL
..................................................................
TEMPERATURE (F)
 TODAY
  MAXIMUM         92    323 PM 106    1994  96     -4       96
                                      1907
  MINIMUM         75    608 AM  62    1985  75      0       78
  AVERAGE         84                        85     -1       87

PRECIPITATION (IN)
  TODAY            T             2.34 2008   0.06  -0.06     0.00
  MONTH TO DATE    3.48                      2.35   1.13     4.69
  SINCE JUN 1      3.48                      2.35   1.13     4.69
  SINCE JAN 1     18.56                      9.55   9.01     6.04

SNOWFALL (IN)
  TODAY            0.0
  MONTH TO DATE    0.0
  SINCE JUN 1      0.0
  SINCE JUL 1      0.0
  SNOW DEPTH       0

DEGREE DAYS
 HEATING
  TODAY            0                         0      0        0
  MONTH TO DATE    0                         0      0        0
  SINCE JUN 1      0                         0      0        0
  SINCE JUL 1   1475                      1376     99     1559

 COOLING
  TODAY           19                        20     -1       22
  MONTH TO DATE  501                       571    -70      628
  SINCE JUN 1    501                       571    -70      628
  SINCE JAN 1   1181                      1330   -149     1478
..................................................................


WIND (MPH)
  HIGHEST WIND SPEED    23   HIGHEST WIND DIRECTION    SE (120)
  HIGHEST GUST SPEED    33   HIGHEST GUST DIRECTION    SE (150)
  AVERAGE WIND SPEED     8.9



WEATHER CONDITIONS
 THE FOLLOWING WEATHER WAS RECORDED TODAY.
  LIGHT RAIN
  FOG


RELATIVE HUMIDITY (PERCENT)
 HIGHEST    94           700 AM
 LOWEST     52           300 PM
 AVERAGE    73

..........................................................


THE DEL RIO CLIMATE NORMALS FOR TOMORROW
                         NORMAL    RECORD    YEAR
 MAXIMUM TEMPERATURE (F)   96       108      1996
 MINIMUM TEMPERATURE (F)   75        65      1985


SUNRISE AND SUNSET
JUNE 30 2015..........SUNRISE   647 AM CDT   SUNSET   847 PM CDT
JULY  1 2015..........SUNRISE   648 AM CDT   SUNSET   847 PM CDT


-  INDICATES NEGATIVE NUMBERS.
R  INDICATES RECORD WAS SET OR TIED.
MM INDICATES DATA IS MISSING.
T  INDICATES TRACE AMOUNT.




$$
