000
CDUS44 KEWX 050725
CLIDRT


CLIMATE REPORT
NATIONAL WEATHER SERVICE AUSTIN/SAN ANTONIO, TX
122 AM CST MON DEC 5 2016


...................................

...THE DEL RIO CLIMATE SUMMARY FOR DECEMBER 4 2016...

CLIMATE NORMAL PERIOD 1981 TO 2010
CLIMATE RECORD PERIOD 1906 TO 2016


WEATHER ITEM   OBSERVED TIME   RECORD YEAR NORMAL DEPARTURE LAST
                VALUE   (LST)  VALUE       VALUE  FROM      YEAR
                                                  NORMAL
..................................................................
TEMPERATURE (F)
 YESTERDAY
  MAXIMUM         53    246 PM  90    1977  66    -13       64
  MINIMUM         48   1159 PM  26    1929  43      5       39
  AVERAGE         51                        54     -3       52

PRECIPITATION (IN)
  YESTERDAY        0.88R         0.80 1943   0.02   0.86     0.00
  MONTH TO DATE    1.64                      0.08   1.56     0.00
  SINCE DEC 1      1.64                      0.08   1.56     0.00
  SINCE JAN 1     31.63                     18.95  12.68    27.47

SNOWFALL (IN)
  YESTERDAY       MM
  MONTH TO DATE    0.0
  SINCE DEC 1      0.0
  SINCE JUL 1      0.0

DEGREE DAYS
 HEATING
  YESTERDAY       14                        11      3       13
  MONTH TO DATE   40                        43     -3       43
  SINCE DEC 1     40                        43     -3       43
  SINCE JUL 1    109                       240   -131      186

 COOLING
  YESTERDAY        0                         0      0        0
  MONTH TO DATE    0                         0      0        0
  SINCE DEC 1      0                         0      0        0
  SINCE JAN 1   3579                      3372    207     3530
..................................................................


WIND (MPH)
  HIGHEST WIND SPEED    17   HIGHEST WIND DIRECTION    NW (300)
  HIGHEST GUST SPEED    23   HIGHEST GUST DIRECTION    NW (320)
  AVERAGE WIND SPEED     9.2


SKY COVER
  AVERAGE SKY COVER 0.8


WEATHER CONDITIONS
 THE FOLLOWING WEATHER WAS RECORDED YESTERDAY.
  HEAVY RAIN
  RAIN
  LIGHT RAIN
  FOG


RELATIVE HUMIDITY (PERCENT)
 HIGHEST   100           800 PM
 LOWEST     83           800 AM
 AVERAGE    92

..........................................................


THE DEL RIO CLIMATE NORMALS FOR TODAY
                         NORMAL    RECORD    YEAR
 MAXIMUM TEMPERATURE (F)   66        88      1995
                                             1951
 MINIMUM TEMPERATURE (F)   42        27      2009


SUNRISE AND SUNSET
DECEMBER  5 2016......SUNRISE   724 AM CST   SUNSET   545 PM CST
DECEMBER  6 2016......SUNRISE   725 AM CST   SUNSET   545 PM CST


-  INDICATES NEGATIVE NUMBERS.
R  INDICATES RECORD WAS SET OR TIED.
MM INDICATES DATA IS MISSING.
T  INDICATES TRACE AMOUNT.




$$
