000
CDUS43 KDTX 210537
CLIDTW


CLIMATE REPORT
NATIONAL WEATHER SERVICE DETROIT/PONTIAC MI
136 AM EDT TUE OCT 21 2014


...................................

...THE DETROIT MI CLIMATE SUMMARY FOR OCTOBER 20 2014...

CLIMATE NORMAL PERIOD 1981 TO 2010
CLIMATE RECORD PERIOD 1874 TO 2014


WEATHER ITEM   OBSERVED TIME   RECORD YEAR NORMAL DEPARTURE LAST
                VALUE   (LST)  VALUE       VALUE  FROM      YEAR
                                                  NORMAL
..................................................................
TEMPERATURE (F)
 YESTERDAY
  MAXIMUM         58    151 PM  80    1920  60     -2       59
  MINIMUM         46    130 AM  19    1972  42      4       38
  AVERAGE         52                        51      1       49

PRECIPITATION (IN)
  YESTERDAY        0.07          1.09 1918   0.08  -0.01      T
  MONTH TO DATE    1.86                      1.64   0.22     1.31
  SINCE SEP 1      6.57                      4.91   1.66     2.51
  SINCE JAN 1     33.99                     27.34   6.65    33.49

SNOWFALL (IN)
  YESTERDAY        0.0           0.4  1992   0.0    0.0      0.0
  MONTH TO DATE    0.0                       0.0    0.0      0.0
  SINCE SEP 1      0.0                       0.0    0.0      0.0
  SINCE JUL 1      0.0                       0.0    0.0      0.0
  SNOW DEPTH       0

DEGREE DAYS
 HEATING
  YESTERDAY       13                        14     -1       16
  MONTH TO DATE  222                       221      1      147
  SINCE SEP 1    330                       325      5      245
  SINCE JUL 1    343                       335      8      257

 COOLING
  YESTERDAY        0                         0      0        0
  MONTH TO DATE    0                         7     -7       20
  SINCE SEP 1     72                        91    -19       98
  SINCE JAN 1    704                       802    -98      891
..................................................................


WIND (MPH)
  HIGHEST WIND SPEED    15   HIGHEST WIND DIRECTION     N (340)
  HIGHEST GUST SPEED    18   HIGHEST GUST DIRECTION     N (340)
  AVERAGE WIND SPEED     9.0


SKY COVER
  POSSIBLE SUNSHINE  MM
  AVERAGE SKY COVER 1.0


WEATHER CONDITIONS
 THE FOLLOWING WEATHER WAS RECORDED YESTERDAY.
  LIGHT RAIN
  FOG


RELATIVE HUMIDITY (PERCENT)
 HIGHEST    89          1100 PM
 LOWEST     65          1200 AM
 AVERAGE    77

..........................................................


THE DETROIT MI CLIMATE NORMALS FOR TODAY
                         NORMAL    RECORD    YEAR
 MAXIMUM TEMPERATURE (F)   60        81      2007
                                             1947
                                             1920
 MINIMUM TEMPERATURE (F)   42        17      1974


SUNRISE AND SUNSET
OCTOBER 21 2014.......SUNRISE   753 AM EDT   SUNSET   642 PM EDT
OCTOBER 22 2014.......SUNRISE   754 AM EDT   SUNSET   641 PM EDT


-  INDICATES NEGATIVE NUMBERS.
R  INDICATES RECORD WAS SET OR TIED.
MM INDICATES DATA IS MISSING.
T  INDICATES TRACE AMOUNT.




$$
