000
CDUS45 KTWC 250731
CLIDUG

CLIMATE REPORT
NATIONAL WEATHER SERVICE TUCSON AZ
1231 AM MST FRI APR 25 2014


...................................

...THE DOUGLAS AZ CLIMATE SUMMARY FOR APRIL 24 2014...

CLIMATE NORMAL PERIOD 1981 TO 2010
CLIMATE RECORD PERIOD 1948 TO 2014


WEATHER ITEM   OBSERVED TIME   RECORD YEAR NORMAL DEPARTURE LAST
                VALUE   (LST)  VALUE       VALUE  FROM      YEAR
                                                  NORMAL
..................................................................
TEMPERATURE (F)
 YESTERDAY
  MAXIMUM         86    343 PM  95    1996  82      4       85
  MINIMUM         41    538 AM  34    2007  46     -5       44
  AVERAGE         64                        64      0       65

PRECIPITATION (IN)
  YESTERDAY        0.00          0.31 1952   0.01  -0.01     0.00
  MONTH TO DATE    0.13                      0.18  -0.05     0.01
  SINCE OCT 1      1.39                      4.62  -3.23     1.50
  SINCE JAN 1      0.57                      2.07  -1.50     0.87

DEGREE DAYS
 HEATING
  YESTERDAY        1                         3     -2        0
  MONTH TO DATE  102                       124    -22      113
  SINCE MAR 1    352                       449    -97      352
  SINCE JUL 1   2316                      2485   -169     2556

 COOLING
  YESTERDAY        0                         2     -2        0
  MONTH TO DATE   15                        14      1        8
  SINCE MAR 1     15                        15      0       10
  SINCE JAN 1     15                        15      0       10
..................................................................


WIND (MPH)
  HIGHEST WIND SPEED    23   HIGHEST WIND DIRECTION     W (260)
  HIGHEST GUST SPEED    30   HIGHEST GUST DIRECTION     W (270)
  AVERAGE WIND SPEED     6.4


SKY COVER
  POSSIBLE SUNSHINE  MM
  AVERAGE SKY COVER 0.0


WEATHER CONDITIONS
 THE FOLLOWING WEATHER WAS RECORDED YESTERDAY.
  NO SIGNIFICANT WEATHER WAS OBSERVED.


RELATIVE HUMIDITY (PERCENT)
 HIGHEST    30
 LOWEST      5
 AVERAGE    18

..........................................................


THE DOUGLAS AZ CLIMATE NORMALS FOR TODAY
                         NORMAL    RECORD    YEAR
 MAXIMUM TEMPERATURE (F)   82        94      2000
                                             1996
 MINIMUM TEMPERATURE (F)   46        31      1961


SUNRISE AND SUNSET
APRIL 25 2014.........SUNRISE   539 AM MST   SUNSET   654 PM MST
APRIL 26 2014.........SUNRISE   538 AM MST   SUNSET   655 PM MST


-  INDICATES NEGATIVE NUMBERS.
R  INDICATES RECORD WAS SET OR TIED.
MM INDICATES DATA IS MISSING.
T  INDICATES TRACE AMOUNT.




$$
