000
CDUS45 KTWC 210030 RRA
CLIDUG

CLIMATE REPORT
NATIONAL WEATHER SERVICE TUCSON AZ
529 PM MST THU JUL 20 2017


...................................

...THE DOUGLAS AZ CLIMATE SUMMARY FOR JULY 20 2017...
VALID TODAY AS OF 0500 PM LOCAL TIME.

CLIMATE NORMAL PERIOD 1981 TO 2010
CLIMATE RECORD PERIOD 1948 TO 2017


WEATHER ITEM   OBSERVED TIME   RECORD YEAR NORMAL DEPARTURE LAST
                VALUE   (LST)  VALUE       VALUE  FROM      YEAR
                                                  NORMAL
..................................................................
TEMPERATURE (F)
 TODAY
  MAXIMUM         84    132 PM 102    2009  93     -9       95
  MINIMUM         64    404 AM  60    1986  66     -2       65
  AVERAGE         74                        80     -6       80

PRECIPITATION (IN)
  TODAY            0.00                      0.11  -0.11     0.00
  MONTH TO DATE    2.20                      1.64   0.56     3.19
  SINCE OCT 1      5.36                      7.20  -1.84     7.73
  SINCE JAN 1      4.01                      4.65  -0.64     6.52

DEGREE DAYS
 COOLING
  TODAY            9                        15     -6       15
  MONTH TO DATE  306                       312     -6      330
  SINCE JUN 1    797                       707     90      798
  SINCE JAN 1    990                       908     82      946
..................................................................


WIND (MPH)
  HIGHEST WIND SPEED    25   HIGHEST WIND DIRECTION     E (90)
  HIGHEST GUST SPEED    30   HIGHEST GUST DIRECTION     E (80)
  AVERAGE WIND SPEED     5.4


SKY COVER
  POSSIBLE SUNSHINE  MM
  AVERAGE SKY COVER 0.3


WEATHER CONDITIONS
 THE FOLLOWING WEATHER WAS RECORDED TODAY.
  THUNDERSTORM


RELATIVE HUMIDITY (PERCENT)
 HIGHEST    93
 LOWEST     46
 AVERAGE    70

..........................................................


THE DOUGLAS AZ CLIMATE NORMALS FOR TOMORROW
                         NORMAL    RECORD    YEAR
 MAXIMUM TEMPERATURE (F)   93       101      2006
                                             2005
 MINIMUM TEMPERATURE (F)   66        57      1958


SUNRISE AND SUNSET
JULY 20 2017..........SUNRISE   527 AM MST   SUNSET   722 PM MST
JULY 21 2017..........SUNRISE   528 AM MST   SUNSET   721 PM MST


-  INDICATES NEGATIVE NUMBERS.
R  INDICATES RECORD WAS SET OR TIED.
MM INDICATES DATA IS MISSING.
T  INDICATES TRACE AMOUNT.




$$
