000
CDUS45 KTWC 240026
CLIDUG

CLIMATE REPORT
NATIONAL WEATHER SERVICE TUCSON AZ
525 PM MST WED APR 23 2014


...................................

...THE DOUGLAS AZ CLIMATE SUMMARY FOR APRIL 23 2014...
VALID TODAY AS OF 0500 PM LOCAL TIME.

CLIMATE NORMAL PERIOD 1981 TO 2010
CLIMATE RECORD PERIOD 1948 TO 2014


WEATHER ITEM   OBSERVED TIME   RECORD YEAR NORMAL DEPARTURE LAST
                VALUE   (LST)  VALUE       VALUE  FROM      YEAR
                                                  NORMAL
..................................................................
TEMPERATURE (F)
 TODAY
  MAXIMUM         84    240 PM  96    2012  82      2       86
  MINIMUM         53    618 AM  28    1968  45      8       50
  AVERAGE         69                        63      6       68

PRECIPITATION (IN)
  TODAY            0.00                      0.01  -0.01     0.00
  MONTH TO DATE    0.13                      0.17  -0.04     0.01
  SINCE OCT 1      1.39                      4.61  -3.22     1.50
  SINCE JAN 1      0.57                      2.06  -1.49     0.87

DEGREE DAYS
 HEATING
  TODAY            0                         3     -3        0
  MONTH TO DATE  101                       121    -20      113
  SINCE MAR 1    351                       446    -95      352
  SINCE JUL 1   2315                      2482   -167     2556

 COOLING
  TODAY            4                         2      2        3
  MONTH TO DATE   15                        12      3        8
  SINCE MAR 1     15                        13      2       10
  SINCE JAN 1     15                        13      2       10
..................................................................


WIND (MPH)
  HIGHEST WIND SPEED    30   HIGHEST WIND DIRECTION     W (260)
  HIGHEST GUST SPEED    42   HIGHEST GUST DIRECTION     W (280)
  AVERAGE WIND SPEED    13.6


SKY COVER
  POSSIBLE SUNSHINE  MM
  AVERAGE SKY COVER 0.0


WEATHER CONDITIONS
 THE FOLLOWING WEATHER WAS RECORDED TODAY.
  NO SIGNIFICANT WEATHER WAS OBSERVED.


RELATIVE HUMIDITY (PERCENT)
 HIGHEST    32
 LOWEST      7
 AVERAGE    20

..........................................................


THE DOUGLAS AZ CLIMATE NORMALS FOR TOMORROW
                         NORMAL    RECORD    YEAR
 MAXIMUM TEMPERATURE (F)   82        95      1996
 MINIMUM TEMPERATURE (F)   46        34      2007


SUNRISE AND SUNSET
APRIL 23 2014.........SUNRISE   541 AM MST   SUNSET   653 PM MST
APRIL 24 2014.........SUNRISE   540 AM MST   SUNSET   653 PM MST


-  INDICATES NEGATIVE NUMBERS.
R  INDICATES RECORD WAS SET OR TIED.
MM INDICATES DATA IS MISSING.
T  INDICATES TRACE AMOUNT.




$$
