000
CDUS45 KTWC 080046
CLIDUG

CLIMATE REPORT
NATIONAL WEATHER SERVICE TUCSON AZ
541 PM MST TUE JUL 7 2015


...................................

...THE DOUGLAS AZ CLIMATE SUMMARY FOR JULY 7 2015...
VALID TODAY AS OF 0500 PM LOCAL TIME.

CLIMATE NORMAL PERIOD 1981 TO 2010
CLIMATE RECORD PERIOD 1948 TO 2015


WEATHER ITEM   OBSERVED TIME   RECORD YEAR NORMAL DEPARTURE LAST
                VALUE   (LST)  VALUE       VALUE  FROM      YEAR
                                                  NORMAL
..................................................................
TEMPERATURE (F)
 TODAY
  MAXIMUM         90   1223 PM 103    2002  96     -6       84
                                      1994
                                      1987
  MINIMUM         65    527 AM  58    1987  66     -1       67
  AVERAGE         78                        81     -3       76

PRECIPITATION (IN)
  TODAY            0.00                      0.08  -0.08     0.04
  MONTH TO DATE    1.10                      0.44   0.66     0.82
  SINCE OCT 1      7.09                      6.00   1.09     2.29
  SINCE JAN 1      5.12                      3.45   1.67     1.47

DEGREE DAYS
 COOLING
  TODAY           13                        16     -3       11
  MONTH TO DATE  101                       112    -11      107
  SINCE JUN 1    557                       507     50      605
  SINCE JAN 1    619                       708    -89      773
..................................................................


WIND (MPH)
  HIGHEST WIND SPEED    18   HIGHEST WIND DIRECTION    NW (310)
  HIGHEST GUST SPEED    23   HIGHEST GUST DIRECTION    NW (300)
  AVERAGE WIND SPEED     4.6


SKY COVER
  POSSIBLE SUNSHINE  MM
  AVERAGE SKY COVER 0.1


WEATHER CONDITIONS
 THE FOLLOWING WEATHER WAS RECORDED TODAY.
  NO SIGNIFICANT WEATHER WAS OBSERVED.


RELATIVE HUMIDITY (PERCENT)
 HIGHEST    93
 LOWEST     34
 AVERAGE    64

..........................................................


THE DOUGLAS AZ CLIMATE NORMALS FOR TOMORROW
                         NORMAL    RECORD    YEAR
 MAXIMUM TEMPERATURE (F)   96       105      2003
 MINIMUM TEMPERATURE (F)   66        58      1955


SUNRISE AND SUNSET
JULY  7 2015..........SUNRISE   520 AM MST   SUNSET   727 PM MST
JULY  8 2015..........SUNRISE   520 AM MST   SUNSET   726 PM MST


-  INDICATES NEGATIVE NUMBERS.
R  INDICATES RECORD WAS SET OR TIED.
MM INDICATES DATA IS MISSING.
T  INDICATES TRACE AMOUNT.




$$
