000
CDUS45 KTWC 300731
CLIDUG

CLIMATE REPORT
NATIONAL WEATHER SERVICE TUCSON AZ
1230 AM MST SAT MAY 30 2015


...................................

...THE DOUGLAS AZ CLIMATE SUMMARY FOR MAY 29 2015...

CLIMATE NORMAL PERIOD 1981 TO 2010
CLIMATE RECORD PERIOD 1948 TO 2015


WEATHER ITEM   OBSERVED TIME   RECORD YEAR NORMAL DEPARTURE LAST
                VALUE   (LST)  VALUE       VALUE  FROM      YEAR
                                                  NORMAL
..................................................................
TEMPERATURE (F)
 YESTERDAY
  MAXIMUM         93    353 PM 103    2000  92      1       88
  MINIMUM         50    501 AM  40    1962  55     -5       67
  AVERAGE         72                        74     -2       78

PRECIPITATION (IN)
  YESTERDAY        0.00          0.03 2003   0.01  -0.01     0.00
  MONTH TO DATE    T                         0.26  -0.26      T
  SINCE OCT 1      4.80                      4.93  -0.13     1.39
  SINCE JAN 1      2.83                      2.38   0.45     0.57

DEGREE DAYS
 HEATING
  YESTERDAY        0                         0      0        0
  MONTH TO DATE   53                        20     33       25
  SINCE MAR 1    434                       485    -51      397
  SINCE JUL 1   2272                      2521   -249     2361

 COOLING
  YESTERDAY        7                         9     -2       13
  MONTH TO DATE   38                       155   -117      124
  SINCE MAR 1     42                       185   -143      142
  SINCE JAN 1     42                       185   -143      142
..................................................................


WIND (MPH)
  HIGHEST WIND SPEED    18   HIGHEST WIND DIRECTION     W (260)
  HIGHEST GUST SPEED    24   HIGHEST GUST DIRECTION     W (290)
  AVERAGE WIND SPEED     4.9


SKY COVER
  POSSIBLE SUNSHINE  MM
  AVERAGE SKY COVER 0.0


WEATHER CONDITIONS
 THE FOLLOWING WEATHER WAS RECORDED YESTERDAY.
  NO SIGNIFICANT WEATHER WAS OBSERVED.


RELATIVE HUMIDITY (PERCENT)
 HIGHEST    33
 LOWEST      8
 AVERAGE    21

..........................................................


THE DOUGLAS AZ CLIMATE NORMALS FOR TODAY
                         NORMAL    RECORD    YEAR
 MAXIMUM TEMPERATURE (F)   92       102      2002
                                             2000
 MINIMUM TEMPERATURE (F)   55        43      1971


SUNRISE AND SUNSET
MAY 30 2015...........SUNRISE   515 AM MST   SUNSET   717 PM MST
MAY 31 2015...........SUNRISE   515 AM MST   SUNSET   718 PM MST


-  INDICATES NEGATIVE NUMBERS.
R  INDICATES RECORD WAS SET OR TIED.
MM INDICATES DATA IS MISSING.
T  INDICATES TRACE AMOUNT.




$$
