000
CDUS45 KTWC 260750
CLIDUG

CLIMATE REPORT
NATIONAL WEATHER SERVICE TUCSON AZ
1249 AM MST SUN OCT 26 2014


...................................

...THE DOUGLAS AZ CLIMATE SUMMARY FOR OCTOBER 25 2014...

CLIMATE NORMAL PERIOD 1981 TO 2010
CLIMATE RECORD PERIOD 1948 TO 2014


WEATHER ITEM   OBSERVED TIME   RECORD YEAR NORMAL DEPARTURE LAST
                VALUE   (LST)  VALUE       VALUE  FROM      YEAR
                                                  NORMAL
..................................................................
TEMPERATURE (F)
 YESTERDAY
  MAXIMUM         88    247 PM  89    1979  79      9       83
                                      1959
  MINIMUM         47    523 AM  32    1961  44      3       44
                                      1957
  AVERAGE         68                        61      7       64

PRECIPITATION (IN)
  YESTERDAY        0.00          0.65 1971   0.03  -0.03     0.00
  MONTH TO DATE    1.36                      0.75   0.61     0.00
  SINCE OCT 1      1.36                      0.75   0.61     0.00
  SINCE JAN 1     14.93                     11.30   3.63    17.11

DEGREE DAYS
 HEATING
  YESTERDAY        0                         4     -4        1
  MONTH TO DATE   11                        49    -38       88
  SINCE SEP 1     11                        51    -40       88
  SINCE JUL 1     11                        51    -40       88

 COOLING
  YESTERDAY        3                         1      2        0
  MONTH TO DATE   38                        59    -21       25
  SINCE SEP 1    324                       340    -16      300
  SINCE JAN 1   1770                      1810    -40     1840
..................................................................


WIND (MPH)
  HIGHEST WIND SPEED    12   HIGHEST WIND DIRECTION     N (20)
  HIGHEST GUST SPEED    13   HIGHEST GUST DIRECTION    NW (300)
  AVERAGE WIND SPEED     3.0


SKY COVER
  POSSIBLE SUNSHINE  MM
  AVERAGE SKY COVER 0.1


WEATHER CONDITIONS
 THE FOLLOWING WEATHER WAS RECORDED YESTERDAY.
  NO SIGNIFICANT WEATHER WAS OBSERVED.


RELATIVE HUMIDITY (PERCENT)
 HIGHEST    86
 LOWEST     22
 AVERAGE    54

..........................................................


THE DOUGLAS AZ CLIMATE NORMALS FOR TODAY
                         NORMAL    RECORD    YEAR
 MAXIMUM TEMPERATURE (F)   78        90      2008
 MINIMUM TEMPERATURE (F)   44        33      1997


SUNRISE AND SUNSET
OCTOBER 26 2014.......SUNRISE   630 AM MST   SUNSET   535 PM MST
OCTOBER 27 2014.......SUNRISE   630 AM MST   SUNSET   534 PM MST


-  INDICATES NEGATIVE NUMBERS.
R  INDICATES RECORD WAS SET OR TIED.
MM INDICATES DATA IS MISSING.
T  INDICATES TRACE AMOUNT.




$$
