000
CDUS45 KTWC 310027
CLIDUG

CLIMATE REPORT
NATIONAL WEATHER SERVICE TUCSON AZ
526 PM MST SAT AUG 30 2014


...................................

...THE DOUGLAS AZ CLIMATE SUMMARY FOR AUGUST 30 2014...
VALID TODAY AS OF 0500 PM LOCAL TIME.

CLIMATE NORMAL PERIOD 1981 TO 2010
CLIMATE RECORD PERIOD 1948 TO 2014


WEATHER ITEM   OBSERVED TIME   RECORD YEAR NORMAL DEPARTURE LAST
                VALUE   (LST)  VALUE       VALUE  FROM      YEAR
                                                  NORMAL
..................................................................
TEMPERATURE (F)
 TODAY
  MAXIMUM         95    308 PM 104    2011  92      3       85
  MINIMUM         56    536 AM  53    1992  64     -8       65
                                      1987
  AVERAGE         76                        78     -2       75

PRECIPITATION (IN)
  TODAY            0.00                      0.07  -0.07     0.03
  MONTH TO DATE    4.00                      2.99   1.01     3.85
  SINCE OCT 1     10.26                     11.50  -1.24    15.58
  SINCE JAN 1      9.44                      8.95   0.49    14.95

DEGREE DAYS
 COOLING
  TODAY           11                        13     -2       10
  MONTH TO DATE  312                       392    -80      375
  SINCE JUN 1   1265                      1252     13     1329
  SINCE JAN 1   1433                      1453    -20     1529
..................................................................


WIND (MPH)
  HIGHEST WIND SPEED    13   HIGHEST WIND DIRECTION    SW (220)
  HIGHEST GUST SPEED    18   HIGHEST GUST DIRECTION     S (170)
  AVERAGE WIND SPEED     4.2


SKY COVER
  POSSIBLE SUNSHINE  MM
  AVERAGE SKY COVER 0.2


WEATHER CONDITIONS
 THE FOLLOWING WEATHER WAS RECORDED TODAY.
  NO SIGNIFICANT WEATHER WAS OBSERVED.


RELATIVE HUMIDITY (PERCENT)
 HIGHEST    80
 LOWEST     23
 AVERAGE    52

..........................................................


THE DOUGLAS AZ CLIMATE NORMALS FOR TOMORROW
                         NORMAL    RECORD    YEAR
 MAXIMUM TEMPERATURE (F)   92       102      2011
 MINIMUM TEMPERATURE (F)   63        54      1956


SUNRISE AND SUNSET
AUGUST 30 2014........SUNRISE   553 AM MST   SUNSET   644 PM MST
AUGUST 31 2014........SUNRISE   554 AM MST   SUNSET   643 PM MST


-  INDICATES NEGATIVE NUMBERS.
R  INDICATES RECORD WAS SET OR TIED.
MM INDICATES DATA IS MISSING.
T  INDICATES TRACE AMOUNT.




$$
