000
CDUS45 KTWC 230736 RRA
CLIDUG

CLIMATE REPORT
NATIONAL WEATHER SERVICE TUCSON AZ
1235 AM MST TUE JAN 23 2018


...................................

...THE DOUGLAS AZ CLIMATE SUMMARY FOR JANUARY 22 2018...

CLIMATE NORMAL PERIOD 1981 TO 2010
CLIMATE RECORD PERIOD 1948 TO 2018


WEATHER ITEM   OBSERVED TIME   RECORD YEAR NORMAL DEPARTURE LAST
                VALUE   (LST)  VALUE       VALUE  FROM      YEAR
                                                  NORMAL
..................................................................
TEMPERATURE (F)
 YESTERDAY
  MAXIMUM         56    433 PM  77    1950  63     -7       57
  MINIMUM         15R   727 AM  15    1966  30    -15       26
  AVERAGE         36                        47    -11       42

PRECIPITATION (IN)
  YESTERDAY        0.00          0.62 2010   0.03  -0.03     0.00
  MONTH TO DATE    0.01                      0.52  -0.51     1.24
  SINCE OCT 1      0.84                      3.07  -2.23     2.59
  SINCE JAN 1      0.01                      0.52  -0.51     1.24

DEGREE DAYS
 HEATING
  YESTERDAY       29                        18     11       23
  MONTH TO DATE  372                       419    -47      388
  SINCE DEC 1    908                      1008   -100      892
  SINCE JUL 1   1106                      1443   -337     1228

 COOLING
  YESTERDAY        0                         0      0        0
  MONTH TO DATE    0                         0      0        0
  SINCE DEC 1      0                         0      0        0
  SINCE JAN 1      0                         0      0        0
..................................................................


WIND (MPH)
  HIGHEST WIND SPEED    13   HIGHEST WIND DIRECTION     N (10)
  HIGHEST GUST SPEED    17   HIGHEST GUST DIRECTION     W (280)
  AVERAGE WIND SPEED     6.5


SKY COVER
  POSSIBLE SUNSHINE  MM
  AVERAGE SKY COVER  MM


WEATHER CONDITIONS
 THE FOLLOWING WEATHER WAS RECORDED YESTERDAY.
  NO SIGNIFICANT WEATHER WAS OBSERVED.


RELATIVE HUMIDITY (PERCENT)
 HIGHEST    MM
 LOWEST     MM
 AVERAGE    MM

..........................................................


THE DOUGLAS AZ CLIMATE NORMALS FOR TODAY
                         NORMAL    RECORD    YEAR
 MAXIMUM TEMPERATURE (F)   63        77      1986
                                             1950
 MINIMUM TEMPERATURE (F)   30        14      1955


SUNRISE AND SUNSET
JANUARY 23 2018.......SUNRISE   716 AM MST   SUNSET   545 PM MST
JANUARY 24 2018.......SUNRISE   715 AM MST   SUNSET   546 PM MST


-  INDICATES NEGATIVE NUMBERS.
R  INDICATES RECORD WAS SET OR TIED.
MM INDICATES DATA IS MISSING.
T  INDICATES TRACE AMOUNT.




$$
