000
CDUS45 KTWC 250732
CLIDUG

CLIMATE REPORT
NATIONAL WEATHER SERVICE TUCSON AZ
1230 AM MST MON SEP 25 2017


...................................

...THE DOUGLAS AZ CLIMATE SUMMARY FOR SEPTEMBER 24 2017...

CLIMATE NORMAL PERIOD 1981 TO 2010
CLIMATE RECORD PERIOD 1948 TO 2017


WEATHER ITEM   OBSERVED TIME   RECORD YEAR NORMAL DEPARTURE LAST
                VALUE   (LST)  VALUE       VALUE  FROM      YEAR
                                                  NORMAL
..................................................................
TEMPERATURE (F)
 YESTERDAY
  MAXIMUM         84    308 PM  97    2011  88     -4       84
  MINIMUM         51    641 AM  43    1968  57     -6       50
  AVERAGE         68                        72     -4       67

PRECIPITATION (IN)
  YESTERDAY        0.00          0.31 1967   0.04  -0.04     0.00
  MONTH TO DATE    T                         1.28  -1.28     1.23
  SINCE OCT 1     10.03                     12.84  -2.81    12.64
  SINCE JAN 1      8.68                     10.29  -1.61    11.43

DEGREE DAYS
 HEATING
  YESTERDAY        0                         0      0        0
  MONTH TO DATE    0                         0      0        0
  SINCE SEP 1      0                         0      0        0
  SINCE JUL 1      0                         0      0        0

 COOLING
  YESTERDAY        3                         7     -4        2
  MONTH TO DATE  264                       245     19      210
  SINCE SEP 1    264                       245     19      210
  SINCE JAN 1   1761                      1715     46     1681
..................................................................


WIND (MPH)
  HIGHEST WIND SPEED    17   HIGHEST WIND DIRECTION     W (250)
  HIGHEST GUST SPEED    23   HIGHEST GUST DIRECTION    SW (220)
  AVERAGE WIND SPEED     7.9


SKY COVER
  POSSIBLE SUNSHINE  MM
  AVERAGE SKY COVER 0.2


WEATHER CONDITIONS
 THE FOLLOWING WEATHER WAS RECORDED YESTERDAY.
  NO SIGNIFICANT WEATHER WAS OBSERVED.


RELATIVE HUMIDITY (PERCENT)
 HIGHEST    44
 LOWEST     17
 AVERAGE    31

..........................................................


THE DOUGLAS AZ CLIMATE NORMALS FOR TODAY
                         NORMAL    RECORD    YEAR
 MAXIMUM TEMPERATURE (F)   87        97      2011
 MINIMUM TEMPERATURE (F)   56        48      1986
                                             1957


SUNRISE AND SUNSET
SEPTEMBER 25 2017.....SUNRISE   609 AM MST   SUNSET   611 PM MST
SEPTEMBER 26 2017.....SUNRISE   609 AM MST   SUNSET   609 PM MST


-  INDICATES NEGATIVE NUMBERS.
R  INDICATES RECORD WAS SET OR TIED.
MM INDICATES DATA IS MISSING.
T  INDICATES TRACE AMOUNT.




$$
