000
CDUS43 KDVN 171033
CLIDVN


CLIMATE REPORT
NATIONAL WEATHER SERVICE QUAD CITIES IA IL
432 AM CST WED DEC 17 2014


...................................

...THE DAVENPORT IA CLIMATE SUMMARY FOR DECEMBER 16 2014...

CLIMATE NORMAL PERIOD 1981 TO 2010
CLIMATE RECORD PERIOD 9999 TO 9999


WEATHER ITEM   OBSERVED TIME   RECORD YEAR NORMAL DEPARTURE LAST
                VALUE   (LST)  VALUE       VALUE  FROM      YEAR
                                                  NORMAL
..................................................................
TEMPERATURE (F)
 YESTERDAY
  MAXIMUM         45    119 AM  MM      MM  33     12       21
  MINIMUM         20   1148 PM  MM      MM  17      3       12
  AVERAGE         33                        25      8       17

PRECIPITATION (IN)
  YESTERDAY        0.14         MM      MM   0.06   0.08     0.01
  MONTH TO DATE    0.44                      1.08  -0.64     0.37
  SINCE DEC 1      0.44                      1.08  -0.64     0.37
  SINCE JAN 1     33.87                     35.38  -1.51    34.14

SNOWFALL (IN)
  YESTERDAY        T            MM      MM  MM     MM        0.2
  MONTH TO DATE    T                        MM     MM        5.3
  SINCE DEC 1      T                        MM     MM        5.3
  SINCE JUL 1      4.0                      MM     MM        8.6
  SNOW DEPTH       0

DEGREE DAYS
 HEATING
  YESTERDAY       32                        40     -8       48
  MONTH TO DATE  530                       600    -70      731
  SINCE DEC 1    530                       600    -70      731
  SINCE JUL 1   2135                      1948    187     2144

 COOLING
  YESTERDAY        0                         0      0        0
  MONTH TO DATE    0                         0      0        0
  SINCE DEC 1      0                         0      0        0
  SINCE JAN 1    728                       786    -58      938
..................................................................


WIND (MPH)
  HIGHEST WIND SPEED    30   HIGHEST WIND DIRECTION    NW (300)
  HIGHEST GUST SPEED    36   HIGHEST GUST DIRECTION    NW (300)
  AVERAGE WIND SPEED    19.0


SKY COVER
  POSSIBLE SUNSHINE  MM
  AVERAGE SKY COVER 1.0


WEATHER CONDITIONS
 THE FOLLOWING WEATHER WAS RECORDED YESTERDAY.
  RAIN
  LIGHT RAIN
  LIGHT SNOW
  FOG


RELATIVE HUMIDITY (PERCENT)
 HIGHEST    92          1200 AM
 LOWEST     74           800 PM
 AVERAGE    83

..........................................................


THE DAVENPORT IA CLIMATE NORMALS FOR TODAY
                         NORMAL    RECORD    YEAR
 MAXIMUM TEMPERATURE (F)   32        MM        MM
 MINIMUM TEMPERATURE (F)   17        MM        MM


SUNRISE AND SUNSET
DECEMBER 17 2014......SUNRISE   723 AM CST   SUNSET   434 PM CST
DECEMBER 18 2014......SUNRISE   724 AM CST   SUNSET   434 PM CST


-  INDICATES NEGATIVE NUMBERS.
R  INDICATES RECORD WAS SET OR TIED.
MM INDICATES DATA IS MISSING.
T  INDICATES TRACE AMOUNT.




$$
