000
CDUS43 KDVN 010921
CLIDVN


CLIMATE REPORT
NATIONAL WEATHER SERVICE QUAD CITIES IA IL
420 AM CDT SUN MAY 1 2016


...................................

...THE DAVENPORT IA CLIMATE SUMMARY FOR APRIL 30 2016...

CLIMATE NORMAL PERIOD 1981 TO 2010
CLIMATE RECORD PERIOD 9999 TO 9999


WEATHER ITEM   OBSERVED TIME   RECORD YEAR NORMAL DEPARTURE LAST
                VALUE   (LST)  VALUE       VALUE  FROM      YEAR
                                                  NORMAL
..................................................................
TEMPERATURE (F)
 YESTERDAY
  MAXIMUM         49   1214 PM  MM      MM  67    -18       64
  MINIMUM         44    547 AM  MM      MM  44      0       38
  AVERAGE         47                        55     -8       51

PRECIPITATION (IN)
  YESTERDAY        0.76         MM      MM   0.18   0.58     0.00
  MONTH TO DATE    2.42                      3.51  -1.09     1.89
  SINCE MAR 1      5.54                      6.03  -0.49     2.75
  SINCE JAN 1      6.32                      8.56  -2.24     5.32

SNOWFALL (IN)
  YESTERDAY        0.0          MM      MM  MM     MM        0.0
  MONTH TO DATE    T                        MM     MM         T
  SINCE MAR 1      1.2                      MM     MM        0.3
  SINCE JUL 1     16.6                      MM     MM       32.5
  SNOW DEPTH       0

DEGREE DAYS
 HEATING
  YESTERDAY       18                        10      8       14
  MONTH TO DATE  456                       446     10      409
  SINCE MAR 1   1105                      1279   -174     1290
  SINCE JUL 1   5329                      6304   -975     6786

 COOLING
  YESTERDAY        0                         0      0        0
  MONTH TO DATE   10                         6      4        1
  SINCE MAR 1     11                         6      5        1
  SINCE JAN 1     11                         6      5        1
..................................................................


WIND (MPH)
  HIGHEST WIND SPEED    26   HIGHEST WIND DIRECTION     E (80)
  HIGHEST GUST SPEED    35   HIGHEST GUST DIRECTION     E (90)
  AVERAGE WIND SPEED    17.5


SKY COVER
  POSSIBLE SUNSHINE  MM
  AVERAGE SKY COVER 0.8


WEATHER CONDITIONS
 THE FOLLOWING WEATHER WAS RECORDED YESTERDAY.
  HEAVY RAIN
  RAIN
  LIGHT RAIN
  FOG
  HAZE


RELATIVE HUMIDITY (PERCENT)
 HIGHEST    93          1000 AM
 LOWEST     76          1200 AM
 AVERAGE    85

..........................................................


THE DAVENPORT IA CLIMATE NORMALS FOR TODAY
                         NORMAL    RECORD    YEAR
 MAXIMUM TEMPERATURE (F)   67        MM        MM
 MINIMUM TEMPERATURE (F)   44        MM        MM


SUNRISE AND SUNSET
MAY  1 2016...........SUNRISE   558 AM CDT   SUNSET   801 PM CDT
MAY  2 2016...........SUNRISE   557 AM CDT   SUNSET   802 PM CDT


-  INDICATES NEGATIVE NUMBERS.
R  INDICATES RECORD WAS SET OR TIED.
MM INDICATES DATA IS MISSING.
T  INDICATES TRACE AMOUNT.




$$
