000
CDUS43 KDVN 240905
CLIDVN


CLIMATE REPORT
NATIONAL WEATHER SERVICE QUAD CITIES IA IL
404 AM CDT SAT JUN 24 2017


...................................

...THE DAVENPORT IA CLIMATE SUMMARY FOR JUNE 23 2017...

CLIMATE NORMAL PERIOD 1981 TO 2010
CLIMATE RECORD PERIOD 9999 TO 9999


WEATHER ITEM   OBSERVED TIME   RECORD YEAR NORMAL DEPARTURE LAST
                VALUE   (LST)  VALUE       VALUE  FROM      YEAR
                                                  NORMAL
..................................................................
TEMPERATURE (F)
 YESTERDAY
  MAXIMUM         80    219 PM  MM      MM  83     -3       81
  MINIMUM         60   1158 PM  MM      MM  62     -2       62
  AVERAGE         70                        72     -2       72

PRECIPITATION (IN)
  YESTERDAY        0.86         MM      MM   0.08   0.78     0.00
  MONTH TO DATE    3.62                      3.33   0.29     3.98
  SINCE JUN 1      3.62                      3.33   0.29     3.98
  SINCE JAN 1     18.06                     16.14   1.92    14.54

SNOWFALL (IN)
  YESTERDAY        0.0          MM      MM  MM     MM        0.0
  MONTH TO DATE    0.0                      MM     MM        0.0
  SINCE JUN 1      0.0                      MM     MM        0.0
  SINCE JUL 1     25.2                      MM     MM       16.6
  SNOW DEPTH       0

DEGREE DAYS
 HEATING
  YESTERDAY        0                         0      0        0
  MONTH TO DATE    0                        22    -22        3
  SINCE JUN 1      0                        22    -22        3
  SINCE JUL 1   5410                      6509  -1099     5510

 COOLING
  YESTERDAY        5                         7     -2        7
  MONTH TO DATE  218                       126     92      185
  SINCE JUN 1    218                       126     92      185
  SINCE JAN 1    270                       187     83      270
..................................................................


WIND (MPH)
  HIGHEST WIND SPEED    29   HIGHEST WIND DIRECTION    NW (310)
  HIGHEST GUST SPEED    36   HIGHEST GUST DIRECTION    NW (300)
  AVERAGE WIND SPEED    12.9


SKY COVER
  POSSIBLE SUNSHINE  MM
  AVERAGE SKY COVER 0.1


WEATHER CONDITIONS
 THE FOLLOWING WEATHER WAS RECORDED YESTERDAY.
  THUNDERSTORM
  HEAVY RAIN
  RAIN
  LIGHT RAIN
  FOG


RELATIVE HUMIDITY (PERCENT)
 HIGHEST    97           300 AM
 LOWEST     42           300 PM
 AVERAGE    70

..........................................................


THE DAVENPORT IA CLIMATE NORMALS FOR TODAY
                         NORMAL    RECORD    YEAR
 MAXIMUM TEMPERATURE (F)   83        MM        MM
 MINIMUM TEMPERATURE (F)   62        MM        MM


SUNRISE AND SUNSET
JUNE 24 2017..........SUNRISE   529 AM CDT   SUNSET   841 PM CDT
JUNE 25 2017..........SUNRISE   529 AM CDT   SUNSET   841 PM CDT


-  INDICATES NEGATIVE NUMBERS.
R  INDICATES RECORD WAS SET OR TIED.
MM INDICATES DATA IS MISSING.
T  INDICATES TRACE AMOUNT.




$$
