000
CDUS43 KDVN 210920
CLIDVN


CLIMATE REPORT
NATIONAL WEATHER SERVICE QUAD CITIES IA IL
420 AM CDT SUN SEP 21 2014


...................................

...THE DAVENPORT IA CLIMATE SUMMARY FOR SEPTEMBER 20 2014...

CLIMATE NORMAL PERIOD 1981 TO 2010
CLIMATE RECORD PERIOD 9999 TO 9999


WEATHER ITEM   OBSERVED TIME   RECORD YEAR NORMAL DEPARTURE LAST
                VALUE   (LST)  VALUE       VALUE  FROM      YEAR
                                                  NORMAL
..................................................................
TEMPERATURE (F)
 YESTERDAY
  MAXIMUM         79    247 PM  MM      MM  74      5       69
  MINIMUM         62   1159 PM  MM      MM  50     12       52
  AVERAGE         71                        62      9       61

PRECIPITATION (IN)
  YESTERDAY        0.01         MM      MM   0.12  -0.11     0.01
  MONTH TO DATE    4.26                      1.97   2.29     1.46
  SINCE SEP 1      4.26                      1.97   2.29     1.46
  SINCE JAN 1     28.95                     27.79   1.16    29.85

SNOWFALL (IN)
  YESTERDAY        0.0          MM      MM  MM     MM        0.0
  MONTH TO DATE    0.0                      MM     MM        0.0
  SINCE SEP 1      0.0                      MM     MM        0.0
  SINCE JUL 1      0.0                      MM     MM        0.0
  SNOW DEPTH       0

DEGREE DAYS
 HEATING
  YESTERDAY        0                         5     -5        4
  MONTH TO DATE  106                        53     53       41
  SINCE SEP 1    106                        53     53       41
  SINCE JUL 1    127                        67     60       60

 COOLING
  YESTERDAY        6                         2      4        0
  MONTH TO DATE   45                        58    -13      131
  SINCE SEP 1     45                        58    -13      131
  SINCE JAN 1    704                       762    -58      904
..................................................................


WIND (MPH)
  HIGHEST WIND SPEED    26   HIGHEST WIND DIRECTION    NW (300)
  HIGHEST GUST SPEED    34   HIGHEST GUST DIRECTION     W (260)
  AVERAGE WIND SPEED    10.9


SKY COVER
  POSSIBLE SUNSHINE  MM
  AVERAGE SKY COVER 0.4


WEATHER CONDITIONS
 THE FOLLOWING WEATHER WAS RECORDED YESTERDAY.
  LIGHT RAIN
  FOG
  HAZE


RELATIVE HUMIDITY (PERCENT)
 HIGHEST    93           600 AM
 LOWEST     62           300 PM
 AVERAGE    78

..........................................................


THE DAVENPORT IA CLIMATE NORMALS FOR TODAY
                         NORMAL    RECORD    YEAR
 MAXIMUM TEMPERATURE (F)   73        MM        MM
 MINIMUM TEMPERATURE (F)   49        MM        MM


SUNRISE AND SUNSET
SEPTEMBER 21 2014.....SUNRISE   649 AM CDT   SUNSET   701 PM CDT
SEPTEMBER 22 2014.....SUNRISE   650 AM CDT   SUNSET   659 PM CDT


-  INDICATES NEGATIVE NUMBERS.
R  INDICATES RECORD WAS SET OR TIED.
MM INDICATES DATA IS MISSING.
T  INDICATES TRACE AMOUNT.




$$
