000
CDUS46 KOTX 040829
CLIEAT


CLIMATE REPORT
NATIONAL WEATHER SERVICE SPOKANE, WA
126 AM PDT FRI SEP 4 2015


...................................

...THE WENATCHEE WA PANGBORN FIELD CLIMATE SUMMARY FOR SEPTEMBER 3 2015...

CLIMATE NORMAL PERIOD 1981 TO 2010
CLIMATE RECORD PERIOD 1959 TO 2015


WEATHER ITEM   OBSERVED TIME   RECORD YEAR NORMAL DEPARTURE LAST
                VALUE   (LST)  VALUE       VALUE  FROM      YEAR
                                                  NORMAL
..................................................................
TEMPERATURE (F)
 YESTERDAY
  MAXIMUM         73    147 PM  98    1988  81     -8       77
  MINIMUM         50    625 AM  46    1980  56     -6       55
  AVERAGE         62                        69     -7       66

PRECIPITATION (IN)
  YESTERDAY        T             0.22 1997   0.01  -0.01      T
                                      1997
                                      2009
  MONTH TO DATE    T                         0.03  -0.03      T
  SINCE OCT 1      7.17                      7.70  -0.53     4.52
  SINCE JAN 1      3.99                      4.75  -0.76     3.96

SNOWFALL (IN)
  YESTERDAY       MM

DEGREE DAYS
 HEATING
  YESTERDAY        3                         1      2        0
  MONTH TO DATE    3                         3      0        0
  SINCE SEP 1      3                         3      0        0
  SINCE JUL 1      3                        17    -14        0

 COOLING
  YESTERDAY        0                         5     -5        1
  MONTH TO DATE    1                        15    -14       10
  SINCE SEP 1      1                        15    -14       10
  SINCE JAN 1   1339                       803    536     1101
..................................................................


WIND (MPH)
  HIGHEST WIND SPEED    22   HIGHEST WIND DIRECTION    NW (320)
  HIGHEST GUST SPEED    30   HIGHEST GUST DIRECTION    NW (320)
  AVERAGE WIND SPEED    10.4


SKY COVER
  POSSIBLE SUNSHINE  MM
  AVERAGE SKY COVER 0.1


WEATHER CONDITIONS
 THE FOLLOWING WEATHER WAS RECORDED YESTERDAY.
  LIGHT RAIN


RELATIVE HUMIDITY (PERCENT)
 HIGHEST    61           500 AM
 LOWEST     20           200 PM
 AVERAGE    41

..........................................................


THE WENATCHEE WA PANGBORN FIELD CLIMATE NORMALS FOR TODAY
                         NORMAL    RECORD    YEAR
 MAXIMUM TEMPERATURE (F)   81        97      1988
 MINIMUM TEMPERATURE (F)   56        44      1996


SUNRISE AND SUNSET
SEPTEMBER  4 2015.....SUNRISE   623 AM PDT   SUNSET   735 PM PDT
SEPTEMBER  5 2015.....SUNRISE   625 AM PDT   SUNSET   733 PM PDT


-  INDICATES NEGATIVE NUMBERS.
R  INDICATES RECORD WAS SET OR TIED.
MM INDICATES DATA IS MISSING.
T  INDICATES TRACE AMOUNT.




$$
