000
CDUS46 KOTX 300823
CLIEAT


CLIMATE REPORT
NATIONAL WEATHER SERVICE SPOKANE, WA
123 AM PDT TUE SEP 30 2014


...................................

...THE WENATCHEE WA PANGBORN FIELD CLIMATE SUMMARY FOR SEPTEMBER 29 2014...

CLIMATE NORMAL PERIOD 1981 TO 2010
CLIMATE RECORD PERIOD 1959 TO 2014


WEATHER ITEM   OBSERVED TIME   RECORD YEAR NORMAL DEPARTURE LAST
                VALUE   (LST)  VALUE       VALUE  FROM      YEAR
                                                  NORMAL
..................................................................
TEMPERATURE (F)
 YESTERDAY
  MAXIMUM         80    244 PM  87    1993  71      9       63
  MINIMUM         52    622 AM  31    1985  48      4       48
  AVERAGE         66                        59      7       56

PRECIPITATION (IN)
  YESTERDAY        T             0.08 1971   0.01  -0.01     0.03
  MONTH TO DATE    0.16                      0.33  -0.17     0.75
  SINCE OCT 1      4.68                      8.00  -3.32    10.43
  SINCE JAN 1      4.12                      5.05  -0.93     6.63

SNOWFALL (IN)
  YESTERDAY       MM             0.0  1999   0.0   MM       MM
  MONTH TO DATE   MM                         0.0   MM       MM
  SINCE SEP 1     MM                         0.0   MM       MM
  SINCE JUL 1     MM                         0.0   MM       MM
  SNOW DEPTH      MM

DEGREE DAYS
 HEATING
  YESTERDAY        0                         7     -7        9
  MONTH TO DATE   31                        92    -61       82
  SINCE SEP 1     31                        92    -61       82
  SINCE JUL 1     31                       106    -75       82

 COOLING
  YESTERDAY        1                         1      0        0
  MONTH TO DATE  110                        81     29      147
  SINCE SEP 1    110                        81     29      147
  SINCE JAN 1   1201                       869    332     1028
..................................................................


WIND (MPH)
  HIGHEST WIND SPEED    24   HIGHEST WIND DIRECTION    NW (300)
  HIGHEST GUST SPEED    29   HIGHEST GUST DIRECTION     W (290)
  AVERAGE WIND SPEED    11.0


SKY COVER
  POSSIBLE SUNSHINE  MM
  AVERAGE SKY COVER 0.1


WEATHER CONDITIONS
 THE FOLLOWING WEATHER WAS RECORDED YESTERDAY.
  LIGHT RAIN
  HAZE


RELATIVE HUMIDITY (PERCENT)
 HIGHEST    72           400 AM
 LOWEST     25           200 PM
 AVERAGE    49

..........................................................


THE WENATCHEE WA PANGBORN FIELD CLIMATE NORMALS FOR TODAY
                         NORMAL    RECORD    YEAR
 MAXIMUM TEMPERATURE (F)   70        85      1970
 MINIMUM TEMPERATURE (F)   47        34      1985


SUNRISE AND SUNSET
SEPTEMBER 30 2014.....SUNRISE   659 AM PDT   SUNSET   642 PM PDT
OCTOBER  1 2014.......SUNRISE   700 AM PDT   SUNSET   640 PM PDT


-  INDICATES NEGATIVE NUMBERS.
R  INDICATES RECORD WAS SET OR TIED.
MM INDICATES DATA IS MISSING.
T  INDICATES TRACE AMOUNT.




$$
