000
CDUS46 KOTX 060829
CLIEAT


CLIMATE REPORT
NATIONAL WEATHER SERVICE SPOKANE, WA
1229 AM PST SAT FEB 6 2016


...................................

...THE WENATCHEE WA PANGBORN FIELD CLIMATE SUMMARY FOR FEBRUARY 5 2016...

CLIMATE NORMAL PERIOD 1981 TO 2010
CLIMATE RECORD PERIOD 1959 TO 2016


WEATHER ITEM   OBSERVED TIME   RECORD YEAR NORMAL DEPARTURE LAST
                VALUE   (LST)  VALUE       VALUE  FROM      YEAR
                                                  NORMAL
..................................................................
TEMPERATURE (F)
 YESTERDAY
  MAXIMUM         36   1159 PM  52    1967  39     -3       41
  MINIMUM         29    442 AM  -1    1985  27      2       35
  AVERAGE         33                        33      0       38

PRECIPITATION (IN)
  YESTERDAY        0.00          0.29 1960   0.03  -0.03     0.05
  MONTH TO DATE    0.06                      0.15  -0.09     0.15
  SINCE OCT 1      6.14                      4.16   1.98     3.96
  SINCE JAN 1      2.28                      1.21   1.07     0.78

SNOWFALL (IN)
  YESTERDAY       MM

DEGREE DAYS
 HEATING
  YESTERDAY       32                        32      0       27
  MONTH TO DATE  182                       163     19      142
  SINCE DEC 1   2235                      2411   -176     2065
  SINCE JUL 1   3300                      3783   -483     3171

 COOLING
  YESTERDAY        0                         0      0        0
  MONTH TO DATE    0                         0      0        0
  SINCE DEC 1      0                         0      0        0
  SINCE JAN 1      0                         0      0        0
..................................................................


WIND (MPH)
  HIGHEST WIND SPEED    10   HIGHEST WIND DIRECTION     E (100)
  HIGHEST GUST SPEED    13   HIGHEST GUST DIRECTION     E (100)
  AVERAGE WIND SPEED     1.8


SKY COVER
  POSSIBLE SUNSHINE  MM
  AVERAGE SKY COVER 0.7


WEATHER CONDITIONS
 THE FOLLOWING WEATHER WAS RECORDED YESTERDAY.
  FOG


RELATIVE HUMIDITY (PERCENT)
 HIGHEST    92          1200 AM
 LOWEST     75           300 PM
 AVERAGE    84

..........................................................


THE WENATCHEE WA PANGBORN FIELD CLIMATE NORMALS FOR TODAY
                         NORMAL    RECORD    YEAR
 MAXIMUM TEMPERATURE (F)   39        56      1967
 MINIMUM TEMPERATURE (F)   27         0      2014


SUNRISE AND SUNSET
FEBRUARY  6 2016......SUNRISE   720 AM PST   SUNSET   510 PM PST
FEBRUARY  7 2016......SUNRISE   719 AM PST   SUNSET   511 PM PST


-  INDICATES NEGATIVE NUMBERS.
R  INDICATES RECORD WAS SET OR TIED.
MM INDICATES DATA IS MISSING.
T  INDICATES TRACE AMOUNT.




$$
