000
CDUS46 KOTX 290828
CLIEAT


CLIMATE REPORT
NATIONAL WEATHER SERVICE SPOKANE, WA
126 AM PDT FRI MAY 29 2015


...................................

...THE WENATCHEE WA PANGBORN FIELD CLIMATE SUMMARY FOR MAY 28 2015...

CLIMATE NORMAL PERIOD 1981 TO 2010
CLIMATE RECORD PERIOD 1959 TO 2015


WEATHER ITEM   OBSERVED TIME   RECORD YEAR NORMAL DEPARTURE LAST
                VALUE   (LST)  VALUE       VALUE  FROM      YEAR
                                                  NORMAL
..................................................................
TEMPERATURE (F)
 YESTERDAY
  MAXIMUM         89    408 PM  94    1983  74     15       70
  MINIMUM         60    458 AM  41    1998  52      8       50
  AVERAGE         75                        63     12       60

PRECIPITATION (IN)
  YESTERDAY        0.01          0.42 1967   0.02  -0.01      T
  MONTH TO DATE    1.18                      0.59   0.59     0.18
  SINCE OCT 1      6.84                      6.51   0.33     2.87
  SINCE JAN 1      3.66                      3.56   0.10     2.31

SNOWFALL (IN)
  YESTERDAY       MM

DEGREE DAYS
 HEATING
  YESTERDAY        0                         4     -4        5
  MONTH TO DATE   74                       189   -115       77
  SINCE MAR 1    869                      1241   -372     1051
  SINCE JUL 1   4498                      5705  -1207     5621

 COOLING
  YESTERDAY       10                         2      8        0
  MONTH TO DATE   66                        30     36       54
  SINCE MAR 1     66                        68     -2       54
  SINCE JAN 1     66                        68     -2       54
..................................................................


WIND (MPH)
  HIGHEST WIND SPEED    21   HIGHEST WIND DIRECTION     W (280)
  HIGHEST GUST SPEED    26   HIGHEST GUST DIRECTION     W (270)
  AVERAGE WIND SPEED     7.3


SKY COVER
  POSSIBLE SUNSHINE  MM
  AVERAGE SKY COVER 0.2


WEATHER CONDITIONS
 THE FOLLOWING WEATHER WAS RECORDED YESTERDAY.
  LIGHT RAIN


RELATIVE HUMIDITY (PERCENT)
 HIGHEST    69           500 AM
 LOWEST     21           300 PM
 AVERAGE    45

..........................................................


THE WENATCHEE WA PANGBORN FIELD CLIMATE NORMALS FOR TODAY
                         NORMAL    RECORD    YEAR
 MAXIMUM TEMPERATURE (F)   75        98      1986
 MINIMUM TEMPERATURE (F)   52        40      1976


SUNRISE AND SUNSET
MAY 29 2015...........SUNRISE   510 AM PDT   SUNSET   847 PM PDT
MAY 30 2015...........SUNRISE   509 AM PDT   SUNSET   848 PM PDT


-  INDICATES NEGATIVE NUMBERS.
R  INDICATES RECORD WAS SET OR TIED.
MM INDICATES DATA IS MISSING.
T  INDICATES TRACE AMOUNT.




$$
