000
CDUS46 KOTX 170834
CLIEAT


CLIMATE REPORT
NATIONAL WEATHER SERVICE SPOKANE, WA
134 AM PDT WED SEP 17 2014


...................................

...THE WENATCHEE WA PANGBORN FIELD CLIMATE SUMMARY FOR SEPTEMBER 16 2014...

CLIMATE NORMAL PERIOD 1981 TO 2010
CLIMATE RECORD PERIOD 1959 TO 2014


WEATHER ITEM   OBSERVED TIME   RECORD YEAR NORMAL DEPARTURE LAST
                VALUE   (LST)  VALUE       VALUE  FROM      YEAR
                                                  NORMAL
..................................................................
TEMPERATURE (F)
 YESTERDAY
  MAXIMUM         88    325 PM  92    1981  77     11       77
  MINIMUM         59    622 AM  39    1992  52      7       59
  AVERAGE         74                        64     10       68

PRECIPITATION (IN)
  YESTERDAY        0.00          0.81 1986   0.01  -0.01     0.00
  MONTH TO DATE    T                         0.17  -0.17     0.62
  SINCE OCT 1      4.52                      7.84  -3.32    10.30
  SINCE JAN 1      3.96                      4.89  -0.93     6.50

SNOWFALL (IN)
  YESTERDAY       MM             0.0  1999   0.0   MM       MM
  MONTH TO DATE   MM                         0.0   MM       MM
  SINCE SEP 1     MM                         0.0   MM       MM
  SINCE JUL 1     MM                         0.0   MM       MM
  SNOW DEPTH      MM

DEGREE DAYS
 HEATING
  YESTERDAY        0                         3     -3        0
  MONTH TO DATE   16                        29    -13        3
  SINCE SEP 1     16                        29    -13        3
  SINCE JUL 1     16                        43    -27        3

 COOLING
  YESTERDAY        9                         3      6        3
  MONTH TO DATE   56                        62     -6      146
  SINCE SEP 1     56                        62     -6      146
  SINCE JAN 1   1147                       850    297     1027
..................................................................


WIND (MPH)
  HIGHEST WIND SPEED    15   HIGHEST WIND DIRECTION     W (290)
  HIGHEST GUST SPEED    17   HIGHEST GUST DIRECTION     W (290)
  AVERAGE WIND SPEED     5.9


SKY COVER
  POSSIBLE SUNSHINE  MM
  AVERAGE SKY COVER 0.0


WEATHER CONDITIONS
 THE FOLLOWING WEATHER WAS RECORDED YESTERDAY.
  NO SIGNIFICANT WEATHER WAS OBSERVED.


RELATIVE HUMIDITY (PERCENT)
 HIGHEST    46           500 AM
 LOWEST     18           300 PM
 AVERAGE    32

..........................................................


THE WENATCHEE WA PANGBORN FIELD CLIMATE NORMALS FOR TODAY
                         NORMAL    RECORD    YEAR
 MAXIMUM TEMPERATURE (F)   76        93      1981
 MINIMUM TEMPERATURE (F)   52        39      1965


SUNRISE AND SUNSET
SEPTEMBER 17 2014.....SUNRISE   641 AM PDT   SUNSET   708 PM PDT
SEPTEMBER 18 2014.....SUNRISE   642 AM PDT   SUNSET   706 PM PDT


-  INDICATES NEGATIVE NUMBERS.
R  INDICATES RECORD WAS SET OR TIED.
MM INDICATES DATA IS MISSING.
T  INDICATES TRACE AMOUNT.




$$
