000
CDUS46 KOTX 170839
CLIEAT


CLIMATE REPORT
NATIONAL WEATHER SERVICE SPOKANE, WA
1239 AM PST SUN DEC 17 2017


...................................

...THE WENATCHEE WA PANGBORN FIELD CLIMATE SUMMARY FOR DECEMBER 16 2017...

CLIMATE NORMAL PERIOD 1981 TO 2010
CLIMATE RECORD PERIOD 1959 TO 2017


WEATHER ITEM   OBSERVED TIME   RECORD YEAR NORMAL DEPARTURE LAST
                VALUE   (LST)  VALUE       VALUE  FROM      YEAR
                                                  NORMAL
..................................................................
TEMPERATURE (F)
 YESTERDAY
  MAXIMUM         32   1203 AM  58    1999  32      0       19
  MINIMUM         25    617 AM -11    1964  23      2        4
  AVERAGE         29                        27      2       12

PRECIPITATION (IN)
  YESTERDAY        0.00          0.54 1961   0.04  -0.04     0.00
  MONTH TO DATE    0.05                      0.73  -0.68     0.18
  SINCE OCT 1      2.26                      2.28  -0.02     2.59
  SINCE JAN 1      9.34                      7.34   2.00     9.94

SNOWFALL (IN)
  YESTERDAY       MM

DEGREE DAYS
 HEATING
  YESTERDAY       36                        38     -2       53
  MONTH TO DATE  548                       575    -27      649
  SINCE DEC 1    548                       575    -27      649
  SINCE JUL 1   1971                      1947     24     1726

 COOLING
  YESTERDAY        0                         0      0        0
  MONTH TO DATE    0                         0      0        0
  SINCE DEC 1      0                         0      0        0
  SINCE JAN 1   1058                       790    268      801
..................................................................


WIND (MPH)
  HIGHEST WIND SPEED    14   HIGHEST WIND DIRECTION     E (100)
  HIGHEST GUST SPEED    19   HIGHEST GUST DIRECTION     E (110)
  AVERAGE WIND SPEED     6.1


SKY COVER
  POSSIBLE SUNSHINE  MM
  AVERAGE SKY COVER 0.9


WEATHER CONDITIONS
 THE FOLLOWING WEATHER WAS RECORDED YESTERDAY.
  FOG


RELATIVE HUMIDITY (PERCENT)
 HIGHEST   100           300 AM
 LOWEST     85          1200 AM
 AVERAGE    93

..........................................................


THE WENATCHEE WA PANGBORN FIELD CLIMATE NORMALS FOR TODAY
                         NORMAL    RECORD    YEAR
 MAXIMUM TEMPERATURE (F)   31        52      1998
 MINIMUM TEMPERATURE (F)   23       -12      1964


SUNRISE AND SUNSET
DECEMBER 17 2017......SUNRISE   743 AM PST   SUNSET   411 PM PST
DECEMBER 18 2017......SUNRISE   744 AM PST   SUNSET   411 PM PST


-  INDICATES NEGATIVE NUMBERS.
R  INDICATES RECORD WAS SET OR TIED.
MM INDICATES DATA IS MISSING.
T  INDICATES TRACE AMOUNT.




$$
