000
CDUS46 KOTX 022339
CLIEAT


CLIMATE REPORT
NATIONAL WEATHER SERVICE SPOKANE, WA
438 PM PDT THU JUL 2 2015


...................................

...THE WENATCHEE WA PANGBORN FIELD CLIMATE SUMMARY FOR JULY 2 2015...
VALID AS OF 0400 PM LOCAL TIME.

CLIMATE NORMAL PERIOD 1981 TO 2010
CLIMATE RECORD PERIOD 1959 TO 2015


WEATHER ITEM   OBSERVED TIME   RECORD YEAR NORMAL DEPARTURE LAST
                VALUE   (LST)  VALUE       VALUE  FROM      YEAR
                                                  NORMAL
..................................................................
TEMPERATURE (F)
 TODAY
  MAXIMUM        103    227 PM 104    2013  83     20       94
  MINIMUM         73    513 AM  43    1962  59     14       65
  AVERAGE         88                        71     17       80

PRECIPITATION (IN)
  TODAY            0.00          0.66 1966   0.01  -0.01     0.00
  MONTH TO DATE    0.00                      0.02  -0.02     0.00
  SINCE OCT 1      6.91                      7.22  -0.31     3.31
  SINCE JAN 1      3.73                      4.27  -0.54     2.75

SNOWFALL (IN)
  TODAY           MM

DEGREE DAYS
 HEATING
  TODAY            0                         1     -1        0
  MONTH TO DATE    0                         2     -2        0
  SINCE JUN 1      0                        60    -60       15
  SINCE JUL 1      0                         2     -2        0

 COOLING
  TODAY           23                         6     17       15
  MONTH TO DATE   45                        12     33       28
  SINCE JUN 1    428                       304    124      184
  SINCE JAN 1    527                       451     76      242
..................................................................


WIND (MPH)
  HIGHEST WIND SPEED    14   HIGHEST WIND DIRECTION    NW (300)
  HIGHEST GUST SPEED    16   HIGHEST GUST DIRECTION    NW (300)
  AVERAGE WIND SPEED     6.0


SKY COVER
  POSSIBLE SUNSHINE  MM
  AVERAGE SKY COVER 0.0


WEATHER CONDITIONS
 THE FOLLOWING WEATHER WAS RECORDED TODAY.
  NO SIGNIFICANT WEATHER WAS OBSERVED.


RELATIVE HUMIDITY (PERCENT)
 HIGHEST    44           500 AM
 LOWEST     13           200 PM
 AVERAGE    29

..........................................................


THE WENATCHEE WA PANGBORN FIELD CLIMATE NORMALS FOR TOMORROW
                         NORMAL    RECORD    YEAR
 MAXIMUM TEMPERATURE (F)   83       101      1968
 MINIMUM TEMPERATURE (F)   59        47      1990


SUNRISE AND SUNSET
JULY  2 2015..........SUNRISE   509 AM PDT   SUNSET   901 PM PDT
JULY  3 2015..........SUNRISE   509 AM PDT   SUNSET   901 PM PDT


-  INDICATES NEGATIVE NUMBERS.
R  INDICATES RECORD WAS SET OR TIED.
MM INDICATES DATA IS MISSING.
T  INDICATES TRACE AMOUNT.




$$
