000
CDUS46 KOTX 300822
CLIEAT


CLIMATE REPORT
NATIONAL WEATHER SERVICE SPOKANE, WA
1222 AM PST FRI JAN 30 2015


...................................

...THE WENATCHEE WA PANGBORN FIELD CLIMATE SUMMARY FOR JANUARY 29 2015...

CLIMATE NORMAL PERIOD 1981 TO 2010
CLIMATE RECORD PERIOD 1959 TO 2015


WEATHER ITEM   OBSERVED TIME   RECORD YEAR NORMAL DEPARTURE LAST
                VALUE   (LST)  VALUE       VALUE  FROM      YEAR
                                                  NORMAL
..................................................................
TEMPERATURE (F)
 YESTERDAY
  MAXIMUM         37    805 PM  53    1974  37      0       31
  MINIMUM         33    937 AM  -9    1969  26      7       22
  AVERAGE         35                        32      3       27

PRECIPITATION (IN)
  YESTERDAY        0.00          0.39 1967   0.03  -0.03     0.21
  MONTH TO DATE    0.63                      1.00  -0.37     0.44
  SINCE OCT 1      3.81                      3.95  -0.14     1.00
  SINCE JAN 1      0.63                      1.00  -0.37     0.44

SNOWFALL (IN)
  YESTERDAY       MM

DEGREE DAYS
 HEATING
  YESTERDAY       30                        33     -3       38
  MONTH TO DATE  935                      1034    -99      943
  SINCE DEC 1   1865                      2182   -317     2144
  SINCE JUL 1   2971                      3554   -583     3509

 COOLING
  YESTERDAY        0                         0      0        0
  MONTH TO DATE    0                         0      0        0
  SINCE DEC 1      0                         0      0        0
  SINCE JAN 1      0                         0      0        0
..................................................................


WIND (MPH)
  HIGHEST WIND SPEED     9   HIGHEST WIND DIRECTION     W (290)
  HIGHEST GUST SPEED    11   HIGHEST GUST DIRECTION     W (290)
  AVERAGE WIND SPEED     3.7


SKY COVER
  POSSIBLE SUNSHINE  MM
  AVERAGE SKY COVER 1.0


WEATHER CONDITIONS
 THE FOLLOWING WEATHER WAS RECORDED YESTERDAY.
  NO SIGNIFICANT WEATHER WAS OBSERVED.


RELATIVE HUMIDITY (PERCENT)
 HIGHEST    89           100 AM
 LOWEST     76           400 PM
 AVERAGE    83

..........................................................


THE WENATCHEE WA PANGBORN FIELD CLIMATE NORMALS FOR TODAY
                         NORMAL    RECORD    YEAR
 MAXIMUM TEMPERATURE (F)   38        58      1989
 MINIMUM TEMPERATURE (F)   26       -12      1996


SUNRISE AND SUNSET
JANUARY 30 2015.......SUNRISE   729 AM PST   SUNSET   459 PM PST
JANUARY 31 2015.......SUNRISE   728 AM PST   SUNSET   501 PM PST


-  INDICATES NEGATIVE NUMBERS.
R  INDICATES RECORD WAS SET OR TIED.
MM INDICATES DATA IS MISSING.
T  INDICATES TRACE AMOUNT.




$$
