000
CDUS43 KMPX 300726
CLIEAU


CLIMATE REPORT
NATIONAL WEATHER SERVICE CHANHASSEN MN
226 AM CDT SUN APR 30 2017


...................................

...THE EAU CLAIRE WI CLIMATE SUMMARY FOR APRIL 29 2017...

CLIMATE NORMAL PERIOD 1981 TO 2010
CLIMATE RECORD PERIOD 1893 TO 2017


WEATHER ITEM   OBSERVED TIME   RECORD YEAR NORMAL DEPARTURE LAST
                VALUE   (LST)  VALUE       VALUE  FROM      YEAR
                                                  NORMAL
..................................................................
TEMPERATURE (F)
 YESTERDAY
  MAXIMUM         54    503 PM  90    1970  65    -11       58
  MINIMUM         31   1206 AM  17    1956  40     -9       39
  AVERAGE         43                        52     -9       49

PRECIPITATION (IN)
  YESTERDAY        0.00          2.12 1942   0.11  -0.11     0.00
  MONTH TO DATE    4.42                      2.64   1.78     2.56
  SINCE MAR 1      5.54                      4.37   1.17     7.22
  SINCE JAN 1      9.62                      6.07   3.55     8.38

SNOWFALL (IN)
  YESTERDAY        0.0           4.3  1956   0.0    0.0      0.0
  MONTH TO DATE    0.8                       1.9   -1.1      1.8
  SINCE MAR 1      5.6                      10.5   -4.9     13.9
  SINCE JUL 1     54.5                      46.8    7.7     38.0
  SNOW DEPTH       0

DEGREE DAYS
 HEATING
  YESTERDAY       22                        13      9       16
  MONTH TO DATE  501                       563    -62      561
  SINCE MAR 1   1551                      1607    -56     1372
  SINCE JUL 1   6661                      7627   -966     6550

 COOLING
  YESTERDAY        0                         1     -1        0
  MONTH TO DATE    0                         3     -3        4
  SINCE MAR 1      0                         3     -3        4
  SINCE JAN 1      0                         3     -3        4
..................................................................


WIND (MPH)
  HIGHEST WIND SPEED    21   HIGHEST WIND DIRECTION     E (70)
  HIGHEST GUST SPEED    27   HIGHEST GUST DIRECTION     E (70)
  AVERAGE WIND SPEED    10.9


SKY COVER
  POSSIBLE SUNSHINE  MM
  AVERAGE SKY COVER 0.1


WEATHER CONDITIONS
 THE FOLLOWING WEATHER WAS RECORDED YESTERDAY.
  NO SIGNIFICANT WEATHER WAS OBSERVED.


RELATIVE HUMIDITY (PERCENT)
 HIGHEST    89          1200 AM
 LOWEST     32           400 PM
 AVERAGE    61

..........................................................


THE EAU CLAIRE WI CLIMATE NORMALS FOR TODAY
                         NORMAL    RECORD    YEAR
 MAXIMUM TEMPERATURE (F)   65        89      1952
 MINIMUM TEMPERATURE (F)   40         9      1956


SUNRISE AND SUNSET
APRIL 30 2017.........SUNRISE   557 AM CDT   SUNSET   810 PM CDT
MAY  1 2017...........SUNRISE   555 AM CDT   SUNSET   812 PM CDT


-  INDICATES NEGATIVE NUMBERS.
R  INDICATES RECORD WAS SET OR TIED.
MM INDICATES DATA IS MISSING.
T  INDICATES TRACE AMOUNT.




$$
