000
CDUS43 KMPX 290059
CLIEAU


CLIMATE REPORT
NATIONAL WEATHER SERVICE CHANHASSEN MN
659 PM CST FRI NOV 28 2014


...................................

...THE EAU CLAIRE WI CLIMATE SUMMARY FOR NOVEMBER 28 2014...
VALID TODAY AS OF 0600 PM LOCAL TIME.

CLIMATE NORMAL PERIOD 1981 TO 2010
CLIMATE RECORD PERIOD 1893 TO 2014


WEATHER ITEM   OBSERVED TIME   RECORD YEAR NORMAL DEPARTURE LAST
                VALUE   (LST)  VALUE       VALUE  FROM      YEAR
                                                  NORMAL
..................................................................
TEMPERATURE (F)
 TODAY
  MAXIMUM         23    559 PM  60    1998  34    -11       29
  MINIMUM          8    240 AM  -7    1976  18    -10       11
  AVERAGE         16                        26    -10       20

PRECIPITATION (IN)
  TODAY            0.05          0.69 1960   0.05   0.00      T
  MONTH TO DATE    1.73                      1.73   0.00     1.32
  SINCE SEP 1      9.62                      7.75   1.87     6.73
  SINCE JAN 1     42.29                     29.87  12.42    34.37

SNOWFALL (IN)
  TODAY            1.0           6.6  1988   0.2    0.8       T
  MONTH TO DATE   13.6                       5.3    8.3      2.2
  SINCE SEP 1     14.2                       5.7    8.5      2.2
  SINCE JUL 1     14.2                       5.7    8.5      2.2
  SNOW DEPTH       4

DEGREE DAYS
 HEATING
  TODAY           49                        39     10       45
  MONTH TO DATE 1111                       882    229      945
  SINCE SEP 1   1864                      1627    237     1625
  SINCE JUL 1   1887                      1666    221     1663

 COOLING
  TODAY            0                         0      0        0
  MONTH TO DATE    0                         0      0        0
  SINCE SEP 1     22                        52    -30       87
  SINCE JAN 1    500                       579    -79      653
..................................................................


WIND (MPH)
  HIGHEST WIND SPEED    12   HIGHEST WIND DIRECTION    SE (140)
  HIGHEST GUST SPEED    14   HIGHEST GUST DIRECTION    SE (150)
  AVERAGE WIND SPEED     7.0


SKY COVER
  POSSIBLE SUNSHINE  MM
  AVERAGE SKY COVER 0.9


WEATHER CONDITIONS
 THE FOLLOWING WEATHER WAS RECORDED TODAY.
  LIGHT SNOW
  FOG


RELATIVE HUMIDITY (PERCENT)
 HIGHEST    84           900 AM
 LOWEST     68           200 PM
 AVERAGE    76

..........................................................


THE EAU CLAIRE WI CLIMATE NORMALS FOR TOMORROW
                         NORMAL    RECORD    YEAR
 MAXIMUM TEMPERATURE (F)   34        61      1998
 MINIMUM TEMPERATURE (F)   17       -12      1985


SUNRISE AND SUNSET
NOVEMBER 28 2014......SUNRISE   720 AM CST   SUNSET   428 PM CST
NOVEMBER 29 2014......SUNRISE   721 AM CST   SUNSET   427 PM CST


-  INDICATES NEGATIVE NUMBERS.
R  INDICATES RECORD WAS SET OR TIED.
MM INDICATES DATA IS MISSING.
T  INDICATES TRACE AMOUNT.




$$
