000
CDUS42 KAKQ 280542
CLIECG


CLIMATE REPORT
NATIONAL WEATHER SERVICE WAKEFIELD, VA
141 AM EDT THU APR 28 2016


...................................

...THE ELIZABETH CITY NC CLIMATE SUMMARY FOR APRIL 27 2016...

CLIMATE NORMAL PERIOD 1981 TO 2010
CLIMATE RECORD PERIOD 1934 TO 2016


WEATHER ITEM   OBSERVED TIME   RECORD YEAR NORMAL DEPARTURE LAST
                VALUE   (LST)  VALUE       VALUE  FROM      YEAR
                                                  NORMAL
..................................................................
TEMPERATURE (F)
 YESTERDAY
  MAXIMUM         82    139 PM  93    1990  72     10       69
  MINIMUM         58    929 PM  35    1972  51      7       39
  AVERAGE         70                        62      8       54

PRECIPITATION (IN)
  YESTERDAY        0.38          1.92 1973   0.09   0.29      T
  MONTH TO DATE    3.56                      2.85   0.71     3.61
  SINCE MAR 1      5.78                      6.83  -1.05     6.58
  SINCE JAN 1     13.37                     13.27   0.10    13.38

SNOWFALL (IN)
  YESTERDAY        0.0           0.0  2002  MM     MM
  MONTH TO DATE    0.0                      MM     MM
  SINCE NOV 1      1.8                      MM     MM
  SINCE JUL 1      1.8                      MM     MM
  SNOW DEPTH       0

DEGREE DAYS
 HEATING
  YESTERDAY        0                         5     -5       11
  MONTH TO DATE  224                       209     15      169
  SINCE MAR 1    501                       674   -173      651
  SINCE JUL 1   2412                      3146   -734     3185

 COOLING
  YESTERDAY        5                         2      3        0
  MONTH TO DATE   29                        31     -2       28
  SINCE MAR 1     55                        36     19       33
  SINCE JAN 1     55                        38     17       35
..................................................................


WIND (MPH)
  HIGHEST WIND SPEED    20   HIGHEST WIND DIRECTION    NW (310)
  HIGHEST GUST SPEED    25   HIGHEST GUST DIRECTION    SW (230)
  AVERAGE WIND SPEED    11.3


SKY COVER
  POSSIBLE SUNSHINE  MM
  AVERAGE SKY COVER 0.3


WEATHER CONDITIONS
 THE FOLLOWING WEATHER WAS RECORDED YESTERDAY.
  THUNDERSTORM
  HEAVY RAIN
  RAIN
  LIGHT RAIN
  FOG


RELATIVE HUMIDITY (PERCENT)
 HIGHEST    93          1000 PM
 LOWEST     54          1200 PM
 AVERAGE    74

..........................................................


THE ELIZABETH CITY NC CLIMATE NORMALS FOR TODAY
                         NORMAL    RECORD    YEAR
 MAXIMUM TEMPERATURE (F)   72        91      1957
 MINIMUM TEMPERATURE (F)   51        34      1940


SUNRISE AND SUNSET
APRIL 28 2016.........SUNRISE   615 AM EDT   SUNSET   750 PM EDT
APRIL 29 2016.........SUNRISE   613 AM EDT   SUNSET   751 PM EDT


-  INDICATES NEGATIVE NUMBERS.
R  INDICATES RECORD WAS SET OR TIED.
MM INDICATES DATA IS MISSING.
T  INDICATES TRACE AMOUNT.




$$
