000
CDUS42 KAKQ 110632
CLIECG


CLIMATE REPORT
NATIONAL WEATHER SERVICE WAKEFIELD, VA
130 AM EST THU FEB 11 2016


...................................

...THE ELIZABETH CITY NC CLIMATE SUMMARY FOR FEBRUARY 10 2016...

CLIMATE NORMAL PERIOD 1981 TO 2010
CLIMATE RECORD PERIOD 1934 TO 2016


WEATHER ITEM   OBSERVED TIME   RECORD YEAR NORMAL DEPARTURE LAST
                VALUE   (LST)  VALUE       VALUE  FROM      YEAR
                                                  NORMAL
..................................................................
TEMPERATURE (F)
 YESTERDAY
  MAXIMUM         42    208 PM  77    1939  53    -11       41
  MINIMUM         28   1159 PM   6    1934  34     -6       34
  AVERAGE         35                        44     -9       38

PRECIPITATION (IN)
  YESTERDAY        0.00          2.00 1948   0.11  -0.11     0.20
  MONTH TO DATE    3.10                      1.13   1.97     0.93
  SINCE DEC 1     10.02                      6.95   3.07     8.08
  SINCE JAN 1      6.01                      4.39   1.62     4.94

SNOWFALL (IN)
  YESTERDAY        0.0          15.0  1948  MM     MM
  MONTH TO DATE    T                        MM     MM
  SINCE NOV 1      T                        MM     MM
  SINCE JUL 1      T                        MM     MM
  SNOW DEPTH       0

DEGREE DAYS
 HEATING
  YESTERDAY       30                        22      8       27
  MONTH TO DATE  187                       221    -34      243
  SINCE DEC 1   1163                      1593   -430     1395
  SINCE JUL 1   1519                      2108   -589     1910

 COOLING
  YESTERDAY        0                         0      0        0
  MONTH TO DATE    0                         0      0        0
  SINCE DEC 1     31                         3     28        2
  SINCE JAN 1      0                         1     -1        2
..................................................................


WIND (MPH)
  HIGHEST WIND SPEED    26   HIGHEST WIND DIRECTION     W (290)
  HIGHEST GUST SPEED    33   HIGHEST GUST DIRECTION     W (280)
  AVERAGE WIND SPEED    13.1


SKY COVER
  POSSIBLE SUNSHINE  MM
  AVERAGE SKY COVER 0.4


WEATHER CONDITIONS
 THE FOLLOWING WEATHER WAS RECORDED YESTERDAY.
  NO SIGNIFICANT WEATHER WAS OBSERVED.


RELATIVE HUMIDITY (PERCENT)
 HIGHEST    64           100 AM
 LOWEST     41           300 PM
 AVERAGE    53

..........................................................


THE ELIZABETH CITY NC CLIMATE NORMALS FOR TODAY
                         NORMAL    RECORD    YEAR
 MAXIMUM TEMPERATURE (F)   53        74      1959
 MINIMUM TEMPERATURE (F)   34        13      1980


SUNRISE AND SUNSET
FEBRUARY 11 2016......SUNRISE   657 AM EST   SUNSET   541 PM EST
FEBRUARY 12 2016......SUNRISE   656 AM EST   SUNSET   542 PM EST


-  INDICATES NEGATIVE NUMBERS.
R  INDICATES RECORD WAS SET OR TIED.
MM INDICATES DATA IS MISSING.
T  INDICATES TRACE AMOUNT.




$$
