000
CDUS42 KAKQ 270945
CLIECG


CLIMATE REPORT
NATIONAL WEATHER SERVICE WAKEFIELD, VA
445 AM EST SAT DEC 27 2014


...................................

...THE ELIZABETH CITY NC CLIMATE SUMMARY FOR DECEMBER 26 2014...

CLIMATE NORMAL PERIOD 1981 TO 2010
CLIMATE RECORD PERIOD 1934 TO 2014


WEATHER ITEM   OBSERVED TIME   RECORD YEAR NORMAL DEPARTURE LAST
                VALUE   (LST)  VALUE       VALUE  FROM      YEAR
                                                  NORMAL
..................................................................
TEMPERATURE (F)
 YESTERDAY
  MAXIMUM         60    300 PM  74    1982  52      8       43
  MINIMUM         36    744 AM   7    1983  33      3       30
  AVERAGE         48                        42      6       37

PRECIPITATION (IN)
  YESTERDAY        0.00          1.95 1943   0.07  -0.07      T
  MONTH TO DATE    2.98                      2.21   0.77     4.73
  SINCE DEC 1      2.98                      2.21   0.77     4.73
  SINCE JAN 1     40.27                     46.23  -5.96    44.32

SNOWFALL (IN)
  YESTERDAY        0.0           2.0  2004  MM     MM
  MONTH TO DATE    0.0                      MM     MM
  SINCE NOV 1      0.0                      MM     MM
  SINCE JUL 1      0.0                      MM     MM
  SNOW DEPTH       0

DEGREE DAYS
 HEATING
  YESTERDAY       17                        23     -6       28
  MONTH TO DATE  386                       523   -137      459
  SINCE DEC 1    386                       523   -137      459
  SINCE JUL 1    901                      1038   -137     1022

 COOLING
  YESTERDAY        0                         0      0        0
  MONTH TO DATE    0                         0      0       14
  SINCE DEC 1      0                         0      0       14
  SINCE JAN 1   1586                      1588     -2     1679
..................................................................


WIND (MPH)
  HIGHEST WIND SPEED    25   HIGHEST WIND DIRECTION     S (180)
  HIGHEST GUST SPEED    30   HIGHEST GUST DIRECTION    SW (210)
  AVERAGE WIND SPEED     2.3


SKY COVER
  POSSIBLE SUNSHINE  MM
  AVERAGE SKY COVER 0.0


WEATHER CONDITIONS
 THE FOLLOWING WEATHER WAS RECORDED YESTERDAY.
  FOG
  HAZE


RELATIVE HUMIDITY (PERCENT)
 HIGHEST    82           500 AM
 LOWEST     39           300 PM
 AVERAGE    61

..........................................................


THE ELIZABETH CITY NC CLIMATE NORMALS FOR TODAY
                         NORMAL    RECORD    YEAR
 MAXIMUM TEMPERATURE (F)   51        73      1936
 MINIMUM TEMPERATURE (F)   32        12      1935


SUNRISE AND SUNSET
DECEMBER 27 2014......SUNRISE   715 AM EST   SUNSET   457 PM EST
DECEMBER 28 2014......SUNRISE   715 AM EST   SUNSET   458 PM EST


-  INDICATES NEGATIVE NUMBERS.
R  INDICATES RECORD WAS SET OR TIED.
MM INDICATES DATA IS MISSING.
T  INDICATES TRACE AMOUNT.




$$
