000
CDUS42 KAKQ 260529
CLIECG


CLIMATE REPORT
NATIONAL WEATHER SERVICE WAKEFIELD, VA
128 AM EDT THU MAY 26 2016


...................................

...THE ELIZABETH CITY NC CLIMATE SUMMARY FOR MAY 25 2016...

CLIMATE NORMAL PERIOD 1981 TO 2010
CLIMATE RECORD PERIOD 1934 TO 2016


WEATHER ITEM   OBSERVED TIME   RECORD YEAR NORMAL DEPARTURE LAST
                VALUE   (LST)  VALUE       VALUE  FROM      YEAR
                                                  NORMAL
..................................................................
TEMPERATURE (F)
 YESTERDAY
  MAXIMUM         86    421 PM  95    1933  79      7       81
  MINIMUM         61    231 AM  43    2013  60      1       59
  AVERAGE         74                        70      4       70

PRECIPITATION (IN)
  YESTERDAY        0.00          3.15 1966   0.14  -0.14     0.00
  MONTH TO DATE    2.81                      2.81   0.00     3.42
  SINCE MAR 1      9.07                      9.93  -0.86    10.50
  SINCE JAN 1     16.66                     16.37   0.29    17.30

SNOWFALL (IN)
  YESTERDAY        0.0           0.0  2002  MM     MM
  MONTH TO DATE    0.0                      MM     MM
  SINCE NOV 1      1.8                      MM     MM
  SINCE JUL 1      1.8                      MM     MM
  SNOW DEPTH       0

DEGREE DAYS
 HEATING
  YESTERDAY        0                         1     -1        0
  MONTH TO DATE   58                        63     -5       29
  SINCE MAR 1    570                       752   -182      701
  SINCE JUL 1   2481                      3224   -743     3235

 COOLING
  YESTERDAY        9                         5      4        5
  MONTH TO DATE   60                        84    -24      112
  SINCE MAR 1    115                       124     -9      145
  SINCE JAN 1    115                       126    -11      147
..................................................................


WIND (MPH)
  HIGHEST WIND SPEED    16   HIGHEST WIND DIRECTION    SW (230)
  HIGHEST GUST SPEED    20   HIGHEST GUST DIRECTION    SW (210)
  AVERAGE WIND SPEED     9.2


SKY COVER
  POSSIBLE SUNSHINE  MM
  AVERAGE SKY COVER 0.0


WEATHER CONDITIONS
 THE FOLLOWING WEATHER WAS RECORDED YESTERDAY.
  NO SIGNIFICANT WEATHER WAS OBSERVED.


RELATIVE HUMIDITY (PERCENT)
 HIGHEST    90           200 AM
 LOWEST     35           400 PM
 AVERAGE    63

..........................................................


THE ELIZABETH CITY NC CLIMATE NORMALS FOR TODAY
                         NORMAL    RECORD    YEAR
 MAXIMUM TEMPERATURE (F)   80        95      1953
 MINIMUM TEMPERATURE (F)   60        42      2013


SUNRISE AND SUNSET
MAY 26 2016...........SUNRISE   551 AM EDT   SUNSET   813 PM EDT
MAY 27 2016...........SUNRISE   550 AM EDT   SUNSET   814 PM EDT


-  INDICATES NEGATIVE NUMBERS.
R  INDICATES RECORD WAS SET OR TIED.
MM INDICATES DATA IS MISSING.
T  INDICATES TRACE AMOUNT.




$$
