000
CDUS42 KAKQ 230833
CLIECG


CLIMATE REPORT
NATIONAL WEATHER SERVICE WAKEFIELD, VA
433 AM EDT WED APR 23 2014


...................................

...THE ELIZABETH CITY NC CLIMATE SUMMARY FOR APRIL 22 2014...

CLIMATE NORMAL PERIOD 1981 TO 2010
CLIMATE RECORD PERIOD 1934 TO 2014


WEATHER ITEM   OBSERVED TIME   RECORD YEAR NORMAL DEPARTURE LAST
                VALUE   (LST)  VALUE       VALUE  FROM      YEAR
                                                  NORMAL
..................................................................
TEMPERATURE (F)
 YESTERDAY
  MAXIMUM         80    409 PM  95    1985  71      9       55
  MINIMUM         41    354 AM  34    1981  50     -9       45
  AVERAGE         61                        60      1       50

PRECIPITATION (IN)
  YESTERDAY        0.00          1.22 2012   0.11  -0.11     0.05
  MONTH TO DATE    2.43                      2.36   0.07     1.79
  SINCE MAR 1      4.84                      6.34  -1.50     3.55
  SINCE JAN 1      8.98                     12.78  -3.80     8.60

SNOWFALL (IN)
  YESTERDAY        0.0           0.9    MM  MM     MM
  MONTH TO DATE    0.0                      MM     MM
  SINCE NOV 1     10.2                      MM     MM
  SINCE JUL 1     10.2                      MM     MM
  SNOW DEPTH       0

DEGREE DAYS
 HEATING
  YESTERDAY        4                         6     -2       15
  MONTH TO DATE  152                       182    -30      145
  SINCE MAR 1    700                       647     53      736
  SINCE JUL 1   3273                      3119    154     2745

 COOLING
  YESTERDAY        0                         1     -1        0
  MONTH TO DATE   22                        22      0       49
  SINCE MAR 1     22                        27     -5       49
  SINCE JAN 1     22                        29     -7       54
..................................................................


WIND (MPH)
  HIGHEST WIND SPEED    17   HIGHEST WIND DIRECTION    SW (210)
  HIGHEST GUST SPEED    22   HIGHEST GUST DIRECTION    SW (210)
  AVERAGE WIND SPEED     6.9


SKY COVER
  POSSIBLE SUNSHINE  MM
  AVERAGE SKY COVER 0.2


WEATHER CONDITIONS
 THE FOLLOWING WEATHER WAS RECORDED YESTERDAY.
  FOG
  FOG W/VISIBILITY <= 1/4 MILE


RELATIVE HUMIDITY (PERCENT)
 HIGHEST   100           200 AM
 LOWEST     36           400 PM
 AVERAGE    68

..........................................................


THE ELIZABETH CITY NC CLIMATE NORMALS FOR TODAY
                         NORMAL    RECORD    YEAR
 MAXIMUM TEMPERATURE (F)   71        95      1985
 MINIMUM TEMPERATURE (F)   50        36      1940


SUNRISE AND SUNSET
APRIL 23 2014.........SUNRISE   621 AM EDT   SUNSET   746 PM EDT
APRIL 24 2014.........SUNRISE   620 AM EDT   SUNSET   746 PM EDT


-  INDICATES NEGATIVE NUMBERS.
R  INDICATES RECORD WAS SET OR TIED.
MM INDICATES DATA IS MISSING.
T  INDICATES TRACE AMOUNT.




$$
