000
CDUS42 KAKQ 110635
CLIECG


CLIMATE REPORT
NATIONAL WEATHER SERVICE WAKEFIELD, VA
132 AM EST MON DEC 11 2017


...................................

...THE ELIZABETH CITY NC CLIMATE SUMMARY FOR DECEMBER 10 2017...

CLIMATE NORMAL PERIOD 1981 TO 2010
CLIMATE RECORD PERIOD 1934 TO 2017


WEATHER ITEM   OBSERVED TIME   RECORD YEAR NORMAL DEPARTURE LAST
                VALUE   (LST)  VALUE       VALUE  FROM      YEAR
                                                  NORMAL
..................................................................
TEMPERATURE (F)
 YESTERDAY
  MAXIMUM         44    309 PM  78    2007  56    -12       41
  MINIMUM         32    815 PM  19    1960  36     -4       22
                                      1937
  AVERAGE         38                        46     -8       32

PRECIPITATION (IN)
  YESTERDAY        0.00          2.05 2003   0.08  -0.08     0.00
  MONTH TO DATE    2.73                      0.81   1.92     1.03
  SINCE DEC 1      2.73                      0.81   1.92     1.03
  SINCE JAN 1     44.33                     44.83  -0.50    52.47

SNOWFALL (IN)
  YESTERDAY        0.0           T    1961  MM     MM
  MONTH TO DATE    0.0                      MM     MM
  SINCE NOV 1      0.0                      MM     MM
  SINCE JUL 1      0.0                      MM     MM
  SNOW DEPTH       0

DEGREE DAYS
 HEATING
  YESTERDAY       27                        19      8       33
  MONTH TO DATE  170                       180    -10      192
  SINCE DEC 1    170                       180    -10      192
  SINCE JUL 1    604                       695    -91      682

 COOLING
  YESTERDAY        0                         0      0        0
  MONTH TO DATE    0                         0      0        0
  SINCE DEC 1      0                         0      0        0
  SINCE JAN 1   1961                      1588    373     1954
..................................................................


WIND (MPH)
  HIGHEST WIND SPEED    20   HIGHEST WIND DIRECTION     W (280)
  HIGHEST GUST SPEED    25   HIGHEST GUST DIRECTION     W (270)
  AVERAGE WIND SPEED     8.7


SKY COVER
  POSSIBLE SUNSHINE  MM
  AVERAGE SKY COVER 0.3


WEATHER CONDITIONS
 THE FOLLOWING WEATHER WAS RECORDED YESTERDAY.
  NO SIGNIFICANT WEATHER WAS OBSERVED.


RELATIVE HUMIDITY (PERCENT)
 HIGHEST   100           100 AM
 LOWEST     49           200 PM
 AVERAGE    75

..........................................................


THE ELIZABETH CITY NC CLIMATE NORMALS FOR TODAY
                         NORMAL    RECORD    YEAR
 MAXIMUM TEMPERATURE (F)   55        76      1971
 MINIMUM TEMPERATURE (F)   36        17      1937


SUNRISE AND SUNSET
DECEMBER 11 2017......SUNRISE   706 AM EST   SUNSET   450 PM EST
DECEMBER 12 2017......SUNRISE   707 AM EST   SUNSET   450 PM EST


-  INDICATES NEGATIVE NUMBERS.
R  INDICATES RECORD WAS SET OR TIED.
MM INDICATES DATA IS MISSING.
T  INDICATES TRACE AMOUNT.




$$
