000
CDUS42 KAKQ 292129
CLIECG


CLIMATE REPORT
NATIONAL WEATHER SERVICE WAKEFIELD, VA
528 PM EDT SUN MAR 29 2015


...................................

...THE ELIZABETH CITY NC CLIMATE SUMMARY FOR MARCH 29 2015...
VALID TODAY AS OF 0500 PM LOCAL TIME.

CLIMATE NORMAL PERIOD 1981 TO 2010
CLIMATE RECORD PERIOD 1934 TO 2015


WEATHER ITEM   OBSERVED TIME   RECORD YEAR NORMAL DEPARTURE LAST
                VALUE   (LST)  VALUE       VALUE  FROM      YEAR
                                                  NORMAL
..................................................................
TEMPERATURE (F)
 TODAY
  MAXIMUM         47    352 PM  90    1985  65    -18       72
  MINIMUM         26    426 AM  24    1982  43    -17       57
  AVERAGE         37

PRECIPITATION (IN)
  TODAY            0.00          2.03 2010   0.15  -0.15     0.16
  MONTH TO DATE    2.90                      3.68  -0.78     2.41
  SINCE MAR 1      2.90                      3.68  -0.78     2.41
  SINCE JAN 1      9.70                     10.12  -0.42     6.55

SNOWFALL (IN)
  TODAY            0.0
  MONTH TO DATE    0.0
  SINCE NOV 1      T
  SINCE JUL 1      T
  SNOW DEPTH       0

DEGREE DAYS
 HEATING
  TODAY           28
  MONTH TO DATE  449
  SINCE MAR 1    449
  SINCE JUL 1   2983

 COOLING
  TODAY            0
  MONTH TO DATE    5
  SINCE MAR 1      5
  SINCE JAN 1      7
..................................................................


WIND (MPH)
  RESULTANT WIND SPEED  10   RESULTANT WIND DIRECTION  NW (320)
  HIGHEST WIND SPEED    18   HIGHEST WIND DIRECTION    NW (330)
  HIGHEST GUST SPEED    23   HIGHEST GUST DIRECTION    NW (310)


SKY COVER
  POSSIBLE SUNSHINE  MM
  AVERAGE SKY COVER 0.0


WEATHER CONDITIONS
 THE FOLLOWING WEATHER WAS RECORDED TODAY.
  NO SIGNIFICANT WEATHER WAS OBSERVED.


RELATIVE HUMIDITY (PERCENT)
 HIGHEST    58
 LOWEST     23
 AVERAGE    41

..........................................................


THE ELIZABETH CITY NC CLIMATE NORMALS FOR TOMORROW
                         NORMAL    RECORD    YEAR
 MAXIMUM TEMPERATURE (F)   65        90      1985
 MINIMUM TEMPERATURE (F)   43        28      1941


SUNRISE AND SUNSET
MARCH 29 2015.........SUNRISE   656 AM EDT   SUNSET   724 PM EDT
MARCH 30 2015.........SUNRISE   654 AM EDT   SUNSET   725 PM EDT


-  INDICATES NEGATIVE NUMBERS.
R  INDICATES RECORD WAS SET OR TIED.
MM INDICATES DATA IS MISSING.
T  INDICATES TRACE AMOUNT.




$$
