000
CDUS45 KGJT 010729
CLIEEO


CLIMATE REPORT
NATIONAL WEATHER SERVICE GRAND JUNCTION CO
126 AM MDT FRI AUG 1 2014


...................................

...THE MEEKER CO CLIMATE SUMMARY FOR JULY 31 2014...

CLIMATE NORMAL PERIOD 1981 TO 2010
CLIMATE RECORD PERIOD 9999 TO 9999


WEATHER ITEM   OBSERVED TIME   RECORD YEAR NORMAL DEPARTURE LAST
                VALUE   (LST)  VALUE       VALUE  FROM      YEAR
                                                  NORMAL
..................................................................
TEMPERATURE (F)
 YESTERDAY
  MAXIMUM         80    508 PM  MM      MM  86     -6       85
  MINIMUM         54    315 AM  MM      MM  50      4       53
  AVERAGE         67                        68     -1       69

PRECIPITATION (IN)
  YESTERDAY        0.00         MM      MM   0.05  -0.05     0.02
  MONTH TO DATE    0.47                      1.15  -0.68     2.07
  SINCE JUN 1      0.97                      2.39  -1.42     2.14
  SINCE JAN 1      8.40                      8.54  -0.14     8.51

SNOWFALL (IN)
  YESTERDAY       MM            MM      MM  MM     MM       MM
  MONTH TO DATE   MM                        MM     MM       MM
  SINCE JUN 1     MM                        MM     MM       MM
  SINCE JUL 1     MM                        MM     MM       MM
  SNOW DEPTH      MM

DEGREE DAYS
 HEATING
  YESTERDAY        0                         0      0        0
  MONTH TO DATE    7                        16     -9        0
  SINCE JUN 1    142                       164    -22       76
  SINCE JUL 1      7                        20    -13        0

 COOLING
  YESTERDAY        2                         3     -1        4
  MONTH TO DATE  151                        85     66      164
  SINCE JUN 1    156                       102     54      201
  SINCE JAN 1    157                       103     54      201
..................................................................


WIND (MPH)
  HIGHEST WIND SPEED    15   HIGHEST WIND DIRECTION     W (250)
  HIGHEST GUST SPEED    23   HIGHEST GUST DIRECTION     W (260)
  AVERAGE WIND SPEED     4.2


SKY COVER
  POSSIBLE SUNSHINE  MM
  AVERAGE SKY COVER 0.5


WEATHER CONDITIONS
 THE FOLLOWING WEATHER WAS RECORDED YESTERDAY.
  NO SIGNIFICANT WEATHER WAS OBSERVED.


RELATIVE HUMIDITY (PERCENT)
 HIGHEST    93           300 AM
 LOWEST     32           500 PM
 AVERAGE    63

..........................................................


THE MEEKER CO CLIMATE NORMALS FOR TODAY
                         NORMAL    RECORD    YEAR
 MAXIMUM TEMPERATURE (F)   86        MM        MM
 MINIMUM TEMPERATURE (F)   50        MM        MM


SUNRISE AND SUNSET
AUGUST  1 2014........SUNRISE   610 AM MDT   SUNSET   825 PM MDT
AUGUST  2 2014........SUNRISE   611 AM MDT   SUNSET   824 PM MDT


-  INDICATES NEGATIVE NUMBERS.
R  INDICATES RECORD WAS SET OR TIED.
MM INDICATES DATA IS MISSING.
T  INDICATES TRACE AMOUNT.




$$
