000
CDUS44 KBMX 310037
CLIEET


CLIMATE REPORT
NATIONAL WEATHER SERVICE BIRMINGHAM, AL
736 PM CDT TUE AUG 30 2016


...................................

...THE SHELBY COUNTY AIRPORT CLIMATE SUMMARY FOR AUGUST 30 2016...
VALID TODAY AS OF 0700 PM LOCAL TIME.

CLIMATE NORMAL PERIOD 1981 TO 2010
CLIMATE RECORD PERIOD 9999 TO 9999


WEATHER ITEM   OBSERVED TIME   RECORD YEAR NORMAL DEPARTURE LAST
                VALUE   (LST)  VALUE       VALUE  FROM      YEAR
                                                  NORMAL
..................................................................
TEMPERATURE (F)
 TODAY
  MAXIMUM         95    208 PM  MM      MM  89      6       80
  MINIMUM         74    601 AM  MM      MM  69      5       69
  AVERAGE         85                        79      6       75

PRECIPITATION (IN)
  TODAY            0.00                      0.15  -0.15     0.19
  MONTH TO DATE    2.66                      4.61  -1.95     5.33
  SINCE JUN 1      8.44                     14.00  -5.56    18.32
  SINCE JAN 1     30.96                     37.93  -6.97    42.53

DEGREE DAYS
 COOLING
  TODAY           20                        14      6       10
  MONTH TO DATE  539                       456     83      454
  SINCE JUN 1   1562                      1317    245     1403
  SINCE JAN 1   1866                      1586    280     1753
..................................................................


WIND (MPH)
  HIGHEST WIND SPEED    10   HIGHEST WIND DIRECTION     E (110)
  HIGHEST GUST SPEED    17   HIGHEST GUST DIRECTION    NE (50)
  AVERAGE WIND SPEED     3.8


SKY COVER
  POSSIBLE SUNSHINE  MM
  AVERAGE SKY COVER 0.1


WEATHER CONDITIONS
 THE FOLLOWING WEATHER WAS RECORDED TODAY.
  NO SIGNIFICANT WEATHER WAS OBSERVED.


RELATIVE HUMIDITY (PERCENT)
 HIGHEST    87          1200 AM
 LOWEST     33           400 PM
 AVERAGE    60

..........................................................


THE SHELBY COUNTY AIRPORT CLIMATE NORMALS FOR TOMORROW
                         NORMAL    RECORD    YEAR
 MAXIMUM TEMPERATURE (F)   89        MM        MM
 MINIMUM TEMPERATURE (F)   68        MM        MM


SUNRISE AND SUNSET
AUGUST 30 2016........SUNRISE   620 AM CDT   SUNSET   714 PM CDT
AUGUST 31 2016........SUNRISE   621 AM CDT   SUNSET   713 PM CDT


-  INDICATES NEGATIVE NUMBERS.
R  INDICATES RECORD WAS SET OR TIED.
MM INDICATES DATA IS MISSING.
T  INDICATES TRACE AMOUNT.




$$
