000
CDUS44 KBMX 252142
CLIEET


CLIMATE REPORT
NATIONAL WEATHER SERVICE BIRMINGHAM, AL
442 PM CDT SAT MAR 25 2017


...................................

...THE SHELBY COUNTY AIRPORT CLIMATE SUMMARY FOR MARCH 25 2017...
VALID TODAY AS OF 0400 PM LOCAL TIME.

CLIMATE NORMAL PERIOD 1981 TO 2010
CLIMATE RECORD PERIOD 9999 TO 9999


WEATHER ITEM   OBSERVED TIME   RECORD YEAR NORMAL DEPARTURE LAST
                VALUE   (LST)  VALUE       VALUE  FROM      YEAR
                                                  NORMAL
..................................................................
TEMPERATURE (F)
 TODAY
  MAXIMUM         79    121 PM  MM      MM  69     10       70
  MINIMUM         59    424 AM  MM      MM  46     13       49
  AVERAGE         69                        58     11       60

PRECIPITATION (IN)
  TODAY            0.28                      0.14   0.14     0.00
  MONTH TO DATE    3.72                      3.67   0.05     4.64
  SINCE MAR 1      3.72                      3.67   0.05     4.64
  SINCE JAN 1     14.82                     14.75   0.07    15.28

SNOWFALL (IN)
  TODAY            0.0                      MM     MM        0.0
  MONTH TO DATE    0.0                      MM     MM        0.0
  SINCE MAR 1      0.0                      MM     MM        0.0
  SINCE JUL 1      0.0                      MM     MM         T
  SNOW DEPTH       0

DEGREE DAYS
 HEATING
  TODAY            0                         8     -8        5
  MONTH TO DATE  225                       265    -40      162
  SINCE MAR 1    225                       265    -40      162
  SINCE JUL 1   1546                      2394   -848     1740

 COOLING
  TODAY            4                         0      4        0
  MONTH TO DATE   21                         0     21       31
  SINCE MAR 1     21                         0     21       31
  SINCE JAN 1     31                         4     27       38
..................................................................


WIND (MPH)
  HIGHEST WIND SPEED    20   HIGHEST WIND DIRECTION     S (170)
  HIGHEST GUST SPEED    28   HIGHEST GUST DIRECTION     S (170)
  AVERAGE WIND SPEED     8.1


SKY COVER
  POSSIBLE SUNSHINE  MM
  AVERAGE SKY COVER 0.3


WEATHER CONDITIONS
 THE FOLLOWING WEATHER WAS RECORDED TODAY.
  THUNDERSTORM
  HEAVY RAIN
  RAIN
  LIGHT RAIN
  FOG


RELATIVE HUMIDITY (PERCENT)
 HIGHEST    84           300 AM
 LOWEST     48           100 PM
 AVERAGE    66

..........................................................


THE SHELBY COUNTY AIRPORT CLIMATE NORMALS FOR TOMORROW
                         NORMAL    RECORD    YEAR
 MAXIMUM TEMPERATURE (F)   69        MM        MM
 MINIMUM TEMPERATURE (F)   46        MM        MM


SUNRISE AND SUNSET
MARCH 25 2017.........SUNRISE   644 AM CDT   SUNSET   703 PM CDT
MARCH 26 2017.........SUNRISE   643 AM CDT   SUNSET   703 PM CDT


-  INDICATES NEGATIVE NUMBERS.
R  INDICATES RECORD WAS SET OR TIED.
MM INDICATES DATA IS MISSING.
T  INDICATES TRACE AMOUNT.




$$
