000
CDUS44 KBMX 070746
CLIEET


CLIMATE REPORT
NATIONAL WEATHER SERVICE BIRMINGHAM, AL
244 AM CDT TUE JUL 7 2015


...................................

...THE SHELBY COUNTY AIRPORT CLIMATE SUMMARY FOR JULY 6 2015...

CLIMATE NORMAL PERIOD 1981 TO 2010
CLIMATE RECORD PERIOD 9999 TO 9999


WEATHER ITEM   OBSERVED TIME   RECORD YEAR NORMAL DEPARTURE LAST
                VALUE   (LST)  VALUE       VALUE  FROM      YEAR
                                                  NORMAL
..................................................................
TEMPERATURE (F)
 YESTERDAY
  MAXIMUM         84    412 PM  MM      MM  90     -6       90
  MINIMUM         MM        MM  MM      MM  71     MM       68
  AVERAGE         MM                        80     MM       79

PRECIPITATION (IN)
  YESTERDAY        0.00                      0.15  -0.15     0.00
  MONTH TO DATE    4.91                      0.93   3.98     0.17
  SINCE JUN 1      6.93                      5.56   1.37     5.64
  SINCE JAN 1     31.14                     29.49   1.65    33.14

DEGREE DAYS
 COOLING
  YESTERDAY       MM                        15     MM       14
  MONTH TO DATE   63                        90    -27       85
  SINCE JUN 1    493                       464     29      500
  SINCE JAN 1    843                       733    110      794
..................................................................


WIND (MPH)
  HIGHEST WIND SPEED    10   HIGHEST WIND DIRECTION    NW (300)
  HIGHEST GUST SPEED    13   HIGHEST GUST DIRECTION    NW (300)
  AVERAGE WIND SPEED     2.5


SKY COVER
  POSSIBLE SUNSHINE  MM
  AVERAGE SKY COVER 0.5


WEATHER CONDITIONS
 THE FOLLOWING WEATHER WAS RECORDED YESTERDAY.
  FOG
  HAZE


RELATIVE HUMIDITY (PERCENT)
 HIGHEST   100           200 AM
 LOWEST     65           200 PM
 AVERAGE    83

..........................................................


THE SHELBY COUNTY AIRPORT CLIMATE NORMALS FOR TODAY
                         NORMAL    RECORD    YEAR
 MAXIMUM TEMPERATURE (F)   90        MM        MM
 MINIMUM TEMPERATURE (F)   71        MM        MM


SUNRISE AND SUNSET
JULY  7 2015..........SUNRISE   544 AM CDT   SUNSET   759 PM CDT
JULY  8 2015..........SUNRISE   545 AM CDT   SUNSET   759 PM CDT


-  INDICATES NEGATIVE NUMBERS.
R  INDICATES RECORD WAS SET OR TIED.
MM INDICATES DATA IS MISSING.
T  INDICATES TRACE AMOUNT.




$$
