000
CDUS46 KEKA 301219
CLIEKA


CLIMATE REPORT
NATIONAL WEATHER SERVICE EUREKA CA
518 AM PDT TUE MAY 30 2017


...................................

...THE EUREKA CA CLIMATE SUMMARY FOR MAY 29 2017...

CLIMATE NORMAL PERIOD 1981 TO 2010
CLIMATE RECORD PERIOD 1886 TO 2017


WEATHER ITEM   OBSERVED RECORD YEAR NORMAL DEPARTURE LAST
                VALUE   VALUE       VALUE  FROM      YEAR
                                           NORMAL
...........................................................
TEMPERATURE (F)
 YESTERDAY
  MAXIMUM         59     77    1993  61     -2       60
  MINIMUM         51     42    1979  49      2       49
  AVERAGE         55                 55      0       55

PRECIPITATION (IN)
  YESTERDAY        0.02   0.40 1948   0.05  -0.03     0.00
  MONTH TO DATE    1.31               1.69  -0.38     0.76
  SINCE OCT 1     62.12              38.41  23.71    47.47
  SINCE JAN 1     36.35              22.44  13.91    26.75

SNOWFALL (IN)
  YESTERDAY        0.0   MM      MM   0.0    0.0      0.0
  MONTH TO DATE    0.0                0.0    0.0      0.0
  SINCE MAR 1      T                  T      0.0      0.0
  SINCE JUL 1      T                  0.2   -0.2       T
  SNOW DEPTH       0

DEGREE DAYS
 HEATING
  YESTERDAY       10                 10      0       10
  MONTH TO DATE  341                328     13      275
  SINCE MAR 1   1152               1227    -75      974
  SINCE JUL 1   4041               4149   -108     3384

 COOLING
  YESTERDAY        0                  0      0        0
  MONTH TO DATE    0                  0      0        0
  SINCE MAR 1      0                  0      0        0
  SINCE JAN 1      0                  0      0        0
...........................................................


WIND (MPH)
  HIGHEST WIND SPEED    12   HIGHEST WIND DIRECTION     N (340)
  HIGHEST GUST SPEED    16   HIGHEST GUST DIRECTION     N (340)
  AVERAGE WIND SPEED     9.1


SKY COVER
  AVERAGE SKY COVER 1.0


WEATHER CONDITIONS
 THE FOLLOWING WEATHER WAS RECORDED YESTERDAY.
  LIGHT RAIN
  FOG


..........................................................


THE EUREKA CA CLIMATE NORMALS FOR TODAY
                         NORMAL    RECORD    YEAR
 MAXIMUM TEMPERATURE (F)   61        77      1997
 MINIMUM TEMPERATURE (F)   49        42      1898
                                             1893


SUNRISE AND SUNSET
MAY 30 2017...........SUNRISE   548 AM PDT   SUNSET   841 PM PDT
MAY 31 2017...........SUNRISE   548 AM PDT   SUNSET   841 PM PDT


-  INDICATES NEGATIVE NUMBERS.
R  INDICATES RECORD WAS SET OR TIED.
MM INDICATES DATA IS MISSING.
T  INDICATES TRACE AMOUNT.




&&

..........................................................

TOTAL SEASON     NORMAL   % OF NORMAL     LAST SEASON

    62.12         38.41        162            47.47


$$
