000
CDUS46 KEKA 211211
CLIEKA


CLIMATE REPORT
NATIONAL WEATHER SERVICE EUREKA CA
510 AM PDT THU SEP 21 2017


...................................

...THE EUREKA CA CLIMATE SUMMARY FOR SEPTEMBER 20 2017...

CLIMATE NORMAL PERIOD 1981 TO 2010
CLIMATE RECORD PERIOD 1886 TO 2017


WEATHER ITEM   OBSERVED RECORD YEAR NORMAL DEPARTURE LAST
                VALUE   VALUE       VALUE  FROM      YEAR
                                           NORMAL
...........................................................
TEMPERATURE (F)
 YESTERDAY
  MAXIMUM         66     86    1983  64      2       63
  MINIMUM         51     42    1924  50      1       48
  AVERAGE         59                 57      2       56

PRECIPITATION (IN)
  YESTERDAY        0.28   0.44 2013   0.02   0.26     0.00
  MONTH TO DATE    1.01               0.33   0.68      T
  SINCE OCT 1     63.84              40.07  23.77    48.07
  SINCE JAN 1     38.07              24.10  13.97    27.35

SNOWFALL (IN)
  YESTERDAY        0.0    0.0  2002   0.0    0.0      0.0
                               2001
  MONTH TO DATE    0.0                0.0    0.0      0.0
  SINCE SEP 1      0.0                0.0    0.0      0.0
  SINCE JUL 1      0.0                0.0    0.0      0.0
  SNOW DEPTH       0

DEGREE DAYS
 HEATING
  YESTERDAY        6                  8     -2        9
  MONTH TO DATE   75                150    -75      163
  SINCE SEP 1     75                150    -75      163
  SINCE JUL 1    466                576   -110      610

 COOLING
  YESTERDAY        0                  0      0        0
  MONTH TO DATE   13                  0     13        0
  SINCE SEP 1     13                  0     13        0
  SINCE JAN 1     13                  0     13        0
...........................................................


WIND (MPH)
  HIGHEST WIND SPEED    12   HIGHEST WIND DIRECTION     W (270)
  HIGHEST GUST SPEED    15   HIGHEST GUST DIRECTION    MM
  AVERAGE WIND SPEED     5.7


SKY COVER
  AVERAGE SKY COVER 0.8


WEATHER CONDITIONS
 THE FOLLOWING WEATHER WAS RECORDED YESTERDAY.
  LIGHT RAIN
  FOG


..........................................................


THE EUREKA CA CLIMATE NORMALS FOR TODAY
                         NORMAL    RECORD    YEAR
 MAXIMUM TEMPERATURE (F)   63        85      1939
 MINIMUM TEMPERATURE (F)   50        39      1895


SUNRISE AND SUNSET
SEPTEMBER 21 2017.....SUNRISE   704 AM PDT   SUNSET   715 PM PDT
SEPTEMBER 22 2017.....SUNRISE   705 AM PDT   SUNSET   713 PM PDT


-  INDICATES NEGATIVE NUMBERS.
R  INDICATES RECORD WAS SET OR TIED.
MM INDICATES DATA IS MISSING.
T  INDICATES TRACE AMOUNT.




&&

..........................................................

TOTAL SEASON     NORMAL   % OF NORMAL     LAST SEASON

    63.84         40.07        159            48.07


$$
