000
CDUS46 KEKA 271212
CLIEKA


CLIMATE REPORT
NATIONAL WEATHER SERVICE EUREKA CA
411 AM PST FRI FEB 27 2015


...................................

...THE EUREKA CA CLIMATE SUMMARY FOR FEBRUARY 26 2015...

CLIMATE NORMAL PERIOD 1981 TO 2010
CLIMATE RECORD PERIOD 1886 TO 2015


WEATHER ITEM   OBSERVED RECORD YEAR NORMAL DEPARTURE LAST
                VALUE   VALUE       VALUE  FROM      YEAR
                                           NORMAL
...........................................................
TEMPERATURE (F)
 YESTERDAY
  MAXIMUM         56     71    1932  56      0       64
  MINIMUM         45     28    2011  42      3       47
  AVERAGE         51                 49      2       56

PRECIPITATION (IN)
  YESTERDAY        0.24   1.76 2010   0.20   0.04     0.32
  MONTH TO DATE    4.81               5.22  -0.41     5.61
  SINCE OCT 1     24.55              27.69  -3.14     8.86
  SINCE JAN 1      6.17              11.72  -5.55     6.96

SNOWFALL (IN)
  YESTERDAY       MM     MM      MM   0.0   MM       MM
  MONTH TO DATE    0.0                0.2   -0.2      0.0
  SINCE DEC 1      0.0                0.2   -0.2       T
  SINCE JUL 1      0.0                0.2   -0.2       T
  SNOW DEPTH       0

DEGREE DAYS
 HEATING
  YESTERDAY       14                 16     -2        9
  MONTH TO DATE  311                416   -105      396
  SINCE DEC 1   1106               1465   -359     1619
  SINCE JUL 1   2126               2887   -761     3070

 COOLING
  YESTERDAY        0                  0      0        0
  MONTH TO DATE    0                  0      0        0
  SINCE DEC 1      0                  0      0        0
  SINCE JAN 1      0                  0      0        0
...........................................................


WIND (MPH)
  HIGHEST WIND SPEED    12   HIGHEST WIND DIRECTION     N (340)
  HIGHEST GUST SPEED    16   HIGHEST GUST DIRECTION    MM
  AVERAGE WIND SPEED     3.4


SKY COVER
  AVERAGE SKY COVER 0.9


WEATHER CONDITIONS
 THE FOLLOWING WEATHER WAS RECORDED YESTERDAY.
  LIGHT RAIN
  FOG


..........................................................


THE EUREKA CA CLIMATE NORMALS FOR TODAY
                         NORMAL    RECORD    YEAR
 MAXIMUM TEMPERATURE (F)   56        70      1985
 MINIMUM TEMPERATURE (F)   42        27      1962
                                             1890


SUNRISE AND SUNSET
FEBRUARY 27 2015......SUNRISE   654 AM PST   SUNSET   605 PM PST
FEBRUARY 28 2015......SUNRISE   652 AM PST   SUNSET   607 PM PST


-  INDICATES NEGATIVE NUMBERS.
R  INDICATES RECORD WAS SET OR TIED.
MM INDICATES DATA IS MISSING.
T  INDICATES TRACE AMOUNT.




&&

..........................................................

TOTAL SEASON     NORMAL   % OF NORMAL     LAST SEASON

    24.55         27.69        89             8.86


$$
