243
CDUS46 KEKA 281220
CLIEKA


CLIMATE REPORT
NATIONAL WEATHER SERVICE EUREKA CA
519 AM PDT SAT MAY 28 2016


...................................

...THE EUREKA CA CLIMATE SUMMARY FOR MAY 27 2016...

CLIMATE NORMAL PERIOD 1981 TO 2010
CLIMATE RECORD PERIOD 1886 TO 2016


WEATHER ITEM   OBSERVED RECORD YEAR NORMAL DEPARTURE LAST
                VALUE   VALUE       VALUE  FROM      YEAR
                                           NORMAL
...........................................................
TEMPERATURE (F)
 YESTERDAY
  MAXIMUM         60     70    1988  61     -1       58
                               1922
  MINIMUM         49     41    1929  49      0       50
  AVERAGE         55                 55      0       54

PRECIPITATION (IN)
  YESTERDAY        0.00   1.14 1895   0.05  -0.05     0.00
  MONTH TO DATE    0.76               1.59  -0.83      T
  SINCE OCT 1     47.47              38.31   9.16    30.56
  SINCE JAN 1     26.75              22.34   4.41    12.18

SNOWFALL (IN)
  YESTERDAY        0.0    0.0  2002   0.0    0.0      0.0
                               2001
  MONTH TO DATE    0.0                0.0    0.0      0.0
  SINCE MAR 1      0.0                T      0.0       T
  SINCE JUL 1      T                  0.2   -0.2       T
  SNOW DEPTH       0

DEGREE DAYS
 HEATING
  YESTERDAY       10                 10      0       11
  MONTH TO DATE  253                308    -55      311
  SINCE MAR 1    952               1207   -255     1131
  SINCE JUL 1   3362               4129   -767     3286

 COOLING
  YESTERDAY        0                  0      0        0
  MONTH TO DATE    0                  0      0        0
  SINCE MAR 1      0                  0      0        0
  SINCE JAN 1      0                  0      0        0
...........................................................


WIND (MPH)
  HIGHEST WIND SPEED    16   HIGHEST WIND DIRECTION     N (360)
  HIGHEST GUST SPEED    25   HIGHEST GUST DIRECTION     N (360)
  AVERAGE WIND SPEED     5.8


SKY COVER
  AVERAGE SKY COVER 0.3


WEATHER CONDITIONS
 THE FOLLOWING WEATHER WAS RECORDED YESTERDAY.
  NO SIGNIFICANT WEATHER WAS OBSERVED.


..........................................................


THE EUREKA CA CLIMATE NORMALS FOR TODAY
                         NORMAL    RECORD    YEAR
 MAXIMUM TEMPERATURE (F)   61        75      1887
 MINIMUM TEMPERATURE (F)   49        41      1977


SUNRISE AND SUNSET
MAY 28 2016...........SUNRISE   549 AM PDT   SUNSET   839 PM PDT
MAY 29 2016...........SUNRISE   549 AM PDT   SUNSET   840 PM PDT


-  INDICATES NEGATIVE NUMBERS.
R  INDICATES RECORD WAS SET OR TIED.
MM INDICATES DATA IS MISSING.
T  INDICATES TRACE AMOUNT.




&&

..........................................................

TOTAL SEASON     NORMAL   % OF NORMAL     LAST SEASON

    47.47         38.31        124            30.56


$$
