000
CDUS46 KEKA 041213
CLIEKA


CLIMATE REPORT
NATIONAL WEATHER SERVICE EUREKA CA
513 AM PDT TUE AUG 4 2015


...................................

...THE EUREKA CA CLIMATE SUMMARY FOR AUGUST 3 2015...

CLIMATE NORMAL PERIOD 1981 TO 2010
CLIMATE RECORD PERIOD 1886 TO 2015


WEATHER ITEM   OBSERVED RECORD YEAR NORMAL DEPARTURE LAST
                VALUE   VALUE       VALUE  FROM      YEAR
                                           NORMAL
...........................................................
TEMPERATURE (F)
 YESTERDAY
  MAXIMUM         65     71    2001  64      1       63
  MINIMUM         58     48    1952  53      5       54
                               1887
  AVERAGE         62                 58      4       59

PRECIPITATION (IN)
  YESTERDAY        T      0.09 1962   0.00   0.00      T
  MONTH TO DATE    0.01               0.01   0.00      T
  SINCE OCT 1     30.83              39.44  -8.61    17.91
  SINCE JAN 1     12.45              23.47 -11.02    16.01

SNOWFALL (IN)
  YESTERDAY        0.0    0.0  2002   0.0    0.0      0.0
                               2001
  MONTH TO DATE    0.0                0.0    0.0      0.0
  SINCE JUN 1      0.0                0.0    0.0      0.0
  SINCE JUL 1      0.0                0.0    0.0      0.0
  SNOW DEPTH       0

DEGREE DAYS
 HEATING
  YESTERDAY        3                  7     -4        6
  MONTH TO DATE    6                 21    -15       19
  SINCE JUN 1    364                513   -149      459
  SINCE JUL 1    123                247   -124      207

 COOLING
  YESTERDAY        0                  0      0        0
  MONTH TO DATE    0                  0      0        0
  SINCE JUN 1      1                  0      1        0
  SINCE JAN 1      1                  0      1        1
...........................................................


WIND (MPH)
  HIGHEST WIND SPEED     6   HIGHEST WIND DIRECTION    NW (330)
  HIGHEST GUST SPEED     7   HIGHEST GUST DIRECTION    MM
  AVERAGE WIND SPEED     1.3


SKY COVER
  AVERAGE SKY COVER 1.0


WEATHER CONDITIONS
 THE FOLLOWING WEATHER WAS RECORDED YESTERDAY.
  LIGHT RAIN


..........................................................


THE EUREKA CA CLIMATE NORMALS FOR TODAY
                         NORMAL    RECORD    YEAR
 MAXIMUM TEMPERATURE (F)   64        70      1983
 MINIMUM TEMPERATURE (F)   53        48      1952
                                             1950
                                             1921


SUNRISE AND SUNSET
AUGUST  4 2015........SUNRISE   616 AM PDT   SUNSET   829 PM PDT
AUGUST  5 2015........SUNRISE   617 AM PDT   SUNSET   828 PM PDT


-  INDICATES NEGATIVE NUMBERS.
R  INDICATES RECORD WAS SET OR TIED.
MM INDICATES DATA IS MISSING.
T  INDICATES TRACE AMOUNT.




&&

..........................................................

TOTAL SEASON     NORMAL   % OF NORMAL     LAST SEASON

    30.83         39.44        78            17.91


$$
