000
CDUS46 KEKA 250018
CLIEKA


CLIMATE REPORT
NATIONAL WEATHER SERVICE EUREKA CA
418 PM PST SAT FEB 24 2018


...................................

...THE EUREKA CA CLIMATE SUMMARY FOR FEBRUARY 24 2018...
VALID TODAY AS OF 0400 PM LOCAL TIME.

CLIMATE NORMAL PERIOD 1981 TO 2010
CLIMATE RECORD PERIOD 1886 TO 2018


WEATHER ITEM   OBSERVED RECORD YEAR NORMAL DEPARTURE LAST
                VALUE   VALUE       VALUE  FROM      YEAR
                                           NORMAL
...........................................................
TEMPERATURE (F)
 TODAY
  MAXIMUM         52     71    1991  56     -4       48
  MINIMUM         34     31    2013  42     -8       33
                               1913
  AVERAGE         43                 49     -6       41

PRECIPITATION (IN)
  TODAY            0.14   1.76 1917   0.21  -0.07     0.03
  MONTH TO DATE    1.77               4.83  -3.06    10.25
  SINCE OCT 1     20.61              27.30  -6.69    46.53
  SINCE JAN 1      9.63              11.33  -1.70    20.76

SNOWFALL (IN)
  TODAY           MM     MM      MM   0.0   MM       MM
  MONTH TO DATE    T                  0.2   -0.2       T
  SINCE DEC 1      T                  0.2   -0.2       T
  SINCE JUL 1      T                  0.2   -0.2       T
  SNOW DEPTH      MM

...........................................................


WIND (MPH)
  HIGHEST WIND SPEED    13   HIGHEST WIND DIRECTION    NW (320)
  HIGHEST GUST SPEED    21   HIGHEST GUST DIRECTION    MM
  AVERAGE WIND SPEED     4.6


SKY COVER
  AVERAGE SKY COVER 1.0


WEATHER CONDITIONS
 THE FOLLOWING WEATHER WAS RECORDED TODAY.
  LIGHT RAIN
  FOG


..........................................................


THE EUREKA CA CLIMATE NORMALS FOR TOMORROW
                         NORMAL    RECORD    YEAR
 MAXIMUM TEMPERATURE (F)   56        71      1992
 MINIMUM TEMPERATURE (F)   42        31      2011
                                             1996


SUNRISE AND SUNSET
FEBRUARY 24 2018......SUNRISE   658 AM PST   SUNSET   602 PM PST
FEBRUARY 25 2018......SUNRISE   656 AM PST   SUNSET   603 PM PST


-  INDICATES NEGATIVE NUMBERS.
R  INDICATES RECORD WAS SET OR TIED.
MM INDICATES DATA IS MISSING.
T  INDICATES TRACE AMOUNT.




&&

..........................................................

TOTAL SEASON     NORMAL   % OF NORMAL     LAST SEASON

    20.61         27.30        75            46.53


$$
