039
CDUS46 KEKA 051214
CLIEKA


CLIMATE REPORT
NATIONAL WEATHER SERVICE EUREKA CA
414 AM PST FRI FEB 5 2016


...................................

...THE EUREKA CA CLIMATE SUMMARY FOR FEBRUARY 4 2016...

CLIMATE NORMAL PERIOD 1981 TO 2010
CLIMATE RECORD PERIOD 1886 TO 2016


WEATHER ITEM   OBSERVED RECORD YEAR NORMAL DEPARTURE LAST
                VALUE   VALUE       VALUE  FROM      YEAR
                                           NORMAL
...........................................................
TEMPERATURE (F)
 YESTERDAY
  MAXIMUM         55     78    1993  56     -1       59
  MINIMUM         41     24    1899  41      0       53
  AVERAGE         48                 49     -1       56

PRECIPITATION (IN)
  YESTERDAY        0.00   2.30 1890   0.20  -0.20     0.02
  MONTH TO DATE    0.38               0.80  -0.42     0.99
  SINCE OCT 1     33.16              23.27   9.89    20.73
  SINCE JAN 1     12.44               7.30   5.14     2.35

SNOWFALL (IN)
  YESTERDAY        0.0    0.0  2002   0.0    0.0      0.0
  MONTH TO DATE    0.0                0.0    0.0      0.0
  SINCE DEC 1      T                  T      0.0      0.0
  SINCE JUL 1      T                  T      0.0      0.0
  SNOW DEPTH       0

DEGREE DAYS
 HEATING
  YESTERDAY       17                 16      1        9
  MONTH TO DATE   73                 64      9       35
  SINCE DEC 1   1005               1113   -108      830
  SINCE JUL 1   2087               2535   -448     1850

 COOLING
  YESTERDAY        0                  0      0        0
  MONTH TO DATE    0                  0      0        0
  SINCE DEC 1      0                  0      0        0
  SINCE JAN 1      0                  0      0        0
...........................................................


WIND (MPH)
  HIGHEST WIND SPEED     5   HIGHEST WIND DIRECTION     W (280)
  HIGHEST GUST SPEED     8   HIGHEST GUST DIRECTION    MM
  AVERAGE WIND SPEED     1.0


SKY COVER
  AVERAGE SKY COVER 0.9


WEATHER CONDITIONS
 THE FOLLOWING WEATHER WAS RECORDED YESTERDAY.
  FOG
  HAZE


..........................................................


THE EUREKA CA CLIMATE NORMALS FOR TODAY
                         NORMAL    RECORD    YEAR
 MAXIMUM TEMPERATURE (F)   56        73      1963
 MINIMUM TEMPERATURE (F)   41        25      1899


SUNRISE AND SUNSET
FEBRUARY  5 2016......SUNRISE   723 AM PST   SUNSET   539 PM PST
FEBRUARY  6 2016......SUNRISE   722 AM PST   SUNSET   540 PM PST


-  INDICATES NEGATIVE NUMBERS.
R  INDICATES RECORD WAS SET OR TIED.
MM INDICATES DATA IS MISSING.
T  INDICATES TRACE AMOUNT.




&&

..........................................................

TOTAL SEASON     NORMAL   % OF NORMAL     LAST SEASON

    33.16         23.27        143            20.73


$$
