000
CDUS46 KEKA 281209
CLIEKA


CLIMATE REPORT
NATIONAL WEATHER SERVICE EUREKA CA
509 AM PDT THU MAY 28 2015


...................................

...THE EUREKA CA CLIMATE SUMMARY FOR MAY 27 2015...

CLIMATE NORMAL PERIOD 1981 TO 2010
CLIMATE RECORD PERIOD 1886 TO 2015


WEATHER ITEM   OBSERVED RECORD YEAR NORMAL DEPARTURE LAST
                VALUE   VALUE       VALUE  FROM      YEAR
                                           NORMAL
...........................................................
TEMPERATURE (F)
 YESTERDAY
  MAXIMUM         58     70    1988  61     -3       62
                               1922
  MINIMUM         50     41    1929  49      1       48
  AVERAGE         54                 55     -1       55

PRECIPITATION (IN)
  YESTERDAY        0.00   1.14 1895   0.05  -0.05     0.00
  MONTH TO DATE    T                  1.59  -1.59     0.58
  SINCE OCT 1     30.56              38.31  -7.75    17.54
  SINCE JAN 1     12.18              22.34 -10.16    15.64

SNOWFALL (IN)
  YESTERDAY        0.0    0.0  2002   0.0    0.0      0.0
                               2001
  MONTH TO DATE    0.0                0.0    0.0      0.0
  SINCE MAR 1      T                  T      0.0      0.0
  SINCE JUL 1      T                  0.2   -0.2       T
  SNOW DEPTH       0

DEGREE DAYS
 HEATING
  YESTERDAY       11                 10      1       10
  MONTH TO DATE  311                308      3      215
  SINCE MAR 1   1131               1207    -76     1004
  SINCE JUL 1   3286               4129   -843     4095

 COOLING
  YESTERDAY        0                  0      0        0
  MONTH TO DATE    0                  0      0        1
  SINCE MAR 1      0                  0      0        1
  SINCE JAN 1      0                  0      0        1
...........................................................


WIND (MPH)
  HIGHEST WIND SPEED    10   HIGHEST WIND DIRECTION    NW (320)
  HIGHEST GUST SPEED    13   HIGHEST GUST DIRECTION    MM
  AVERAGE WIND SPEED     4.1


SKY COVER
  AVERAGE SKY COVER 1.0


WEATHER CONDITIONS
 THE FOLLOWING WEATHER WAS RECORDED YESTERDAY.
  NO SIGNIFICANT WEATHER WAS OBSERVED.


..........................................................


THE EUREKA CA CLIMATE NORMALS FOR TODAY
                         NORMAL    RECORD    YEAR
 MAXIMUM TEMPERATURE (F)   61        75      1887
 MINIMUM TEMPERATURE (F)   49        41      1977


SUNRISE AND SUNSET
MAY 28 2015...........SUNRISE   550 AM PDT   SUNSET   839 PM PDT
MAY 29 2015...........SUNRISE   549 AM PDT   SUNSET   840 PM PDT


-  INDICATES NEGATIVE NUMBERS.
R  INDICATES RECORD WAS SET OR TIED.
MM INDICATES DATA IS MISSING.
T  INDICATES TRACE AMOUNT.




&&

..........................................................

TOTAL SEASON     NORMAL   % OF NORMAL     LAST SEASON

    30.56         38.31        80            17.54


$$
