000
CDUS41 KRLX 010817
CLIEKN


CLIMATE REPORT
NATIONAL WEATHER SERVICE CHARLESTON WV
317 AM EST WED MAR 1 2017


...................................

...THE ELKINS WV CLIMATE SUMMARY FOR FEBRUARY 28 2017...

CLIMATE NORMAL PERIOD 1981 TO 2010
CLIMATE RECORD PERIOD 1899 TO 2017


WEATHER ITEM   OBSERVED TIME   RECORD YEAR NORMAL DEPARTURE LAST
                VALUE   (LST)  VALUE       VALUE  FROM      YEAR
                                                  NORMAL
..................................................................
TEMPERATURE (F)
 YESTERDAY
  MAXIMUM         54   1159 PM  74    1918  46      8       62
  MINIMUM         30    716 AM -18    1934  24      6       20
  AVERAGE         42                        35      7       41

PRECIPITATION (IN)
  YESTERDAY        0.35          1.00 1917   0.12   0.23     0.00
  MONTH TO DATE    2.16                      3.10  -0.94     2.65
  SINCE JAN 1      7.25                      6.33   0.92     5.02

SNOWFALL (IN)
  YESTERDAY        0.0
  MONTH TO DATE    9.9
  SINCE SEP 1     30.4
  SNOW DEPTH       0

DEGREE DAYS
 HEATING
  YESTERDAY       23                        30     -7       24
  MONTH TO DATE  678                       920   -242      889
  SINCE DEC 1   2458                      3037   -579     2716
  SINCE JUL 1   3403                      4321   -918     3719

 COOLING
  YESTERDAY        0                         0      0        0
  MONTH TO DATE    0                         0      0        0
  SINCE DEC 1      0                         0      0        0
  SINCE JAN 1      0                         0      0        0
..................................................................


WIND (MPH)
  HIGHEST WIND SPEED    10   HIGHEST WIND DIRECTION    SE (150)
  HIGHEST GUST SPEED    14   HIGHEST GUST DIRECTION     S (160)
  AVERAGE WIND SPEED     3.7


SKY COVER
  POSSIBLE SUNSHINE  MM
  AVERAGE SKY COVER 0.7


WEATHER CONDITIONS
 THE FOLLOWING WEATHER WAS RECORDED YESTERDAY.
  LIGHT RAIN
  FOG


RELATIVE HUMIDITY (PERCENT)
 HIGHEST    86           200 PM
 LOWEST     42          1200 AM
 AVERAGE    64

..........................................................


THE ELKINS WV CLIMATE NORMALS FOR TODAY
                         NORMAL    RECORD    YEAR
 MAXIMUM TEMPERATURE (F)   47        75      1972
 MINIMUM TEMPERATURE (F)   24        -1      1993


SUNRISE AND SUNSET
MARCH  1 2017.........SUNRISE   651 AM EST   SUNSET   612 PM EST
MARCH  2 2017.........SUNRISE   650 AM EST   SUNSET   613 PM EST


-  INDICATES NEGATIVE NUMBERS.
R  INDICATES RECORD WAS SET OR TIED.
MM INDICATES DATA IS MISSING.
T  INDICATES TRACE AMOUNT.




$$
