000
CDUS41 KRLX 210722
CLIEKN


CLIMATE REPORT
NATIONAL WEATHER SERVICE CHARLESTON WV
320 AM EDT FRI JUL 21 2017


...................................

...THE ELKINS WV CLIMATE SUMMARY FOR JULY 20 2017...

CLIMATE NORMAL PERIOD 1981 TO 2010
CLIMATE RECORD PERIOD 1899 TO 2017


WEATHER ITEM   OBSERVED TIME   RECORD YEAR NORMAL DEPARTURE LAST
                VALUE   (LST)  VALUE       VALUE  FROM      YEAR
                                                  NORMAL
..................................................................
TEMPERATURE (F)
 YESTERDAY
  MAXIMUM         86    354 PM  94    1930  81      5       82
  MINIMUM         63    553 AM  43    1929  59      4       57
  AVERAGE         75                        70      5       70

PRECIPITATION (IN)
  YESTERDAY        0.00          1.22 1963   0.16  -0.16     0.00
  MONTH TO DATE    2.43                      3.55  -1.12     3.28
  SINCE JAN 1     26.83                     27.16  -0.33    25.78

SNOWFALL (IN)
  YESTERDAY        0.0
  MONTH TO DATE    0.0
  SINCE SEP 1     44.5
  SNOW DEPTH       0

DEGREE DAYS
 HEATING
  YESTERDAY        0                         0      0        0
  MONTH TO DATE    0                         8     -8        0
  SINCE JUN 1     58                        63     -5       28
  SINCE JUL 1      0                         8     -8        0

 COOLING
  YESTERDAY       10                         5      5        5
  MONTH TO DATE  144                       102     42      138
  SINCE JUN 1    250                       194     56      259
  SINCE JAN 1    294                       217     77      288
..................................................................


WIND (MPH)
  HIGHEST WIND SPEED    14   HIGHEST WIND DIRECTION     W (290)
  HIGHEST GUST SPEED    19   HIGHEST GUST DIRECTION    NW (310)
  AVERAGE WIND SPEED     2.9


SKY COVER
  POSSIBLE SUNSHINE  MM
  AVERAGE SKY COVER 0.2


WEATHER CONDITIONS
 THE FOLLOWING WEATHER WAS RECORDED YESTERDAY.
  FOG
  HAZE


RELATIVE HUMIDITY (PERCENT)
 HIGHEST    93           100 AM
 LOWEST     51           400 PM
 AVERAGE    72

..........................................................


THE ELKINS WV CLIMATE NORMALS FOR TODAY
                         NORMAL    RECORD    YEAR
 MAXIMUM TEMPERATURE (F)   81        95      1934
 MINIMUM TEMPERATURE (F)   59        41      1929


SUNRISE AND SUNSET
JULY 21 2017..........SUNRISE   611 AM EDT   SUNSET   840 PM EDT
JULY 22 2017..........SUNRISE   612 AM EDT   SUNSET   839 PM EDT


-  INDICATES NEGATIVE NUMBERS.
R  INDICATES RECORD WAS SET OR TIED.
MM INDICATES DATA IS MISSING.
T  INDICATES TRACE AMOUNT.




$$
