000
CDUS41 KRLX 220730
CLIEKN


CLIMATE REPORT
NATIONAL WEATHER SERVICE CHARLESTON WV
330 AM EDT FRI SEP 22 2017


...................................

...THE ELKINS WV CLIMATE SUMMARY FOR SEPTEMBER 21 2017...

CLIMATE NORMAL PERIOD 1981 TO 2010
CLIMATE RECORD PERIOD 1899 TO 2017


WEATHER ITEM   OBSERVED TIME   RECORD YEAR NORMAL DEPARTURE LAST
                VALUE   (LST)  VALUE       VALUE  FROM      YEAR
                                                  NORMAL
..................................................................
TEMPERATURE (F)
 YESTERDAY
  MAXIMUM         82    302 PM  88    1931  72     10       86
                                      1914
  MINIMUM         56   1159 PM  29    1956  49      7       51
  AVERAGE         69                        60      9       69

PRECIPITATION (IN)
  YESTERDAY        0.00          2.08 1948   0.13  -0.13     0.00
  MONTH TO DATE    1.04                      2.59  -1.55     0.37
  SINCE JAN 1     35.48                     35.40   0.08    30.37

SNOWFALL (IN)
  YESTERDAY        0.0           0.0  2016   0.0    0.0      0.0
  MONTH TO DATE    0.0                       0.0    0.0      0.0
  SINCE SEP 1      0.0                       0.0    0.0      0.0
  SNOW DEPTH       0

DEGREE DAYS
 HEATING
  YESTERDAY        0                         6     -6        0
  MONTH TO DATE   72                        64      8        5
  SINCE SEP 1     72                        64      8        5
  SINCE JUL 1     94                        94      0        5

 COOLING
  YESTERDAY        4                         1      3        4
  MONTH TO DATE   32                        39     -7       99
  SINCE SEP 1     32                        39     -7       99
  SINCE JAN 1    494                       465     29      788
..................................................................


WIND (MPH)
  HIGHEST WIND SPEED    10   HIGHEST WIND DIRECTION    NW (330)
  HIGHEST GUST SPEED    14   HIGHEST GUST DIRECTION     N (10)
  AVERAGE WIND SPEED     1.3


SKY COVER
  POSSIBLE SUNSHINE  MM
  AVERAGE SKY COVER 0.4


WEATHER CONDITIONS
 THE FOLLOWING WEATHER WAS RECORDED YESTERDAY.
  FOG
  FOG W/VISIBILITY <= 1/4 MILE


RELATIVE HUMIDITY (PERCENT)
 HIGHEST    97           300 AM
 LOWEST     40           200 PM
 AVERAGE    69

..........................................................


THE ELKINS WV CLIMATE NORMALS FOR TODAY
                         NORMAL    RECORD    YEAR
 MAXIMUM TEMPERATURE (F)   72        89      1914
 MINIMUM TEMPERATURE (F)   48        30      1999


SUNRISE AND SUNSET
SEPTEMBER 22 2017.....SUNRISE   707 AM EDT   SUNSET   716 PM EDT
SEPTEMBER 23 2017.....SUNRISE   708 AM EDT   SUNSET   714 PM EDT


-  INDICATES NEGATIVE NUMBERS.
R  INDICATES RECORD WAS SET OR TIED.
MM INDICATES DATA IS MISSING.
T  INDICATES TRACE AMOUNT.




$$
