000
CDUS41 KRLX 210721
CLIEKN


CLIMATE REPORT
NATIONAL WEATHER SERVICE CHARLESTON WV
319 AM EDT SUN SEP 21 2014


...................................

...THE ELKINS WV CLIMATE SUMMARY FOR SEPTEMBER 20 2014...

CLIMATE NORMAL PERIOD 1981 TO 2010
CLIMATE RECORD PERIOD 1899 TO 2014


WEATHER ITEM   OBSERVED TIME   RECORD YEAR NORMAL DEPARTURE LAST
                VALUE   (LST)  VALUE       VALUE  FROM      YEAR
                                                  NORMAL
..................................................................
TEMPERATURE (F)
 YESTERDAY
  MAXIMUM         78    445 PM  89    1908  72      6       76
  MINIMUM         54   1153 PM  31    1956  49      5       57
  AVERAGE         66                        61      5       67

PRECIPITATION (IN)
  YESTERDAY        0.00          1.51 1933   0.12  -0.12     0.45
  MONTH TO DATE    1.18                      2.46  -1.28     1.87
  SINCE JAN 1     29.41                     35.27  -5.86    34.79

SNOWFALL (IN)
  YESTERDAY        0.0
  MONTH TO DATE    0.0
  SINCE SEP 1      0.0
  SNOW DEPTH       0

DEGREE DAYS
 HEATING
  YESTERDAY        0                         5     -5        0
  MONTH TO DATE   52                        58     -6       52
  SINCE SEP 1     52                        58     -6       52
  SINCE JUL 1    103                        88     15       75

 COOLING
  YESTERDAY        1                         1      0        2
  MONTH TO DATE   65                        38     27       60
  SINCE SEP 1     65                        38     27       60
  SINCE JAN 1    503                       464     39      523
..................................................................


WIND (MPH)
  HIGHEST WIND SPEED    14   HIGHEST WIND DIRECTION     S (160)
  HIGHEST GUST SPEED    18   HIGHEST GUST DIRECTION    SE (140)
  AVERAGE WIND SPEED     5.1


SKY COVER
  POSSIBLE SUNSHINE  MM
  AVERAGE SKY COVER 0.4


WEATHER CONDITIONS
 THE FOLLOWING WEATHER WAS RECORDED YESTERDAY.
  FOG


RELATIVE HUMIDITY (PERCENT)
 HIGHEST   100           900 PM
 LOWEST     50           200 PM
 AVERAGE    75

..........................................................


THE ELKINS WV CLIMATE NORMALS FOR TODAY
                         NORMAL    RECORD    YEAR
 MAXIMUM TEMPERATURE (F)   72        88      1931
                                             1914
 MINIMUM TEMPERATURE (F)   49        29      1956


SUNRISE AND SUNSET
SEPTEMBER 21 2014.....SUNRISE   706 AM EDT   SUNSET   718 PM EDT
SEPTEMBER 22 2014.....SUNRISE   707 AM EDT   SUNSET   716 PM EDT


-  INDICATES NEGATIVE NUMBERS.
R  INDICATES RECORD WAS SET OR TIED.
MM INDICATES DATA IS MISSING.
T  INDICATES TRACE AMOUNT.




$$
