000
CDUS41 KRLX 230726
CLIEKN


CLIMATE REPORT
NATIONAL WEATHER SERVICE CHARLESTON WV
325 AM EDT SUN APR 23 2017


...................................

...THE ELKINS WV CLIMATE SUMMARY FOR APRIL 22 2017...

CLIMATE NORMAL PERIOD 1981 TO 2010
CLIMATE RECORD PERIOD 1899 TO 2017


WEATHER ITEM   OBSERVED TIME   RECORD YEAR NORMAL DEPARTURE LAST
                VALUE   (LST)  VALUE       VALUE  FROM      YEAR
                                                  NORMAL
..................................................................
TEMPERATURE (F)
 YESTERDAY
  MAXIMUM         59   1223 AM  88    1902  65     -6       68
  MINIMUM         42   1159 PM  23    1904  38      4       53
  AVERAGE         51                        52     -1       61

PRECIPITATION (IN)
  YESTERDAY        0.47          0.80 1931   0.13   0.34     0.21
  MONTH TO DATE    4.32                      2.76   1.56     2.00
  SINCE JAN 1     15.71                     13.05   2.66     9.75

SNOWFALL (IN)
  YESTERDAY        0.0
  MONTH TO DATE    3.2
  SINCE SEP 1     44.5
  SNOW DEPTH       0

DEGREE DAYS
 HEATING
  YESTERDAY       14                        13      1        4
  MONTH TO DATE  230                       365   -135      372
  SINCE MAR 1    947                      1145   -198      934
  SINCE JUL 1   4350                      5466  -1116     4676

 COOLING
  YESTERDAY        0                         0      0        0
  MONTH TO DATE    0                         0      0        2
  SINCE MAR 1      0                         0      0        2
  SINCE JAN 1      0                         0      0        2
..................................................................


WIND (MPH)
  HIGHEST WIND SPEED    16   HIGHEST WIND DIRECTION    NW (300)
  HIGHEST GUST SPEED    21   HIGHEST GUST DIRECTION    NW (310)
  AVERAGE WIND SPEED     5.0


SKY COVER
  POSSIBLE SUNSHINE  MM
  AVERAGE SKY COVER 0.9


WEATHER CONDITIONS
 THE FOLLOWING WEATHER WAS RECORDED YESTERDAY.
  HEAVY RAIN
  RAIN
  LIGHT RAIN
  FOG


RELATIVE HUMIDITY (PERCENT)
 HIGHEST    93           100 PM
 LOWEST     46          1200 AM
 AVERAGE    70

..........................................................


THE ELKINS WV CLIMATE NORMALS FOR TODAY
                         NORMAL    RECORD    YEAR
 MAXIMUM TEMPERATURE (F)   65        88      2001
 MINIMUM TEMPERATURE (F)   39        19      1982


SUNRISE AND SUNSET
APRIL 23 2017.........SUNRISE   631 AM EDT   SUNSET   804 PM EDT
APRIL 24 2017.........SUNRISE   630 AM EDT   SUNSET   805 PM EDT


-  INDICATES NEGATIVE NUMBERS.
R  INDICATES RECORD WAS SET OR TIED.
MM INDICATES DATA IS MISSING.
T  INDICATES TRACE AMOUNT.




$$
