911
CDUS41 KRLX 290717
CLIEKN


CLIMATE REPORT
NATIONAL WEATHER SERVICE CHARLESTON WV
317 AM EDT FRI JUL 29 2016


...................................

...THE ELKINS WV CLIMATE SUMMARY FOR JULY 28 2016...

CLIMATE NORMAL PERIOD 1981 TO 2010
CLIMATE RECORD PERIOD 1899 TO 2016


WEATHER ITEM   OBSERVED TIME   RECORD YEAR NORMAL DEPARTURE LAST
                VALUE   (LST)  VALUE       VALUE  FROM      YEAR
                                                  NORMAL
..................................................................
TEMPERATURE (F)
 YESTERDAY
  MAXIMUM         84    105 PM  94    1993  81      3       87
  MINIMUM         68   1159 PM  42    1977  59      9       65
                                      1962
  AVERAGE         76                        70      6       76

PRECIPITATION (IN)
  YESTERDAY        0.83          1.60 1980   0.15   0.68     0.00
  MONTH TO DATE    4.23                      4.87  -0.64     4.54
  SINCE JAN 1     26.73                     28.48  -1.75    34.91

SNOWFALL (IN)
  YESTERDAY        0.0
  MONTH TO DATE    0.0
  SINCE SEP 1     59.0
  SNOW DEPTH       0

DEGREE DAYS
 HEATING
  YESTERDAY        0                         0      0        0
  MONTH TO DATE    0                         8     -8        0
  SINCE JUN 1     28                        63    -35       21
  SINCE JUL 1      0                         8     -8        0

 COOLING
  YESTERDAY       11                         5      6       11
  MONTH TO DATE  227                       142     85      180
  SINCE JUN 1    348                       234    114      333
  SINCE JAN 1    377                       257    120      398
..................................................................


WIND (MPH)
  HIGHEST WIND SPEED    14   HIGHEST WIND DIRECTION     N (350)
  HIGHEST GUST SPEED    17   HIGHEST GUST DIRECTION     N (350)
  AVERAGE WIND SPEED     3.1


SKY COVER
  POSSIBLE SUNSHINE  MM
  AVERAGE SKY COVER 0.7


WEATHER CONDITIONS
 THE FOLLOWING WEATHER WAS RECORDED YESTERDAY.
  HEAVY RAIN
  RAIN
  LIGHT RAIN
  FOG
  HAZE


RELATIVE HUMIDITY (PERCENT)
 HIGHEST    97           100 AM
 LOWEST     65           100 PM
 AVERAGE    81

..........................................................


THE ELKINS WV CLIMATE NORMALS FOR TODAY
                         NORMAL    RECORD    YEAR
 MAXIMUM TEMPERATURE (F)   81        91      1940
 MINIMUM TEMPERATURE (F)   59        44      1925
                                             1920


SUNRISE AND SUNSET
JULY 29 2016..........SUNRISE   618 AM EDT   SUNSET   833 PM EDT
JULY 30 2016..........SUNRISE   619 AM EDT   SUNSET   832 PM EDT


-  INDICATES NEGATIVE NUMBERS.
R  INDICATES RECORD WAS SET OR TIED.
MM INDICATES DATA IS MISSING.
T  INDICATES TRACE AMOUNT.




$$
