000
CDUS41 KRLX 300811
CLIEKN


CLIMATE REPORT
NATIONAL WEATHER SERVICE CHARLESTON WV
358 AM EDT SAT AUG 30 2014


...................................

...THE ELKINS WV CLIMATE SUMMARY FOR AUGUST 29 2014...

CLIMATE NORMAL PERIOD 1981 TO 2010
CLIMATE RECORD PERIOD 1899 TO 2014


WEATHER ITEM   OBSERVED TIME   RECORD YEAR NORMAL DEPARTURE LAST
                VALUE   (LST)  VALUE       VALUE  FROM      YEAR
                                                  NORMAL
..................................................................
TEMPERATURE (F)
 YESTERDAY
  MAXIMUM         83    408 PM  93    1993  79      4       84
  MINIMUM         53   1236 AM  34    1965  56     -3       62
  AVERAGE         68                        68      0       73

PRECIPITATION (IN)
  YESTERDAY        0.00          1.31 1911   0.12  -0.12     0.21
  MONTH TO DATE    2.71                      3.62  -0.91     8.04
  SINCE JAN 1     27.85                     32.59  -4.74    32.92

SNOWFALL (IN)
  YESTERDAY        0.0
  MONTH TO DATE    0.0
  SINCE SEP 1     92.3
  SNOW DEPTH       0

DEGREE DAYS
 HEATING
  YESTERDAY        0                         1     -1        0
  MONTH TO DATE   18                        14      4       19
  SINCE JUN 1     65                        81    -16       35
  SINCE JUL 1     51                        26     25       23

 COOLING
  YESTERDAY        3                         4     -1        8
  MONTH TO DATE   98                       136    -38      117
  SINCE JUN 1    386                       394     -8      422
  SINCE JAN 1    422                       417      5      447
..................................................................


WIND (MPH)
  HIGHEST WIND SPEED    10   HIGHEST WIND DIRECTION     N (10)
  HIGHEST GUST SPEED    13   HIGHEST GUST DIRECTION     N (350)
  AVERAGE WIND SPEED     1.0


SKY COVER
  POSSIBLE SUNSHINE  MM
  AVERAGE SKY COVER 0.4


WEATHER CONDITIONS
 THE FOLLOWING WEATHER WAS RECORDED YESTERDAY.
  FOG
  FOG W/VISIBILITY <= 1/4 MILE


RELATIVE HUMIDITY (PERCENT)
 HIGHEST   100           400 AM
 LOWEST     45          1200 PM
 AVERAGE    73

..........................................................


THE ELKINS WV CLIMATE NORMALS FOR TODAY
                         NORMAL    RECORD    YEAR
 MAXIMUM TEMPERATURE (F)   79        93      1993
 MINIMUM TEMPERATURE (F)   56        37      1965


SUNRISE AND SUNSET
AUGUST 30 2014........SUNRISE   647 AM EDT   SUNSET   753 PM EDT
AUGUST 31 2014........SUNRISE   647 AM EDT   SUNSET   751 PM EDT


-  INDICATES NEGATIVE NUMBERS.
R  INDICATES RECORD WAS SET OR TIED.
MM INDICATES DATA IS MISSING.
T  INDICATES TRACE AMOUNT.




$$
