000
CDUS41 KRLX 280844
CLIEKN


CLIMATE REPORT
NATIONAL WEATHER SERVICE CHARLESTON WV
336 AM EST FRI NOV 28 2014


...................................

...THE ELKINS WV CLIMATE SUMMARY FOR NOVEMBER 27 2014...

CLIMATE NORMAL PERIOD 1981 TO 2010
CLIMATE RECORD PERIOD 1899 TO 2014


WEATHER ITEM   OBSERVED TIME   RECORD YEAR NORMAL DEPARTURE LAST
                VALUE   (LST)  VALUE       VALUE  FROM      YEAR
                                                  NORMAL
..................................................................
TEMPERATURE (F)
 YESTERDAY
  MAXIMUM         33   1221 PM  77    1990  48    -15       37
  MINIMUM         26   1159 PM   2    1974  28     -2       20
  AVERAGE         30                        38     -8       29

PRECIPITATION (IN)
  YESTERDAY        0.12          0.93 1993   0.12   0.00     0.14
  MONTH TO DATE    2.36                      3.02  -0.66     3.15
  SINCE JAN 1     38.36                     42.31  -3.95    39.74

SNOWFALL (IN)
  YESTERDAY        1.0
  MONTH TO DATE    5.7
  SINCE SEP 1      5.7
  SNOW DEPTH       2

DEGREE DAYS
 HEATING
  YESTERDAY       35                        27      8       36
  MONTH TO DATE  736                       612    124      683
  SINCE SEP 1   1220                      1173     47     1161
  SINCE JUL 1   1271                      1203     68     1184

 COOLING
  YESTERDAY        0                         0      0        0
  MONTH TO DATE    0                         0      0        0
  SINCE SEP 1     67                        49     18       70
  SINCE JAN 1    505                       475     30      533
..................................................................


WIND (MPH)
  HIGHEST WIND SPEED    18   HIGHEST WIND DIRECTION    NW (310)
  HIGHEST GUST SPEED    25   HIGHEST GUST DIRECTION     W (290)
  AVERAGE WIND SPEED     5.4


SKY COVER
  POSSIBLE SUNSHINE  MM
  AVERAGE SKY COVER 0.9


WEATHER CONDITIONS
 THE FOLLOWING WEATHER WAS RECORDED YESTERDAY.
  SNOW
  LIGHT SNOW
  FOG


RELATIVE HUMIDITY (PERCENT)
 HIGHEST   100           100 AM
 LOWEST     75          1200 PM
 AVERAGE    88

..........................................................


THE ELKINS WV CLIMATE NORMALS FOR TODAY
                         NORMAL    RECORD    YEAR
 MAXIMUM TEMPERATURE (F)   48        75      1990
 MINIMUM TEMPERATURE (F)   28        -5      1930


SUNRISE AND SUNSET
NOVEMBER 28 2014......SUNRISE   716 AM EST   SUNSET   459 PM EST
NOVEMBER 29 2014......SUNRISE   717 AM EST   SUNSET   458 PM EST


-  INDICATES NEGATIVE NUMBERS.
R  INDICATES RECORD WAS SET OR TIED.
MM INDICATES DATA IS MISSING.
T  INDICATES TRACE AMOUNT.




$$
