000
CDUS41 KRLX 280828
CLIEKN


CLIMATE REPORT
NATIONAL WEATHER SERVICE CHARLESTON WV
326 AM EST SAT FEB 28 2015


...................................

...THE ELKINS WV CLIMATE SUMMARY FOR FEBRUARY 27 2015...

CLIMATE NORMAL PERIOD 1981 TO 2010
CLIMATE RECORD PERIOD 1899 TO 2015


WEATHER ITEM   OBSERVED TIME   RECORD YEAR NORMAL DEPARTURE LAST
                VALUE   (LST)  VALUE       VALUE  FROM      YEAR
                                                  NORMAL
..................................................................
TEMPERATURE (F)
 YESTERDAY
  MAXIMUM         MM        MM  72    1996  46     MM       26
  MINIMUM         -3        MM -21    1963  24    -27        2
  AVERAGE         MM                        35     MM       14

PRECIPITATION (IN)
  YESTERDAY        0.01          1.09 1996   0.12  -0.11     0.00
  MONTH TO DATE    2.70                      2.98  -0.28     4.11
  SINCE JAN 1      5.72                      6.21  -0.49     6.26

SNOWFALL (IN)
  YESTERDAY        2.2
  MONTH TO DATE   24.6
  SINCE SEP 1     50.0
  SNOW DEPTH      12

DEGREE DAYS
 HEATING
  YESTERDAY       MM                        30     MM       51
  MONTH TO DATE   MM                       890     MM      971
  SINCE DEC 1     MM                      3007     MM     3179
  SINCE JUL 1     MM                      4291     MM     4474

 COOLING
  YESTERDAY        0                         0      0        0
  MONTH TO DATE    0                         0      0        0
  SINCE DEC 1      0                         0      0        0
  SINCE JAN 1      0                         0      0        0
..................................................................


WIND (MPH)
  HIGHEST WIND SPEED    10   HIGHEST WIND DIRECTION     W (290)
  HIGHEST GUST SPEED    MM   HIGHEST GUST DIRECTION    MM
  AVERAGE WIND SPEED     5.1


SKY COVER
  POSSIBLE SUNSHINE  MM
  AVERAGE SKY COVER 0.8


WEATHER CONDITIONS
 THE FOLLOWING WEATHER WAS RECORDED YESTERDAY.
  LIGHT SNOW
  FOG


RELATIVE HUMIDITY (PERCENT)
 HIGHEST    95           900 PM
 LOWEST     54           500 PM
 AVERAGE    75

..........................................................


THE ELKINS WV CLIMATE NORMALS FOR TODAY
                         NORMAL    RECORD    YEAR
 MAXIMUM TEMPERATURE (F)   46        74      1918
 MINIMUM TEMPERATURE (F)   24       -18      1934


SUNRISE AND SUNSET
FEBRUARY 28 2015......SUNRISE   654 AM EST   SUNSET   611 PM EST
MARCH  1 2015.........SUNRISE   652 AM EST   SUNSET   612 PM EST


-  INDICATES NEGATIVE NUMBERS.
R  INDICATES RECORD WAS SET OR TIED.
MM INDICATES DATA IS MISSING.
T  INDICATES TRACE AMOUNT.




$$
