000
CDUS45 KLKN 010931
CLIEKO


CLIMATE REPORT
NATIONAL WEATHER SERVICE ELKO NV
230 AM PDT MON SEP 1 2014


...................................

...THE ELKO AIRPORT NV CLIMATE SUMMARY FOR AUGUST 31 2014...

CLIMATE NORMAL PERIOD 1981 TO 2010
CLIMATE RECORD PERIOD 1888 TO 2014


WEATHER ITEM   OBSERVED TIME   RECORD YEAR NORMAL DEPARTURE LAST
                VALUE   (LST)  VALUE       VALUE  FROM      YEAR
                                                  NORMAL
..................................................................
TEMPERATURE (F)
 YESTERDAY
  MAXIMUM         79    328 PM  96    1955  85     -6       93
                                      1950
                                      1924
  MINIMUM         46    522 AM  27    1932  45      1       49
  AVERAGE         63                        64     -1       71

PRECIPITATION (IN)
  YESTERDAY        0.00          0.26 2012   0.01  -0.01     0.00
  MONTH TO DATE    1.27                      0.37   0.90     0.35
  SINCE OCT 1      9.28                      9.34  -0.06     6.49
  SINCE JAN 1      7.67                      6.28   1.39     3.66

SNOWFALL (IN)
  YESTERDAY        0.0           0.0  1888   0.0    0.0      0.0
  MONTH TO DATE    0.0                       0.0    0.0      0.0
  SINCE JUN 1      0.0                       0.0    0.0      0.0
  SINCE JUL 1      0.0                       0.0    0.0      0.0
  SNOW DEPTH       0

DEGREE DAYS
 HEATING
  YESTERDAY        2                         3     -1        0
  MONTH TO DATE   20                        31    -11        0
  SINCE JUN 1    112                       182    -70       63
  SINCE JUL 1     20                        51    -31        0

 COOLING
  YESTERDAY        0                         2     -2        6
  MONTH TO DATE  128                       131     -3      210
  SINCE JUN 1    501                       358    143      706
  SINCE JAN 1    504                       362    142      710
..................................................................


WIND (MPH)
  HIGHEST WIND SPEED    22   HIGHEST WIND DIRECTION     W (280)
  HIGHEST GUST SPEED    29   HIGHEST GUST DIRECTION     W (270)
  AVERAGE WIND SPEED     6.9



WEATHER CONDITIONS
 THE FOLLOWING WEATHER WAS RECORDED YESTERDAY.
  NO SIGNIFICANT WEATHER WAS OBSERVED.


RELATIVE HUMIDITY (PERCENT)
 HIGHEST    66           400 AM
 LOWEST     15           100 PM
 AVERAGE    41

..........................................................


THE ELKO AIRPORT NV CLIMATE NORMALS FOR TODAY
                         NORMAL    RECORD    YEAR
 MAXIMUM TEMPERATURE (F)   84        97      1950
 MINIMUM TEMPERATURE (F)   44        29      1910


SUNRISE AND SUNSET
SEPTEMBER  1 2014.....SUNRISE   610 AM PDT   SUNSET   715 PM PDT
SEPTEMBER  2 2014.....SUNRISE   611 AM PDT   SUNSET   714 PM PDT


-  INDICATES NEGATIVE NUMBERS.
R  INDICATES RECORD WAS SET OR TIED.
MM INDICATES DATA IS MISSING.
T  INDICATES TRACE AMOUNT.




$$
