000
CDUS45 KLKN 240931
CLIEKO


CLIMATE REPORT
NATIONAL WEATHER SERVICE ELKO NV
228 AM PDT FRI OCT 24 2014


...................................

...THE ELKO AIRPORT NV CLIMATE SUMMARY FOR OCTOBER 23 2014...

CLIMATE NORMAL PERIOD 1981 TO 2010
CLIMATE RECORD PERIOD 1888 TO 2014


WEATHER ITEM   OBSERVED TIME   RECORD YEAR NORMAL DEPARTURE LAST
                VALUE   (LST)  VALUE       VALUE  FROM      YEAR
                                                  NORMAL
..................................................................
TEMPERATURE (F)
 YESTERDAY
  MAXIMUM         73    144 PM  77    1937  61     12       72
  MINIMUM         36    402 AM   8    1895  27      9       26
  AVERAGE         55                        44     11       49

PRECIPITATION (IN)
  YESTERDAY        0.00          0.50 1897   0.02  -0.02     0.00
  MONTH TO DATE    T                         0.51  -0.51     0.10
  SINCE OCT 1      T                         0.51  -0.51     0.10
  SINCE JAN 1      8.05                      7.36   0.69     4.95

SNOWFALL (IN)
  YESTERDAY        0.0           0.2  1956   0.0    0.0      0.0
  MONTH TO DATE    0.0                       0.3   -0.3       T
  SINCE SEP 1      0.0                       0.4   -0.4       T
  SINCE JUL 1      0.0                       0.4   -0.4       T
  SNOW DEPTH       0

DEGREE DAYS
 HEATING
  YESTERDAY       10                        21    -11       16
  MONTH TO DATE  273                       389   -116      431
  SINCE SEP 1    364                       596   -232      604
  SINCE JUL 1    384                       647   -263      604

 COOLING
  YESTERDAY        0                         0      0        0
  MONTH TO DATE    0                         0      0        0
  SINCE SEP 1     45                        21     24       66
  SINCE JAN 1    549                       383    166      776
..................................................................


WIND (MPH)
  HIGHEST WIND SPEED    17   HIGHEST WIND DIRECTION     W (260)
  HIGHEST GUST SPEED    20   HIGHEST GUST DIRECTION     W (270)
  AVERAGE WIND SPEED     4.7



WEATHER CONDITIONS
 THE FOLLOWING WEATHER WAS RECORDED YESTERDAY.
  NO SIGNIFICANT WEATHER WAS OBSERVED.


RELATIVE HUMIDITY (PERCENT)
 HIGHEST    56           400 AM
 LOWEST     14           100 PM
 AVERAGE    35

..........................................................


THE ELKO AIRPORT NV CLIMATE NORMALS FOR TODAY
                         NORMAL    RECORD    YEAR
 MAXIMUM TEMPERATURE (F)   61        80      1959
 MINIMUM TEMPERATURE (F)   27         9      1991
                                             1935


SUNRISE AND SUNSET
OCTOBER 24 2014.......SUNRISE   704 AM PDT   SUNSET   550 PM PDT
OCTOBER 25 2014.......SUNRISE   706 AM PDT   SUNSET   548 PM PDT


-  INDICATES NEGATIVE NUMBERS.
R  INDICATES RECORD WAS SET OR TIED.
MM INDICATES DATA IS MISSING.
T  INDICATES TRACE AMOUNT.




$$
