000
CDUS45 KLKN 261227
CLIEKO


CLIMATE REPORT
NATIONAL WEATHER SERVICE ELKO NV
527 AM PDT TUE SEP 6  2017


...................................

...THE ELKO AIRPORT NV CLIMATE SUMMARY FOR SEPTEMBER 25 2017...

CLIMATE NORMAL PERIOD 1981 TO 2010
CLIMATE RECORD PERIOD 1888 TO 2017


WEATHER ITEM   OBSERVED TIME   RECORD YEAR NORMAL DEPARTURE LAST
                VALUE   (LST)  VALUE       VALUE  FROM      YEAR
                                                  NORMAL
..................................................................
TEMPERATURE (F)
 YESTERDAY
  MAXIMUM         62        MM  92    2015  75    -13       75
  MINIMUM         30        MM  12    1891  36     -6       34
  AVERAGE         46                        55     -9       55

PRECIPITATION (IN)
  YESTERDAY        0.00          0.52 1982   0.02  -0.02     0.00
  MONTH TO DATE    1.93                      0.46   1.47     1.08
  SINCE OCT 1     15.56                      9.80   5.76    13.26
  SINCE JAN 1      9.93                      6.74   3.19     8.72

SNOWFALL (IN)
  YESTERDAY        0.0           1.7  1948   0.0    0.0      0.0
  MONTH TO DATE    0.0                       0.1   -0.1      0.0
  SINCE SEP 1      0.0                       0.1   -0.1      0.0
  SINCE JUL 1      0.0                       0.1   -0.1      0.0
  SNOW DEPTH       0

DEGREE DAYS
 HEATING
  YESTERDAY       19                        10      9       10
  MONTH TO DATE  188                       151     37      155
  SINCE SEP 1    188                       151     37      155
  SINCE JUL 1    192                       202    -10      168

 COOLING
  YESTERDAY        0                         0      0        0
  MONTH TO DATE   89                        20     69       11
  SINCE SEP 1     89                        20     69       11
  SINCE JAN 1    785                       382    403      555
..................................................................


WIND (MPH)
  HIGHEST WIND SPEED    10   HIGHEST WIND DIRECTION    NW (310)
  HIGHEST GUST SPEED    MM   HIGHEST GUST DIRECTION    MM
  AVERAGE WIND SPEED     3.2



WEATHER CONDITIONS
 THE FOLLOWING WEATHER WAS RECORDED YESTERDAY.
  NO SIGNIFICANT WEATHER WAS OBSERVED.


RELATIVE HUMIDITY (PERCENT)
 HIGHEST    85           100 AM
 LOWEST     25           300 PM
 AVERAGE    55

..........................................................


THE ELKO AIRPORT NV CLIMATE NORMALS FOR TODAY
                         NORMAL    RECORD    YEAR
 MAXIMUM TEMPERATURE (F)   74        90      1894
 MINIMUM TEMPERATURE (F)   35         9      1934


SUNRISE AND SUNSET
SEPTEMBER 26 2017.....SUNRISE   635 AM PDT   SUNSET   633 PM PDT
SEPTEMBER 27 2017.....SUNRISE   636 AM PDT   SUNSET   631 PM PDT


-  INDICATES NEGATIVE NUMBERS.
R  INDICATES RECORD WAS SET OR TIED.
MM INDICATES DATA IS MISSING.
T  INDICATES TRACE AMOUNT.




$$
