000
CDUS45 KLKN 250029
CLIEKO


CLIMATE REPORT
NATIONAL WEATHER SERVICE ELKO NV
427 PM PST FRI NOV 24 2017


...................................

...THE ELKO AIRPORT NV CLIMATE SUMMARY FOR NOVEMBER 24 2017...
VALID TODAY AS OF 0400 PM LOCAL TIME.

CLIMATE NORMAL PERIOD 1981 TO 2010
CLIMATE RECORD PERIOD 1888 TO 2017


WEATHER ITEM   OBSERVED TIME   RECORD YEAR NORMAL DEPARTURE LAST
                VALUE   (LST)  VALUE       VALUE  FROM      YEAR
                                                  NORMAL
..................................................................
TEMPERATURE (F)
 TODAY
  MAXIMUM         58    220 PM  72    1894  44     14       41
  MINIMUM         34    257 AM -12    1931  19     15       19
  AVERAGE         46                        31     15       30

PRECIPITATION (IN)
  TODAY            0.00          0.80 1918   0.04  -0.04     0.00
  MONTH TO DATE    0.99                      0.88   0.11     0.17
  SINCE OCT 1      1.12                      1.63  -0.51     2.47
  SINCE JAN 1     11.05                      8.48   2.57    11.19

SNOWFALL (IN)
  TODAY            0.0           5.0  1918   0.2   -0.2      0.0
  MONTH TO DATE    0.7                       3.4   -2.7      1.0
  SINCE SEP 1      0.7                       4.1   -3.4      1.0
  SINCE JUL 1      0.7                       4.1   -3.4      1.0
  SNOW DEPTH       0

DEGREE DAYS
 HEATING
  TODAY           19                        34    -15       35
  MONTH TO DATE  566                       698   -132      529
  SINCE SEP 1   1430                      1476    -46     1137
  SINCE JUL 1   1434                      1527    -93     1150

 COOLING
  TODAY            0                         0      0        0
  MONTH TO DATE    0                         0      0        0
  SINCE SEP 1     89                        21     68       16
  SINCE JAN 1    785                       383    402      560
..................................................................


WIND (MPH)
  HIGHEST WIND SPEED    24   HIGHEST WIND DIRECTION     W (250)
  HIGHEST GUST SPEED    29   HIGHEST GUST DIRECTION     W (260)



WEATHER CONDITIONS
 THE FOLLOWING WEATHER WAS RECORDED TODAY.
  NO SIGNIFICANT WEATHER WAS OBSERVED.


RELATIVE HUMIDITY (PERCENT)
 HIGHEST    89           300 AM
 LOWEST     36           200 PM
 AVERAGE    63

..........................................................


THE ELKO AIRPORT NV CLIMATE NORMALS FOR TOMORROW
                         NORMAL    RECORD    YEAR
 MAXIMUM TEMPERATURE (F)   43        68      1995
                                             1894
 MINIMUM TEMPERATURE (F)   19       -14      2010


SUNRISE AND SUNSET
NOVEMBER 24 2017......SUNRISE   641 AM PST   SUNSET   419 PM PST
NOVEMBER 25 2017......SUNRISE   642 AM PST   SUNSET   418 PM PST


-  INDICATES NEGATIVE NUMBERS.
R  INDICATES RECORD WAS SET OR TIED.
MM INDICATES DATA IS MISSING.
T  INDICATES TRACE AMOUNT.




$$
