000
CDUS45 KLKN 030941
CLIEKO


CLIMATE REPORT
NATIONAL WEATHER SERVICE ELKO NV
237 AM PDT WED JUN 3 2015


...................................

...THE ELKO AIRPORT NV CLIMATE SUMMARY FOR JUNE 2 2015...

CLIMATE NORMAL PERIOD 1981 TO 2010
CLIMATE RECORD PERIOD 1888 TO 2015


WEATHER ITEM   OBSERVED TIME   RECORD YEAR NORMAL DEPARTURE LAST
                VALUE   (LST)  VALUE       VALUE  FROM      YEAR
                                                  NORMAL
..................................................................
TEMPERATURE (F)
 YESTERDAY
  MAXIMUM         76    331 PM  90    2013  75      1       87
                                      2012
  MINIMUM         48    453 AM  23    1954  41      7       40
  AVERAGE         62                        58      4       64

PRECIPITATION (IN)
  YESTERDAY        0.00          1.25 1891   0.03  -0.03     0.00
  MONTH TO DATE    0.00                      0.06  -0.06     0.00
  SINCE OCT 1      7.11                      8.01  -0.90     7.32
  SINCE JAN 1      4.87                      4.95  -0.08     5.71

SNOWFALL (IN)
  YESTERDAY        0.0           T    2011   0.0    0.0      0.0
                                      1949
                                      1943
  MONTH TO DATE    0.0                       0.0    0.0      0.0
  SINCE JUN 1      0.0                       0.0    0.0      0.0
  SINCE JUL 1     14.3                      41.3  -27.0     20.5
  SNOW DEPTH       0

DEGREE DAYS
 HEATING
  YESTERDAY        3                         8     -5        1
  MONTH TO DATE    3                        16    -13        8
  SINCE JUN 1      3                        16    -13        8
  SINCE JUL 1   5528                      6951  -1423     6390

 COOLING
  YESTERDAY        0                         1     -1        0
  MONTH TO DATE    1                         1      0        0
  SINCE JUN 1      1                         1      0        0
  SINCE JAN 1      8                         5      3        3
..................................................................


WIND (MPH)
  HIGHEST WIND SPEED    20   HIGHEST WIND DIRECTION     S (200)
  HIGHEST GUST SPEED    27   HIGHEST GUST DIRECTION    SW (210)
  AVERAGE WIND SPEED     7.7



WEATHER CONDITIONS
 THE FOLLOWING WEATHER WAS RECORDED YESTERDAY.
  NO SIGNIFICANT WEATHER WAS OBSERVED.


RELATIVE HUMIDITY (PERCENT)
 HIGHEST    66           500 AM
 LOWEST     16           200 PM
 AVERAGE    41

..........................................................


THE ELKO AIRPORT NV CLIMATE NORMALS FOR TODAY
                         NORMAL    RECORD    YEAR
 MAXIMUM TEMPERATURE (F)   75        92      1909
 MINIMUM TEMPERATURE (F)   42        20      1895


SUNRISE AND SUNSET
JUNE  3 2015..........SUNRISE   513 AM PDT   SUNSET   810 PM PDT
JUNE  4 2015..........SUNRISE   513 AM PDT   SUNSET   810 PM PDT


-  INDICATES NEGATIVE NUMBERS.
R  INDICATES RECORD WAS SET OR TIED.
MM INDICATES DATA IS MISSING.
T  INDICATES TRACE AMOUNT.




$$
