000
CDUS45 KLKN 010036
CLIEKO


CLIMATE REPORT
NATIONAL WEATHER SERVICE ELKO NV
536 PM PDT THU JUL 31 2014


...................................

...THE ELKO AIRPORT NV CLIMATE SUMMARY FOR JULY 31 2014...
VALID TODAY AS OF 0500 PM LOCAL TIME.

CLIMATE NORMAL PERIOD 1981 TO 2010
CLIMATE RECORD PERIOD 1888 TO 2014


WEATHER ITEM   OBSERVED TIME   RECORD YEAR NORMAL DEPARTURE LAST
                VALUE   (LST)  VALUE       VALUE  FROM      YEAR
                                                  NORMAL
..................................................................
TEMPERATURE (F)
 TODAY
  MAXIMUM         89   1201 PM 103    1978  92     -3       95
  MINIMUM         60    417 AM  30    1995  51      9       57
  AVERAGE         75                        71      4       76

PRECIPITATION (IN)
  TODAY            0.01          0.56 1984   0.01   0.00     0.00
  MONTH TO DATE    0.55                      0.37   0.18     0.45
  SINCE OCT 1      8.01                      8.97  -0.96     6.14
  SINCE JAN 1      6.40                      5.91   0.49     3.31

SNOWFALL (IN)
  TODAY            0.0           0.0  1888   0.0    0.0      0.0
  MONTH TO DATE    0.0                       0.0    0.0      0.0
  SINCE JUN 1      0.0                       0.0    0.0      0.0
  SINCE JUL 1      0.0                       0.0    0.0      0.0
  SNOW DEPTH       0

DEGREE DAYS
 HEATING
  TODAY            0                         0      0        0
  MONTH TO DATE    0                        17    -17        0
  SINCE JUN 1     92                       150    -58       63
  SINCE JUL 1      0                        19    -19        0

 COOLING
  TODAY           10                         6      4       11
  MONTH TO DATE  346                       180    166      373
  SINCE JUN 1    375                       227    148      496
  SINCE JAN 1    378                       231    147      500
..................................................................


WIND (MPH)
  HIGHEST WIND SPEED    24   HIGHEST WIND DIRECTION     E (80)
  HIGHEST GUST SPEED    34   HIGHEST GUST DIRECTION     E (80)



WEATHER CONDITIONS
 THE FOLLOWING WEATHER WAS RECORDED TODAY.
  THUNDERSTORM
  LIGHT RAIN


RELATIVE HUMIDITY (PERCENT)
 HIGHEST    60           300 AM
 LOWEST     20          1200 PM
 AVERAGE    40

..........................................................


THE ELKO AIRPORT NV CLIMATE NORMALS FOR TOMORROW
                         NORMAL    RECORD    YEAR
 MAXIMUM TEMPERATURE (F)   91       105      1892
 MINIMUM TEMPERATURE (F)   50        34      1932


SUNRISE AND SUNSET
JULY 31 2014..........SUNRISE   539 AM PDT   SUNSET   800 PM PDT
AUGUST  1 2014........SUNRISE   540 AM PDT   SUNSET   759 PM PDT


-  INDICATES NEGATIVE NUMBERS.
R  INDICATES RECORD WAS SET OR TIED.
MM INDICATES DATA IS MISSING.
T  INDICATES TRACE AMOUNT.




$$
