452
CDUS45 KLKN 060928
CLIEKO


CLIMATE REPORT
NATIONAL WEATHER SERVICE ELKO NV
228 AM PDT FRI MAY 6 2016


...................................

...THE ELKO AIRPORT NV CLIMATE SUMMARY FOR MAY 5 2016...

CLIMATE NORMAL PERIOD 1981 TO 2010
CLIMATE RECORD PERIOD 1888 TO 2016


WEATHER ITEM   OBSERVED TIME   RECORD YEAR NORMAL DEPARTURE LAST
                VALUE   (LST)  VALUE       VALUE  FROM      YEAR
                                                  NORMAL
..................................................................
TEMPERATURE (F)
 YESTERDAY
  MAXIMUM         77    147 PM  86    1947  66     11       75
  MINIMUM         49    522 AM  15    1961  35     14       39
  AVERAGE         63                        50     13       57

PRECIPITATION (IN)
  YESTERDAY        0.00          0.81 1889   0.04  -0.04      T
  MONTH TO DATE    0.00                      0.17  -0.17      T
  SINCE OCT 1      9.82                      7.16   2.66     3.62
  SINCE JAN 1      5.28                      4.10   1.18     1.38

SNOWFALL (IN)
  YESTERDAY        0.0           2.0  1930   0.1   -0.1      0.0
  MONTH TO DATE    0.0                       0.2   -0.2      0.0
  SINCE MAR 1      7.5                       8.5   -1.0      2.9
  SINCE JUL 1     63.8                      41.0   22.8     12.3
  SNOW DEPTH       0

DEGREE DAYS
 HEATING
  YESTERDAY        2                        15    -13        8
  MONTH TO DATE   45                        77    -32       29
  SINCE MAR 1   1191                      1480   -289     1237
  SINCE JUL 1   6216                      6648   -432     5245

 COOLING
  YESTERDAY        0                         0      0        0
  MONTH TO DATE    0                         0      0        0
  SINCE MAR 1      0                         0      0        0
  SINCE JAN 1      0                         0      0        0
..................................................................


WIND (MPH)
  HIGHEST WIND SPEED    24   HIGHEST WIND DIRECTION     S (170)
  HIGHEST GUST SPEED    32   HIGHEST GUST DIRECTION     S (170)
  AVERAGE WIND SPEED     9.1



WEATHER CONDITIONS
 THE FOLLOWING WEATHER WAS RECORDED YESTERDAY.
  NO SIGNIFICANT WEATHER WAS OBSERVED.


RELATIVE HUMIDITY (PERCENT)
 HIGHEST    63           600 AM
 LOWEST     11           200 PM
 AVERAGE    37

..........................................................


THE ELKO AIRPORT NV CLIMATE NORMALS FOR TODAY
                         NORMAL    RECORD    YEAR
 MAXIMUM TEMPERATURE (F)   66        88      1947
 MINIMUM TEMPERATURE (F)   35        10      1965


SUNRISE AND SUNSET
MAY  6 2016...........SUNRISE   535 AM PDT   SUNSET   745 PM PDT
MAY  7 2016...........SUNRISE   534 AM PDT   SUNSET   746 PM PDT


-  INDICATES NEGATIVE NUMBERS.
R  INDICATES RECORD WAS SET OR TIED.
MM INDICATES DATA IS MISSING.
T  INDICATES TRACE AMOUNT.




$$
