000
CDUS45 KLKN 270929
CLIEKO


CLIMATE REPORT
NATIONAL WEATHER SERVICE ELKO NV
227 AM PDT SAT MAY 27 2017


...................................

...THE ELKO AIRPORT NV CLIMATE SUMMARY FOR MAY 26 2017...

CLIMATE NORMAL PERIOD 1981 TO 2010
CLIMATE RECORD PERIOD 1888 TO 2017


WEATHER ITEM   OBSERVED TIME   RECORD YEAR NORMAL DEPARTURE LAST
                VALUE   (LST)  VALUE       VALUE  FROM      YEAR
                                                  NORMAL
..................................................................
TEMPERATURE (F)
 YESTERDAY
  MAXIMUM         65    248 PM  94    1919  72     -7       65
  MINIMUM         41   1159 PM  20    1895  40      1       35
  AVERAGE         53                        56     -3       50

PRECIPITATION (IN)
  YESTERDAY        0.00          0.75 1941   0.03  -0.03     0.09
  MONTH TO DATE    0.57                      0.81  -0.24     1.49
  SINCE OCT 1     12.85                      7.80   5.05    11.31
  SINCE JAN 1      7.22                      4.74   2.48     6.77

SNOWFALL (IN)
  YESTERDAY        0.0           0.2  1998   0.0    0.0      0.0
  MONTH TO DATE    T                         0.5   -0.5       T
  SINCE MAR 1      1.9                       8.8   -6.9      7.5
  SINCE JUL 1     53.3                      41.3   12.0     63.8
  SNOW DEPTH       0

DEGREE DAYS
 HEATING
  YESTERDAY       12                         9      3       15
  MONTH TO DATE  258                       322    -64      288
  SINCE MAR 1   1481                      1725   -244     1434
  SINCE JUL 1   6217                      6893   -676     6459

 COOLING
  YESTERDAY        0                         0      0        0
  MONTH TO DATE    0                         0      0        0
  SINCE MAR 1      0                         0      0        0
  SINCE JAN 1      0                         0      0        0
..................................................................


WIND (MPH)
  HIGHEST WIND SPEED    28   HIGHEST WIND DIRECTION    NW (330)
  HIGHEST GUST SPEED    36   HIGHEST GUST DIRECTION    NW (320)
  AVERAGE WIND SPEED     7.8



WEATHER CONDITIONS
 THE FOLLOWING WEATHER WAS RECORDED YESTERDAY.
  NO SIGNIFICANT WEATHER WAS OBSERVED.


RELATIVE HUMIDITY (PERCENT)
 HIGHEST    65           400 AM
 LOWEST     26           200 PM
 AVERAGE    46

..........................................................


THE ELKO AIRPORT NV CLIMATE NORMALS FOR TODAY
                         NORMAL    RECORD    YEAR
 MAXIMUM TEMPERATURE (F)   73        90      1986
                                             1919
 MINIMUM TEMPERATURE (F)   40        22      1911


SUNRISE AND SUNSET
MAY 27 2017...........SUNRISE   516 AM PDT   SUNSET   805 PM PDT
MAY 28 2017...........SUNRISE   516 AM PDT   SUNSET   806 PM PDT


-  INDICATES NEGATIVE NUMBERS.
R  INDICATES RECORD WAS SET OR TIED.
MM INDICATES DATA IS MISSING.
T  INDICATES TRACE AMOUNT.




$$
