000
CDUS45 KLKN 240941
CLIEKO


CLIMATE REPORT
NATIONAL WEATHER SERVICE ELKO NV
236 AM PDT MON APR 24 2017


...................................

...THE ELKO AIRPORT NV CLIMATE SUMMARY FOR APRIL 23 2017...

CLIMATE NORMAL PERIOD 1981 TO 2010
CLIMATE RECORD PERIOD 1888 TO 2017


WEATHER ITEM   OBSERVED TIME   RECORD YEAR NORMAL DEPARTURE LAST
                VALUE   (LST)  VALUE       VALUE  FROM      YEAR
                                                  NORMAL
..................................................................
TEMPERATURE (F)
 YESTERDAY
  MAXIMUM         65    421 PM  86    2012  62      3       56
  MINIMUM         40    518 AM  15    1968  32      8       34
                                      1961
  AVERAGE         53                        47      6       45

PRECIPITATION (IN)
  YESTERDAY        0.00          0.75 1900   0.04  -0.04     0.22
  MONTH TO DATE    0.99                      0.74   0.25     0.93
  SINCE OCT 1     11.96                      6.76   5.20     8.76
  SINCE JAN 1      6.33                      3.70   2.63     4.22

SNOWFALL (IN)
  YESTERDAY        0.0           1.1  1964   0.1   -0.1      0.2
  MONTH TO DATE    T                         2.8   -2.8      1.0
  SINCE MAR 1      1.9                       7.9   -6.0      7.5
  SINCE JUL 1     53.3                      40.4   12.9     63.8
  SNOW DEPTH       0

DEGREE DAYS
 HEATING
  YESTERDAY       12                        18     -6       20
  MONTH TO DATE  440                       475    -35      321
  SINCE MAR 1   1075                      1284   -209      997
  SINCE JUL 1   5811                      6452   -641     6022

 COOLING
  YESTERDAY        0                         0      0        0
  MONTH TO DATE    0                         0      0        0
  SINCE MAR 1      0                         0      0        0
  SINCE JAN 1      0                         0      0        0
..................................................................


WIND (MPH)
  HIGHEST WIND SPEED    25   HIGHEST WIND DIRECTION     W (260)
  HIGHEST GUST SPEED    31   HIGHEST GUST DIRECTION    SW (230)
  AVERAGE WIND SPEED     7.5



WEATHER CONDITIONS
 THE FOLLOWING WEATHER WAS RECORDED YESTERDAY.
  NO SIGNIFICANT WEATHER WAS OBSERVED.


RELATIVE HUMIDITY (PERCENT)
 HIGHEST    82           600 AM
 LOWEST     18           400 PM
 AVERAGE    50

..........................................................


THE ELKO AIRPORT NV CLIMATE NORMALS FOR TODAY
                         NORMAL    RECORD    YEAR
 MAXIMUM TEMPERATURE (F)   62        84      1977
 MINIMUM TEMPERATURE (F)   33        15      1950


SUNRISE AND SUNSET
APRIL 24 2017.........SUNRISE   551 AM PDT   SUNSET   733 PM PDT
APRIL 25 2017.........SUNRISE   549 AM PDT   SUNSET   734 PM PDT


-  INDICATES NEGATIVE NUMBERS.
R  INDICATES RECORD WAS SET OR TIED.
MM INDICATES DATA IS MISSING.
T  INDICATES TRACE AMOUNT.




$$
