000
CDUS45 KLKN 310027
CLIEKO


CLIMATE REPORT
NATIONAL WEATHER SERVICE ELKO NV
526 PM PDT SAT AUG 30 2014


...................................

...THE ELKO AIRPORT NV CLIMATE SUMMARY FOR AUGUST 30 2014...
VALID TODAY AS OF 0500 PM LOCAL TIME.

CLIMATE NORMAL PERIOD 1981 TO 2010
CLIMATE RECORD PERIOD 1888 TO 2014


WEATHER ITEM   OBSERVED TIME   RECORD YEAR NORMAL DEPARTURE LAST
                VALUE   (LST)  VALUE       VALUE  FROM      YEAR
                                                  NORMAL
..................................................................
TEMPERATURE (F)
 TODAY
  MAXIMUM         85    237 PM  98    1967  85      0       91
  MINIMUM         51    558 AM  24    1932  45      6       50
  AVERAGE         68                        65      3       71

PRECIPITATION (IN)
  TODAY            0.00          0.20 1957   0.01  -0.01     0.00
  MONTH TO DATE    1.27                      0.36   0.91     0.35
  SINCE OCT 1      9.28                      9.33  -0.05     6.49
  SINCE JAN 1      7.67                      6.27   1.40     3.66

SNOWFALL (IN)
  TODAY            0.0           0.0  1888   0.0    0.0      0.0
  MONTH TO DATE    0.0                       0.0    0.0      0.0
  SINCE JUN 1      0.0                       0.0    0.0      0.0
  SINCE JUL 1      0.0                       0.0    0.0      0.0
  SNOW DEPTH      MM

DEGREE DAYS
 HEATING
  TODAY            0                         2     -2        0
  MONTH TO DATE   18                        28    -10        0
  SINCE JUN 1    110                       178    -68       63
  SINCE JUL 1     18                        47    -29        0

 COOLING
  TODAY            3                         2      1        6
  MONTH TO DATE  128                       129     -1      204
  SINCE JUN 1    501                       356    145      700
  SINCE JAN 1    504                       360    144      704
..................................................................


WIND (MPH)
  HIGHEST WIND SPEED    25   HIGHEST WIND DIRECTION     W (270)
  HIGHEST GUST SPEED    36   HIGHEST GUST DIRECTION    SW (230)



WEATHER CONDITIONS
 THE FOLLOWING WEATHER WAS RECORDED TODAY.
  NO SIGNIFICANT WEATHER WAS OBSERVED.


RELATIVE HUMIDITY (PERCENT)
 HIGHEST    59           500 AM
 LOWEST     15           200 PM
 AVERAGE    37

..........................................................


THE ELKO AIRPORT NV CLIMATE NORMALS FOR TOMORROW
                         NORMAL    RECORD    YEAR
 MAXIMUM TEMPERATURE (F)   85        96      1955
                                             1950
                                             1924
 MINIMUM TEMPERATURE (F)   45        27      1932


SUNRISE AND SUNSET
AUGUST 30 2014........SUNRISE   608 AM PDT   SUNSET   719 PM PDT
AUGUST 31 2014........SUNRISE   609 AM PDT   SUNSET   717 PM PDT


-  INDICATES NEGATIVE NUMBERS.
R  INDICATES RECORD WAS SET OR TIED.
MM INDICATES DATA IS MISSING.
T  INDICATES TRACE AMOUNT.




$$
