000
CDUS45 KLKN 230927
CLIEKO


CLIMATE REPORT
NATIONAL WEATHER SERVICE ELKO NV
226 AM PDT TUE SEP 23 2014


...................................

...THE ELKO AIRPORT NV CLIMATE SUMMARY FOR SEPTEMBER 22 2014...

CLIMATE NORMAL PERIOD 1981 TO 2010
CLIMATE RECORD PERIOD 1888 TO 2014


WEATHER ITEM   OBSERVED TIME   RECORD YEAR NORMAL DEPARTURE LAST
                VALUE   (LST)  VALUE       VALUE  FROM      YEAR
                                                  NORMAL
..................................................................
TEMPERATURE (F)
 YESTERDAY
  MAXIMUM         79    333 PM  92    1966  76      3       61
  MINIMUM         43    307 AM  10    1895  37      6       38
  AVERAGE         61                        56      5       50

PRECIPITATION (IN)
  YESTERDAY        0.00          0.43 1929   0.02  -0.02     0.08
  MONTH TO DATE    0.14                      0.40  -0.26     1.18
  SINCE OCT 1      9.42                      9.74  -0.32     7.67
  SINCE JAN 1      7.81                      6.68   1.13     4.84

SNOWFALL (IN)
  YESTERDAY        0.0           T    1945   0.0    0.0      0.0
                                      1941
  MONTH TO DATE    0.0                       0.0    0.0      0.0
  SINCE SEP 1      0.0                       0.0    0.0      0.0
  SINCE JUL 1      0.0                       0.0    0.0      0.0
  SNOW DEPTH       0

DEGREE DAYS
 HEATING
  YESTERDAY        4                         9     -5       15
  MONTH TO DATE   39                       122    -83       50
  SINCE SEP 1     39                       122    -83       50
  SINCE JUL 1     59                       173   -114       50

 COOLING
  YESTERDAY        0                         0      0        0
  MONTH TO DATE   31                        20     11       66
  SINCE SEP 1     31                        20     11       66
  SINCE JAN 1    535                       382    153      776
..................................................................


WIND (MPH)
  HIGHEST WIND SPEED    21   HIGHEST WIND DIRECTION     W (250)
  HIGHEST GUST SPEED    25   HIGHEST GUST DIRECTION     W (250)
  AVERAGE WIND SPEED     5.8



WEATHER CONDITIONS
 THE FOLLOWING WEATHER WAS RECORDED YESTERDAY.
  NO SIGNIFICANT WEATHER WAS OBSERVED.


RELATIVE HUMIDITY (PERCENT)
 HIGHEST    89           200 AM
 LOWEST     27           400 PM
 AVERAGE    58

..........................................................


THE ELKO AIRPORT NV CLIMATE NORMALS FOR TODAY
                         NORMAL    RECORD    YEAR
 MAXIMUM TEMPERATURE (F)   75        90      2001
                                             1966
                                             1949
 MINIMUM TEMPERATURE (F)   36        10      1891


SUNRISE AND SUNSET
SEPTEMBER 23 2014.....SUNRISE   632 AM PDT   SUNSET   638 PM PDT
SEPTEMBER 24 2014.....SUNRISE   633 AM PDT   SUNSET   637 PM PDT


-  INDICATES NEGATIVE NUMBERS.
R  INDICATES RECORD WAS SET OR TIED.
MM INDICATES DATA IS MISSING.
T  INDICATES TRACE AMOUNT.




$$
