363
CDUS45 KLKN 280935
CLIEKO


CLIMATE REPORT
NATIONAL WEATHER SERVICE ELKO NV
230 AM PDT WED SEP 28 2016


...................................

...THE ELKO AIRPORT NV CLIMATE SUMMARY FOR SEPTEMBER 27 2016...

CLIMATE NORMAL PERIOD 1981 TO 2010
CLIMATE RECORD PERIOD 1888 TO 2016


WEATHER ITEM   OBSERVED TIME   RECORD YEAR NORMAL DEPARTURE LAST
                VALUE   (LST)  VALUE       VALUE  FROM      YEAR
                                                  NORMAL
..................................................................
TEMPERATURE (F)
 YESTERDAY
  MAXIMUM         84    332 PM  91    2010  74     10       84
  MINIMUM         44    533 AM  13    1889  35      9       45
  AVERAGE         64                        54     10       65

PRECIPITATION (IN)
  YESTERDAY        0.00          0.56 1983   0.03  -0.03     0.00
  MONTH TO DATE    1.08                      0.51   0.57     0.23
  SINCE OCT 1     13.26                      9.85   3.41     9.23
  SINCE JAN 1      8.72                      6.79   1.93     6.99

SNOWFALL (IN)
  YESTERDAY        0.0           0.0  1888   0.0    0.0      0.0
  MONTH TO DATE    0.0                       0.1   -0.1      0.0
  SINCE SEP 1      0.0                       0.1   -0.1      0.0
  SINCE JUL 1      0.0                       0.1   -0.1      0.0
  SNOW DEPTH       0

DEGREE DAYS
 HEATING
  YESTERDAY        1                        11    -10        0
  MONTH TO DATE  160                       172    -12      102
  SINCE SEP 1    160                       172    -12      102
  SINCE JUL 1    173                       223    -50      113

 COOLING
  YESTERDAY        0                         0      0        0
  MONTH TO DATE   11                        20     -9       36
  SINCE SEP 1     11                        20     -9       36
  SINCE JAN 1    555                       382    173      621
..................................................................


WIND (MPH)
  HIGHEST WIND SPEED     9   HIGHEST WIND DIRECTION    NE (30)
  HIGHEST GUST SPEED    11   HIGHEST GUST DIRECTION    NE (30)
  AVERAGE WIND SPEED     3.1



WEATHER CONDITIONS
 THE FOLLOWING WEATHER WAS RECORDED YESTERDAY.
  NO SIGNIFICANT WEATHER WAS OBSERVED.


RELATIVE HUMIDITY (PERCENT)
 HIGHEST    83           500 AM
 LOWEST     16           200 PM
 AVERAGE    50

..........................................................


THE ELKO AIRPORT NV CLIMATE NORMALS FOR TODAY
                         NORMAL    RECORD    YEAR
 MAXIMUM TEMPERATURE (F)   73        92      2010
 MINIMUM TEMPERATURE (F)   34        14      1891


SUNRISE AND SUNSET
SEPTEMBER 28 2016.....SUNRISE   637 AM PDT   SUNSET   629 PM PDT
SEPTEMBER 29 2016.....SUNRISE   638 AM PDT   SUNSET   628 PM PDT


-  INDICATES NEGATIVE NUMBERS.
R  INDICATES RECORD WAS SET OR TIED.
MM INDICATES DATA IS MISSING.
T  INDICATES TRACE AMOUNT.




$$
