000
CDUS45 KLKN 280949
CLIEKO


CLIMATE REPORT
NATIONAL WEATHER SERVICE ELKO NV
149 AM PST TUE FEB 28 2017


...................................

...THE ELKO AIRPORT NV CLIMATE SUMMARY FOR FEBRUARY 27 2017...

CLIMATE NORMAL PERIOD 1981 TO 2010
CLIMATE RECORD PERIOD 1888 TO 2017


WEATHER ITEM   OBSERVED TIME   RECORD YEAR NORMAL DEPARTURE LAST
                VALUE   (LST)  VALUE       VALUE  FROM      YEAR
                                                  NORMAL
..................................................................
TEMPERATURE (F)
 YESTERDAY
  MAXIMUM         35    316 PM  66    1986  46    -11       53
                                      1980
  MINIMUM         20   1159 PM -41    1890  22     -2       30
  AVERAGE         28                        34     -6       42

PRECIPITATION (IN)
  YESTERDAY        0.02          1.20 1902   0.03  -0.01     0.00
  MONTH TO DATE    1.59                      0.81   0.78     0.31
  SINCE OCT 1      9.70                      4.99   4.71     6.82
  SINCE JAN 1      4.07                      1.93   2.14     2.28

SNOWFALL (IN)
  YESTERDAY        0.4          12.0  1902   0.2    0.2      0.0
  MONTH TO DATE    3.1                       6.2   -3.1      3.3
  SINCE DEC 1     45.9                      26.6   19.3     44.1
  SINCE JUL 1     51.4                      32.3   19.1     56.3
  SNOW DEPTH       1

DEGREE DAYS
 HEATING
  YESTERDAY       37                        31      6       23
  MONTH TO DATE  760                       952   -192      966
  SINCE DEC 1   3354                      3399    -45     3504
  SINCE JUL 1   4699                      5137   -438     4985

 COOLING
  YESTERDAY        0                         0      0        0
  MONTH TO DATE    0                         0      0        0
  SINCE DEC 1      0                         0      0        0
  SINCE JAN 1      0                         0      0        0
..................................................................


WIND (MPH)
  HIGHEST WIND SPEED    23   HIGHEST WIND DIRECTION     W (270)
  HIGHEST GUST SPEED    29   HIGHEST GUST DIRECTION     W (250)
  AVERAGE WIND SPEED     9.7



WEATHER CONDITIONS
 THE FOLLOWING WEATHER WAS RECORDED YESTERDAY.
  LIGHT SNOW
  FOG


RELATIVE HUMIDITY (PERCENT)
 HIGHEST    85          1200 AM
 LOWEST     38           300 PM
 AVERAGE    62

..........................................................


THE ELKO AIRPORT NV CLIMATE NORMALS FOR TODAY
                         NORMAL    RECORD    YEAR
 MAXIMUM TEMPERATURE (F)   46        70      1986
                                             1905
 MINIMUM TEMPERATURE (F)   22       -34      1890


SUNRISE AND SUNSET
FEBRUARY 28 2017......SUNRISE   618 AM PST   SUNSET   534 PM PST
MARCH  1 2017.........SUNRISE   617 AM PST   SUNSET   535 PM PST


-  INDICATES NEGATIVE NUMBERS.
R  INDICATES RECORD WAS SET OR TIED.
MM INDICATES DATA IS MISSING.
T  INDICATES TRACE AMOUNT.




$$
