000
CDUS44 KSHV 150843
CLIELD


CLIMATE REPORT
NATIONAL WEATHER SERVICE SHREVEPORT, LA
243 AM CST FRI DEC 15 2017


...................................

...THE EL DORADO CLIMATE SUMMARY FOR DECEMBER 14 2017...

CLIMATE NORMAL PERIOD 1981 TO 2010
CLIMATE RECORD PERIOD 1907 TO 2017


WEATHER ITEM   OBSERVED TIME   RECORD YEAR NORMAL DEPARTURE LAST
                VALUE   (LST)  VALUE       VALUE  FROM      YEAR
                                                  NORMAL
..................................................................
TEMPERATURE (F)
 YESTERDAY
  MAXIMUM         60    259 PM  83    1948  56      4       44
  MINIMUM         28    739 AM  15    1958  35     -7       35
  AVERAGE         44                        46     -2       40

PRECIPITATION (IN)
  YESTERDAY        0.00          2.09 1972   0.17  -0.17     0.00
  MONTH TO DATE    0.62                      2.56  -1.94     2.27
  SINCE DEC 1      0.62                      2.56  -1.94     2.27
  SINCE JAN 1     41.69                     50.30  -8.61    57.62

SNOWFALL (IN)
  YESTERDAY        0.0
  MONTH TO DATE    0.0
  SINCE DEC 1      0.0
  SINCE JUL 1      0.0
  SNOW DEPTH       0

DEGREE DAYS
 HEATING
  YESTERDAY       21                        20      1       25
  MONTH TO DATE  228                       254    -26      266
  SINCE DEC 1    228                       254    -26      266
  SINCE JUL 1    630                       733   -103      539

 COOLING
  YESTERDAY        0                         0      0        0
  MONTH TO DATE    0                         0      0        0
  SINCE DEC 1      0                         0      0        0
  SINCE JAN 1   2241                      2126    115     2391
..................................................................


WIND (MPH)
  HIGHEST WIND SPEED    14   HIGHEST WIND DIRECTION    NE (40)
  HIGHEST GUST SPEED    18   HIGHEST GUST DIRECTION    NE (40)
  AVERAGE WIND SPEED     4.0


SKY COVER
  POSSIBLE SUNSHINE  MM
  AVERAGE SKY COVER 0.0


WEATHER CONDITIONS
 THE FOLLOWING WEATHER WAS RECORDED YESTERDAY.
  NO SIGNIFICANT WEATHER WAS OBSERVED.


RELATIVE HUMIDITY (PERCENT)
 HIGHEST   100           700 AM
 LOWEST     37           300 PM
 AVERAGE    69

..........................................................


THE EL DORADO CLIMATE NORMALS FOR TODAY
                         NORMAL    RECORD    YEAR
 MAXIMUM TEMPERATURE (F)   56        76      1948
 MINIMUM TEMPERATURE (F)   35        12      1963


SUNRISE AND SUNSET
DECEMBER 15 2017......SUNRISE   707 AM CST   SUNSET   506 PM CST
DECEMBER 16 2017......SUNRISE   708 AM CST   SUNSET   506 PM CST


-  INDICATES NEGATIVE NUMBERS.
R  INDICATES RECORD WAS SET OR TIED.
MM INDICATES DATA IS MISSING.
T  INDICATES TRACE AMOUNT.




$$
