000
CDUS44 KSHV 170745
CLIELD


CLIMATE REPORT
NATIONAL WEATHER SERVICE SHREVEPORT, LA
245 AM CDT TUE OCT 17 2017


...................................

...THE EL DORADO CLIMATE SUMMARY FOR OCTOBER 16 2017...

CLIMATE NORMAL PERIOD 1981 TO 2010
CLIMATE RECORD PERIOD 1907 TO 2017


WEATHER ITEM   OBSERVED TIME   RECORD YEAR NORMAL DEPARTURE LAST
                VALUE   (LST)  VALUE       VALUE  FROM      YEAR
                                                  NORMAL
..................................................................
TEMPERATURE (F)
 YESTERDAY
  MAXIMUM         71    350 PM  92    1915  76     -5       84
  MINIMUM         44   1158 PM  32    1952  51     -7       65
  AVERAGE         58                        64     -6       75

PRECIPITATION (IN)
  YESTERDAY        0.00          2.88 1994   0.18  -0.18     0.00
  MONTH TO DATE    0.03                      2.56  -2.53     2.09
  SINCE DEC 1     44.93                     45.40  -0.47    60.63
  SINCE JAN 1     38.64                     40.22  -1.58    52.57

SNOWFALL (IN)
  YESTERDAY        0.0
  MONTH TO DATE    0.0
  SINCE SEP 1      0.0
  SINCE JUL 1      0.0
  SNOW DEPTH       0

DEGREE DAYS
 HEATING
  YESTERDAY        7                         4      3        0
  MONTH TO DATE    9                        38    -29        5
  SINCE SEP 1     12                        50    -38        5
  SINCE JUL 1     12                        50    -38        5

 COOLING
  YESTERDAY        0                         2     -2       10
  MONTH TO DATE  126                        57     69       74
  SINCE SEP 1    442                       357     85      458
  SINCE JAN 1   2177                      2084     93     2316
..................................................................


WIND (MPH)
  HIGHEST WIND SPEED    18   HIGHEST WIND DIRECTION    NE (40)
  HIGHEST GUST SPEED    26   HIGHEST GUST DIRECTION    NE (50)
  AVERAGE WIND SPEED     6.9


SKY COVER
  POSSIBLE SUNSHINE  MM
  AVERAGE SKY COVER 0.0


WEATHER CONDITIONS
 THE FOLLOWING WEATHER WAS RECORDED YESTERDAY.
  NO SIGNIFICANT WEATHER WAS OBSERVED.


RELATIVE HUMIDITY (PERCENT)
 HIGHEST    86           500 AM
 LOWEST     31           400 PM
 AVERAGE    59

..........................................................


THE EL DORADO CLIMATE NORMALS FOR TODAY
                         NORMAL    RECORD    YEAR
 MAXIMUM TEMPERATURE (F)   76        90      1953
 MINIMUM TEMPERATURE (F)   51        32      1952


SUNRISE AND SUNSET
OCTOBER 17 2017.......SUNRISE   717 AM CDT   SUNSET   635 PM CDT
OCTOBER 18 2017.......SUNRISE   718 AM CDT   SUNSET   634 PM CDT


-  INDICATES NEGATIVE NUMBERS.
R  INDICATES RECORD WAS SET OR TIED.
MM INDICATES DATA IS MISSING.
T  INDICATES TRACE AMOUNT.




$$
