000
CDUS44 KSHV 312213
CLIELD


CLIMATE REPORT
NATIONAL WEATHER SERVICE SHREVEPORT, LA
513 PM CDT TUE MAY 31 2016


...................................

...THE EL DORADO CLIMATE SUMMARY FOR MAY 31 2016...
VALID TODAY AS OF 0500 PM LOCAL TIME.

CLIMATE NORMAL PERIOD 1981 TO 2010
CLIMATE RECORD PERIOD 1907 TO 2016


WEATHER ITEM   OBSERVED TIME   RECORD YEAR NORMAL DEPARTURE LAST
                VALUE   (LST)  VALUE       VALUE  FROM      YEAR
                                                  NORMAL
..................................................................
TEMPERATURE (F)
 TODAY
  MAXIMUM         88    248 PM  99    1934  86      2       82
  MINIMUM         67    615 AM  43    1984  64      3       67
  AVERAGE         78                        75      3       75

PRECIPITATION (IN)
  TODAY            0.31          3.20 2015   0.15   0.16     3.20
  MONTH TO DATE    2.08                      5.05  -2.97    10.99
  SINCE DEC 1     37.62                     28.16   9.46    30.39
  SINCE JAN 1     29.56                     22.98   6.58    27.06

DEGREE DAYS
 HEATING
  TODAY            0                         0      0        0
  MONTH TO DATE   24                        16      8        6
  SINCE MAR 1    295                       445   -150      433
  SINCE JUL 1   2034                      2673   -639     2919

 COOLING
  TODAY           13                        10      3       10
  MONTH TO DATE  181                       212    -31      239
  SINCE MAR 1    275                       305    -30      340
  SINCE JAN 1    281                       311    -30      340
..................................................................


WIND (MPH)
  HIGHEST WIND SPEED    15   HIGHEST WIND DIRECTION     W (250)
  HIGHEST GUST SPEED    22   HIGHEST GUST DIRECTION     W (250)
  AVERAGE WIND SPEED     4.1


SKY COVER
  POSSIBLE SUNSHINE  MM
  AVERAGE SKY COVER 0.3


WEATHER CONDITIONS
 THE FOLLOWING WEATHER WAS RECORDED TODAY.
  THUNDERSTORM
  HEAVY RAIN
  RAIN
  LIGHT RAIN
  FOG
  FOG W/VISIBILITY <= 1/4 MILE


RELATIVE HUMIDITY (PERCENT)
 HIGHEST   100           400 AM
 LOWEST     50           300 PM
 AVERAGE    75

..........................................................


THE EL DORADO CLIMATE NORMALS FOR TOMORROW
                         NORMAL    RECORD    YEAR
 MAXIMUM TEMPERATURE (F)   86        97      1998
 MINIMUM TEMPERATURE (F)   64        46      1966


SUNRISE AND SUNSET
MAY 31 2016...........SUNRISE   603 AM CDT   SUNSET   815 PM CDT
JUNE  1 2016..........SUNRISE   603 AM CDT   SUNSET   816 PM CDT


-  INDICATES NEGATIVE NUMBERS.
R  INDICATES RECORD WAS SET OR TIED.
MM INDICATES DATA IS MISSING.
T  INDICATES TRACE AMOUNT.




$$
