000
CDUS44 KSHV 280732
CLIELD


CLIMATE REPORT
NATIONAL WEATHER SERVICE SHREVEPORT, LA
231 AM CDT WED JUN 28 2017


...................................

...THE EL DORADO CLIMATE SUMMARY FOR JUNE 27 2017...

CLIMATE NORMAL PERIOD 1981 TO 2010
CLIMATE RECORD PERIOD 1907 TO 2017


WEATHER ITEM   OBSERVED TIME   RECORD YEAR NORMAL DEPARTURE LAST
                VALUE   (LST)  VALUE       VALUE  FROM      YEAR
                                                  NORMAL
..................................................................
TEMPERATURE (F)
 YESTERDAY
  MAXIMUM         88    308 PM 103    1937  91     -3       94
  MINIMUM         63    516 AM  55    1968  70     -7       74
  AVERAGE         76                        80     -4       84

PRECIPITATION (IN)
  YESTERDAY        0.00          8.77 1986   0.17  -0.17     0.00
  MONTH TO DATE    3.10                      4.39  -1.29     2.92
  SINCE DEC 1     35.77                     32.55   3.22    40.69
  SINCE JAN 1     29.48                     27.37   2.11    32.63

SNOWFALL (IN)
  YESTERDAY        0.0
  MONTH TO DATE    0.0
  SINCE JUN 1      0.0
  SINCE JUL 1      T
  SNOW DEPTH       0

DEGREE DAYS
 HEATING
  YESTERDAY        0                         0      0        0
  MONTH TO DATE    0                         0      0        0
  SINCE JUN 1      0                         0      0        0
  SINCE JUL 1   1723                      2673   -950     2034

 COOLING
  YESTERDAY       11                        15     -4       19
  MONTH TO DATE  338                       350    -12      415
  SINCE JUN 1    338                       350    -12      415
  SINCE JAN 1    684                       661     23      696
..................................................................


WIND (MPH)
  HIGHEST WIND SPEED    13   HIGHEST WIND DIRECTION     E (70)
  HIGHEST GUST SPEED    16   HIGHEST GUST DIRECTION    NE (60)
  AVERAGE WIND SPEED     3.2


SKY COVER
  POSSIBLE SUNSHINE  MM
  AVERAGE SKY COVER 0.2


WEATHER CONDITIONS
 THE FOLLOWING WEATHER WAS RECORDED YESTERDAY.
  NO SIGNIFICANT WEATHER WAS OBSERVED.


RELATIVE HUMIDITY (PERCENT)
 HIGHEST    93          1200 AM
 LOWEST     43           300 PM
 AVERAGE    68

..........................................................


THE EL DORADO CLIMATE NORMALS FOR TODAY
                         NORMAL    RECORD    YEAR
 MAXIMUM TEMPERATURE (F)   91       103      1936
 MINIMUM TEMPERATURE (F)   70        55      1958


SUNRISE AND SUNSET
JUNE 28 2017..........SUNRISE   605 AM CDT   SUNSET   824 PM CDT
JUNE 29 2017..........SUNRISE   605 AM CDT   SUNSET   824 PM CDT


-  INDICATES NEGATIVE NUMBERS.
R  INDICATES RECORD WAS SET OR TIED.
MM INDICATES DATA IS MISSING.
T  INDICATES TRACE AMOUNT.




$$
