000
CDUS44 KSHV 020749
CLIELD


CLIMATE REPORT
NATIONAL WEATHER SERVICE SHREVEPORT, LA
249 AM CDT WED SEP 2 2015


...................................

...THE EL DORADO CLIMATE SUMMARY FOR SEPTEMBER 1 2015...

CLIMATE NORMAL PERIOD 1981 TO 2010
CLIMATE RECORD PERIOD 1907 TO 2015


WEATHER ITEM   OBSERVED TIME   RECORD YEAR NORMAL DEPARTURE LAST
                VALUE   (LST)  VALUE       VALUE  FROM      YEAR
                                                  NORMAL
..................................................................
TEMPERATURE (F)
 YESTERDAY
  MAXIMUM         90    218 PM 108    2000  91     -1       90
  MINIMUM         68    136 AM  51    1915  68      0       72
  AVERAGE         79                        79      0       81

PRECIPITATION (IN)
  YESTERDAY        0.00          1.60 1944   0.10  -0.10     0.03
  MONTH TO DATE    0.00                      0.10  -0.10     0.03
  SINCE DEC 1     35.05                     39.83  -4.78    36.71
  SINCE JAN 1     31.72                     34.65  -2.93    30.15

SNOWFALL (IN)
  YESTERDAY        0.0
  MONTH TO DATE    0.0
  SINCE SEP 1      0.0
  SINCE JUL 1      0.0
  SNOW DEPTH       0

DEGREE DAYS
 HEATING
  YESTERDAY        0                         0      0        0
  MONTH TO DATE    0                         0      0        0
  SINCE SEP 1      0                         0      0        0
  SINCE JUL 1      0                         0      0        0

 COOLING
  YESTERDAY       14                        14      0       16
  MONTH TO DATE   14                        14      0       16
  SINCE SEP 1     14                        14      0       16
  SINCE JAN 1   1887                      1741    146     1464
..................................................................


WIND (MPH)
  HIGHEST WIND SPEED    10   HIGHEST WIND DIRECTION     S (170)
  HIGHEST GUST SPEED    13   HIGHEST GUST DIRECTION    SE (150)
  AVERAGE WIND SPEED     1.8


SKY COVER
  POSSIBLE SUNSHINE  MM
  AVERAGE SKY COVER 0.0


WEATHER CONDITIONS
 THE FOLLOWING WEATHER WAS RECORDED YESTERDAY.
  FOG
  HAZE


RELATIVE HUMIDITY (PERCENT)
 HIGHEST    93          1100 PM
 LOWEST     47           200 PM
 AVERAGE    70

..........................................................


THE EL DORADO CLIMATE NORMALS FOR TODAY
                         NORMAL    RECORD    YEAR
 MAXIMUM TEMPERATURE (F)   91       109      2000
 MINIMUM TEMPERATURE (F)   67        51      1987


SUNRISE AND SUNSET
SEPTEMBER  2 2015.....SUNRISE   646 AM CDT   SUNSET   735 PM CDT
SEPTEMBER  3 2015.....SUNRISE   647 AM CDT   SUNSET   734 PM CDT


-  INDICATES NEGATIVE NUMBERS.
R  INDICATES RECORD WAS SET OR TIED.
MM INDICATES DATA IS MISSING.
T  INDICATES TRACE AMOUNT.




$$
