000
CDUS44 KSHV 220740
CLIELD


CLIMATE REPORT
NATIONAL WEATHER SERVICE SHREVEPORT, LA
237 AM CDT MON SEP 22 2014


...................................

...THE EL DORADO CLIMATE SUMMARY FOR SEPTEMBER 21 2014...

CLIMATE NORMAL PERIOD 1981 TO 2010
CLIMATE RECORD PERIOD 1907 TO 2014


WEATHER ITEM   OBSERVED TIME   RECORD YEAR NORMAL DEPARTURE LAST
                VALUE   (LST)  VALUE       VALUE  FROM      YEAR
                                                  NORMAL
..................................................................
TEMPERATURE (F)
 YESTERDAY
  MAXIMUM         92    210 PM 102    2005  85      7       81
  MINIMUM         65    612 AM  40    1918  61      4       56
  AVERAGE         79                        73      6       69

PRECIPITATION (IN)
  YESTERDAY        0.00          1.64 1992   0.09  -0.09      T
  MONTH TO DATE    0.77                      2.08  -1.31     2.17
  SINCE DEC 1     37.45                     41.81  -4.36    35.07
  SINCE JAN 1     30.89                     36.63  -5.74    29.01

SNOWFALL (IN)
  YESTERDAY        0.0
  MONTH TO DATE    0.0
  SINCE SEP 1      0.0
  SINCE JUL 1      0.0
  SNOW DEPTH       0

DEGREE DAYS
 HEATING
  YESTERDAY        0                         1     -1        0
  MONTH TO DATE    3                         2      1        0
  SINCE SEP 1      3                         2      1        0
  SINCE JUL 1      3                         2      1        0

 COOLING
  YESTERDAY       14                         8      6        4
  MONTH TO DATE  266                       239     27      328
  SINCE SEP 1    266                       239     27      328
  SINCE JAN 1   1714                      1966   -252     1996
..................................................................


WIND (MPH)
  HIGHEST WIND SPEED    13   HIGHEST WIND DIRECTION    NW (330)
  HIGHEST GUST SPEED    16   HIGHEST GUST DIRECTION    NW (320)
  AVERAGE WIND SPEED     3.5


SKY COVER
  POSSIBLE SUNSHINE  MM
  AVERAGE SKY COVER 0.2


WEATHER CONDITIONS
 THE FOLLOWING WEATHER WAS RECORDED YESTERDAY.
  FOG


RELATIVE HUMIDITY (PERCENT)
 HIGHEST   100           300 AM
 LOWEST     44           300 PM
 AVERAGE    72

..........................................................


THE EL DORADO CLIMATE NORMALS FOR TODAY
                         NORMAL    RECORD    YEAR
 MAXIMUM TEMPERATURE (F)   84       100      1930
 MINIMUM TEMPERATURE (F)   60        39      1983


SUNRISE AND SUNSET
SEPTEMBER 22 2014.....SUNRISE   659 AM CDT   SUNSET   708 PM CDT
SEPTEMBER 23 2014.....SUNRISE   700 AM CDT   SUNSET   707 PM CDT


-  INDICATES NEGATIVE NUMBERS.
R  INDICATES RECORD WAS SET OR TIED.
MM INDICATES DATA IS MISSING.
T  INDICATES TRACE AMOUNT.




$$
