000
CDUS44 KEPZ 232328
CLIELP


CLIMATE REPORT
NATIONAL WEATHER SERVICE EL PASO, TX
427 PM MST SUN NOV 23 2014


...................................

...THE EL PASO CLIMATE SUMMARY FOR NOVEMBER 23 2014...
VALID TODAY AS OF 400 PM LOCAL TIME.

CLIMATE NORMAL PERIOD 1981 TO 2010
CLIMATE RECORD PERIOD 1879 TO 2014


WEATHER ITEM   OBSERVED TIME   RECORD YEAR NORMAL DEPARTURE LAST
                VALUE   (LST)  VALUE       VALUE  FROM      YEAR
                                                  NORMAL
..................................................................
TEMPERATURE (F)
 TODAY
  MAXIMUM         64    246 PM  78    1965  63      1       39
                                      1915
  MINIMUM         47    703 AM  18    1957  37     10       31

PRECIPITATION (IN)
  TODAY            T                         0.02  -0.02     0.02
  MONTH TO DATE    0.11                      0.37  -0.26     0.02
  SINCE SEP 1      5.32                      2.49   2.83     3.87
  SINCE JAN 1      8.45                      8.81  -0.36     9.17

SNOWFALL (IN)
  TODAY           MM                                         0.0
  MONTH TO DATE    0.0                                       0.0
  SINCE JUL 1      0.0                                        T

..................................................................


WIND (MPH)
  HIGHEST WIND SPEED    46   HIGHEST WIND DIRECTION     W (270)
  HIGHEST GUST SPEED    56   HIGHEST GUST DIRECTION     W (280)


SKY COVER
  AVERAGE SKY COVER 0.3


WEATHER CONDITIONS
 THE FOLLOWING WEATHER WAS RECORDED TODAY.
  HAZE


RELATIVE HUMIDITY (PERCENT)
 HIGHEST    34           600 AM
 LOWEST     20           300 PM

..........................................................


THE EL PASO CLIMATE NORMALS FOR TOMORROW
                         NORMAL    RECORD    YEAR
 MAXIMUM TEMPERATURE (F)   63        78      1903
 MINIMUM TEMPERATURE (F)   37        20      1938


SUNRISE AND SUNSET
NOVEMBER 23 2014......SUNRISE   641 AM MST   SUNSET   503 PM MST
NOVEMBER 24 2014......SUNRISE   642 AM MST   SUNSET   503 PM MST


-  INDICATES NEGATIVE NUMBERS.
R  INDICATES RECORD WAS SET OR TIED.
MM INDICATES DATA IS MISSING.
T  INDICATES TRACE AMOUNT.




$$
