000
CDUS44 KEPZ 260941
CLIELP


CLIMATE REPORT
NATIONAL WEATHER SERVICE EL PASO, TX
340 AM MDT THU MAY 26 2016


...................................

...THE EL PASO CLIMATE SUMMARY FOR MAY 25 2016...

CLIMATE NORMAL PERIOD 1981 TO 2010
CLIMATE RECORD PERIOD 1879 TO 2016


WEATHER ITEM   OBSERVED TIME   RECORD YEAR NORMAL DEPARTURE LAST
                VALUE   (LST)  VALUE       VALUE  FROM      YEAR
                                                  NORMAL
..................................................................
TEMPERATURE (F)
 YESTERDAY
  MAXIMUM         93    423 PM 102    2006  91      2       84
  MINIMUM         66    528 AM  48    1975  63      3       61
                                      1908
  AVERAGE         80                        77      3       73

PRECIPITATION (IN)
  YESTERDAY        0.00          0.10 1926   0.01  -0.01     0.00
  MONTH TO DATE    T                         0.36  -0.36     0.81
  SINCE MAR 1      0.05                      0.85  -0.80     1.66
  SINCE JAN 1      0.58                      1.71  -1.13     2.54

SNOWFALL (IN)
  YESTERDAY        0.0                                       0.0
  MONTH TO DATE    0.0                                       0.0
  SINCE MAR 1      0.0                                       0.0
  SINCE JUL 1      8.1                                        T
  SNOW DEPTH       0

DEGREE DAYS
 HEATING
  YESTERDAY        0                         0      0        0
  MONTH TO DATE   14                         6      8        0
  SINCE MAR 1    184                       368   -184      241
  SINCE JUL 1   2018                      2471   -453     2064

 COOLING
  YESTERDAY       15                        12      3        8
  MONTH TO DATE  212                       209      3      167
  SINCE MAR 1    323                       301     22      293
  SINCE JAN 1    326                       301     25      294
..................................................................


WIND (MPH)
  HIGHEST WIND SPEED    29   HIGHEST WIND DIRECTION     W (260)
  HIGHEST GUST SPEED    36   HIGHEST GUST DIRECTION     W (250)
  AVERAGE WIND SPEED    13.5


SKY COVER
  POSSIBLE SUNSHINE  MM
  AVERAGE SKY COVER 0.1


WEATHER CONDITIONS
 THE FOLLOWING WEATHER WAS RECORDED YESTERDAY.
  HAZE
  SANDSTORM


RELATIVE HUMIDITY (PERCENT)
 HIGHEST    19           600 AM
 LOWEST      5           600 PM
 AVERAGE    12

..........................................................


THE EL PASO CLIMATE NORMALS FOR TODAY
                         NORMAL    RECORD    YEAR
 MAXIMUM TEMPERATURE (F)   91       102      1951
 MINIMUM TEMPERATURE (F)   63        48      1975


SUNRISE AND SUNSET
MAY 26 2016...........SUNRISE   603 AM MDT   SUNSET   803 PM MDT
MAY 27 2016...........SUNRISE   602 AM MDT   SUNSET   804 PM MDT


-  INDICATES NEGATIVE NUMBERS.
R  INDICATES RECORD WAS SET OR TIED.
MM INDICATES DATA IS MISSING.
T  INDICATES TRACE AMOUNT.




$$
