000
CDUS44 KEPZ 240927
CLIELP


CLIMATE REPORT
NATIONAL WEATHER SERVICE EL PASO, TX
226 AM MST FRI FEB 24 2017


...................................

...THE EL PASO CLIMATE SUMMARY FOR FEBRUARY 23 2017...

CLIMATE NORMAL PERIOD 1981 TO 2010
CLIMATE RECORD PERIOD 1879 TO 2017


WEATHER ITEM   OBSERVED TIME   RECORD YEAR NORMAL DEPARTURE LAST
                VALUE   (LST)  VALUE       VALUE  FROM      YEAR
                                                  NORMAL
..................................................................
TEMPERATURE (F)
 YESTERDAY
  MAXIMUM         73    311 PM  84    1904  65      8       61
  MINIMUM         54   1159 PM  20    1976  39     15       40
                                      1964
  AVERAGE         64                        52     12       51

PRECIPITATION (IN)
  YESTERDAY        0.00          0.18 1923   0.01  -0.01     0.00
  MONTH TO DATE    0.16                      0.39  -0.23     0.07
  SINCE DEC 1      2.07                      1.57   0.50     1.61
  SINCE JAN 1      1.21                      0.79   0.42     0.53

SNOWFALL (IN)
  YESTERDAY        0.0                                       0.0
  MONTH TO DATE    T                                          T
  SINCE DEC 1      T                                         8.1
  SINCE JUL 1      T                                         8.1
  SNOW DEPTH       0

DEGREE DAYS
 HEATING
  YESTERDAY        1                        13    -12       14
  MONTH TO DATE  205                       356   -151      289
  SINCE DEC 1   1181                      1599   -418     1445
  SINCE JUL 1   1423                      2041   -618     1780

 COOLING
  YESTERDAY        0                         0      0        0
  MONTH TO DATE    3                         0      3        3
  SINCE DEC 1      3                         0      3        3
  SINCE JAN 1      3                         0      3        3
..................................................................


WIND (MPH)
  HIGHEST WIND SPEED    45   HIGHEST WIND DIRECTION     W (250)
  HIGHEST GUST SPEED    57   HIGHEST GUST DIRECTION     W (260)
  AVERAGE WIND SPEED    20.5


SKY COVER
  POSSIBLE SUNSHINE  MM
  AVERAGE SKY COVER 0.1


WEATHER CONDITIONS
 THE FOLLOWING WEATHER WAS RECORDED YESTERDAY.
  HAZE
  SANDSTORM


RELATIVE HUMIDITY (PERCENT)
 HIGHEST    35           600 AM
 LOWEST      8           800 PM
 AVERAGE    22

..........................................................


THE EL PASO CLIMATE NORMALS FOR TODAY
                         NORMAL    RECORD    YEAR
 MAXIMUM TEMPERATURE (F)   65        86      1904
 MINIMUM TEMPERATURE (F)   39        16      1894


SUNRISE AND SUNSET
FEBRUARY 24 2017......SUNRISE   638 AM MST   SUNSET   600 PM MST
FEBRUARY 25 2017......SUNRISE   637 AM MST   SUNSET   601 PM MST


-  INDICATES NEGATIVE NUMBERS.
R  INDICATES RECORD WAS SET OR TIED.
MM INDICATES DATA IS MISSING.
T  INDICATES TRACE AMOUNT.




$$
