000
CDUS44 KEPZ 290933
CLIELP


CLIMATE REPORT
NATIONAL WEATHER SERVICE EL PASO, TX
329 AM MDT SUN MAR 29 2015


...................................

...THE EL PASO CLIMATE SUMMARY FOR MARCH 28 2015...

CLIMATE NORMAL PERIOD 1981 TO 2010
CLIMATE RECORD PERIOD 1879 TO 2015


WEATHER ITEM   OBSERVED TIME   RECORD YEAR NORMAL DEPARTURE LAST
                VALUE   (LST)  VALUE       VALUE  FROM      YEAR
                                                  NORMAL
..................................................................
TEMPERATURE (F)
 YESTERDAY
  MAXIMUM         88R   410 PM  88    1967  73     15       74
  MINIMUM         52    322 AM  27    1955  45      7       51
  AVERAGE         70                        59     11       63

PRECIPITATION (IN)
  YESTERDAY        0.00          0.25 1951   0.01  -0.01     0.00
  MONTH TO DATE    0.61                      0.24   0.37     0.18
  SINCE MAR 1      0.61                      0.24   0.37     0.18
  SINCE JAN 1      1.49                      1.10   0.39     0.18

SNOWFALL (IN)
  YESTERDAY        0.0                                       0.0
  MONTH TO DATE    0.0                                       0.0
  SINCE MAR 1      0.0                                       0.0
  SINCE JUL 1      T                                          T
  SNOW DEPTH       0

DEGREE DAYS
 HEATING
  YESTERDAY        0                         6     -6        2
  MONTH TO DATE  188                       253    -65      173
  SINCE MAR 1    188                       253    -65      173
  SINCE JUL 1   2011                      2356   -345     1961

 COOLING
  YESTERDAY        5                         1      4        0
  MONTH TO DATE   12                         3      9       11
  SINCE MAR 1     12                         3      9       11
  SINCE JAN 1     13                         3     10       18
..................................................................


WIND (MPH)
  HIGHEST WIND SPEED    22   HIGHEST WIND DIRECTION     W (260)
  HIGHEST GUST SPEED    26   HIGHEST GUST DIRECTION     W (270)
  AVERAGE WIND SPEED     7.7


SKY COVER
  POSSIBLE SUNSHINE  MM
  AVERAGE SKY COVER 0.0


WEATHER CONDITIONS
 THE FOLLOWING WEATHER WAS RECORDED YESTERDAY.
  NO SIGNIFICANT WEATHER WAS OBSERVED.


RELATIVE HUMIDITY (PERCENT)
 HIGHEST    35           300 AM
 LOWEST      3           700 PM
 AVERAGE    19

..........................................................


THE EL PASO CLIMATE NORMALS FOR TODAY
                         NORMAL    RECORD    YEAR
 MAXIMUM TEMPERATURE (F)   74        88      1943
 MINIMUM TEMPERATURE (F)   46        24      1987


SUNRISE AND SUNSET
MARCH 29 2015.........SUNRISE   658 AM MDT   SUNSET   723 PM MDT
MARCH 30 2015.........SUNRISE   657 AM MDT   SUNSET   724 PM MDT


-  INDICATES NEGATIVE NUMBERS.
R  INDICATES RECORD WAS SET OR TIED.
MM INDICATES DATA IS MISSING.
T  INDICATES TRACE AMOUNT.




$$
