000
CDUS44 KEPZ 262327
CLIELP


CLIMATE REPORT
NATIONAL WEATHER SERVICE EL PASO, TX
526 PM MDT WED APR 26 2017


...................................

...THE EL PASO CLIMATE SUMMARY FOR APRIL 26 2017...
VALID TODAY AS OF 500 PM LOCAL TIME.

CLIMATE NORMAL PERIOD 1981 TO 2010
CLIMATE RECORD PERIOD 1879 TO 2017


WEATHER ITEM   OBSERVED TIME   RECORD YEAR NORMAL DEPARTURE LAST
                VALUE   (LST)  VALUE       VALUE  FROM      YEAR
                                                  NORMAL
..................................................................
TEMPERATURE (F)
 TODAY
  MAXIMUM         80    353 PM  95    2012  82     -2       76
  MINIMUM         53    513 AM  38    1997  54     -1       58
                                      1921

PRECIPITATION (IN)
  TODAY            0.00                      0.01  -0.01     0.00
  MONTH TO DATE    0.00                      0.20  -0.20     0.04
  SINCE MAR 1      T                         0.46  -0.46     0.05
  SINCE JAN 1      1.21                      1.32  -0.11     0.58

SNOWFALL (IN)
  TODAY            0.0                                       0.0
  MONTH TO DATE    0.0                                       0.0
  SINCE JUL 1      T                                         8.1

..................................................................


WIND (MPH)
  HIGHEST WIND SPEED    35   HIGHEST WIND DIRECTION     W (290)
  HIGHEST GUST SPEED    40   HIGHEST GUST DIRECTION     W (290)


SKY COVER
  AVERAGE SKY COVER 0.4


WEATHER CONDITIONS
 THE FOLLOWING WEATHER WAS RECORDED TODAY.
  NO SIGNIFICANT WEATHER WAS OBSERVED.


RELATIVE HUMIDITY (PERCENT)
 HIGHEST    39           300 AM
 LOWEST      7           400 PM

..........................................................


THE EL PASO CLIMATE NORMALS FOR TOMORROW
                         NORMAL    RECORD    YEAR
 MAXIMUM TEMPERATURE (F)   82        96      1996
 MINIMUM TEMPERATURE (F)   54        35      1984


SUNRISE AND SUNSET
APRIL 26 2017.........SUNRISE   625 AM MDT   SUNSET   743 PM MDT
APRIL 27 2017.........SUNRISE   624 AM MDT   SUNSET   743 PM MDT


-  INDICATES NEGATIVE NUMBERS.
R  INDICATES RECORD WAS SET OR TIED.
MM INDICATES DATA IS MISSING.
T  INDICATES TRACE AMOUNT.




$$
