000
CDUS44 KEPZ 170940
CLIELP


CLIMATE REPORT
NATIONAL WEATHER SERVICE EL PASO, TX
239 AM MST SUN DEC 17 2017


...................................

...THE EL PASO CLIMATE SUMMARY FOR DECEMBER 16 2017...

CLIMATE NORMAL PERIOD 1981 TO 2010
CLIMATE RECORD PERIOD 1879 TO 2017


WEATHER ITEM   OBSERVED TIME   RECORD YEAR NORMAL DEPARTURE LAST
                VALUE   (LST)  VALUE       VALUE  FROM      YEAR
                                                  NORMAL
..................................................................
TEMPERATURE (F)
 YESTERDAY
  MAXIMUM         56    310 PM  76    2016  57     -1       76
                                      1908
  MINIMUM         26    612 AM   7    1987  32     -6       52
  AVERAGE         41                        44     -3       64

PRECIPITATION (IN)
  YESTERDAY        0.00          0.25 1898   0.02  -0.02     0.00
  MONTH TO DATE    0.32                      0.42  -0.10     0.24
  SINCE DEC 1      0.32                      0.42  -0.10     0.24
  SINCE JAN 1      9.73                      9.35   0.38     8.72

SNOWFALL (IN)
  YESTERDAY        0.0                                       0.0
  MONTH TO DATE    0.1                                       0.0
  SINCE DEC 1      0.1                                       0.0
  SINCE JUL 1      0.1                                        T
  SNOW DEPTH       0

DEGREE DAYS
 HEATING
  YESTERDAY       24                        21      3        1
  MONTH TO DATE  276                       310    -34      218
  SINCE DEC 1    276                       310    -34      218
  SINCE JUL 1    439                       752   -313      460

 COOLING
  YESTERDAY        0                         0      0        0
  MONTH TO DATE    0                         0      0        0
  SINCE DEC 1      0                         0      0        0
  SINCE JAN 1   2917                      2331    586     2811
..................................................................


WIND (MPH)
  HIGHEST WIND SPEED    21   HIGHEST WIND DIRECTION    SW (240)
  HIGHEST GUST SPEED    24   HIGHEST GUST DIRECTION     W (250)
  AVERAGE WIND SPEED     6.4


SKY COVER
  POSSIBLE SUNSHINE  MM
  AVERAGE SKY COVER 0.2


WEATHER CONDITIONS
 THE FOLLOWING WEATHER WAS RECORDED YESTERDAY.
  NO SIGNIFICANT WEATHER WAS OBSERVED.


RELATIVE HUMIDITY (PERCENT)
 HIGHEST    81           500 AM
 LOWEST     32           200 PM
 AVERAGE    57

..........................................................


THE EL PASO CLIMATE NORMALS FOR TODAY
                         NORMAL    RECORD    YEAR
 MAXIMUM TEMPERATURE (F)   57        73      1980
 MINIMUM TEMPERATURE (F)   32        15      1985


SUNRISE AND SUNSET
DECEMBER 17 2017......SUNRISE   700 AM MST   SUNSET   504 PM MST
DECEMBER 18 2017......SUNRISE   700 AM MST   SUNSET   505 PM MST


-  INDICATES NEGATIVE NUMBERS.
R  INDICATES RECORD WAS SET OR TIED.
MM INDICATES DATA IS MISSING.
T  INDICATES TRACE AMOUNT.




$$
