000
CDUS44 KEPZ 162327
CLIELP


CLIMATE REPORT
NATIONAL WEATHER SERVICE EL PASO, TX
525 PM MDT WED AUG 16 2017


...................................

...THE EL PASO CLIMATE SUMMARY FOR AUGUST 16 2017...
VALID TODAY AS OF 0500 PM LOCAL TIME.

CLIMATE NORMAL PERIOD 1981 TO 2010
CLIMATE RECORD PERIOD 1879 TO 2017


WEATHER ITEM   OBSERVED TIME   RECORD YEAR NORMAL DEPARTURE LAST
                VALUE   (LST)  VALUE       VALUE  FROM      YEAR
                                                  NORMAL
..................................................................
TEMPERATURE (F)
 TODAY
  MAXIMUM         94    358 PM 105    1969  93      1       93
  MINIMUM         75    327 AM  60    1879  70      5       69

PRECIPITATION (IN)
  TODAY            0.00                      0.06  -0.06     0.00
  MONTH TO DATE    1.58                      1.16   0.42     2.10
  SINCE JUN 1      6.11                      3.65   2.46     2.67
  SINCE JAN 1      7.49                      5.47   2.02     3.31

..................................................................


WIND (MPH)
  HIGHEST WIND SPEED    22   HIGHEST WIND DIRECTION    NW (300)
  HIGHEST GUST SPEED    32   HIGHEST GUST DIRECTION    NW (320)


SKY COVER
  AVERAGE SKY COVER 0.2


WEATHER CONDITIONS
 THE FOLLOWING WEATHER WAS RECORDED TODAY.
  NO SIGNIFICANT WEATHER WAS OBSERVED.


RELATIVE HUMIDITY (PERCENT)
 HIGHEST    60           200 AM
 LOWEST     19           300 PM

..........................................................


THE EL PASO CLIMATE NORMALS FOR TOMORROW
                         NORMAL    RECORD    YEAR
 MAXIMUM TEMPERATURE (F)   93       105      1969
 MINIMUM TEMPERATURE (F)   70        57      1879


SUNRISE AND SUNSET
AUGUST 16 2017........SUNRISE   631 AM MDT   SUNSET   748 PM MDT
AUGUST 17 2017........SUNRISE   632 AM MDT   SUNSET   747 PM MDT


-  INDICATES NEGATIVE NUMBERS.
R  INDICATES RECORD WAS SET OR TIED.
MM INDICATES DATA IS MISSING.
T  INDICATES TRACE AMOUNT.




$$
