000
CDUS44 KEPZ 290926
CLIELP


CLIMATE REPORT
NATIONAL WEATHER SERVICE EL PASO, TX
326 AM MDT FRI MAY 29 2015


...................................

...THE EL PASO CLIMATE SUMMARY FOR MAY 28 2015...

CLIMATE NORMAL PERIOD 1981 TO 2010
CLIMATE RECORD PERIOD 1879 TO 2015


WEATHER ITEM   OBSERVED TIME   RECORD YEAR NORMAL DEPARTURE LAST
                VALUE   (LST)  VALUE       VALUE  FROM      YEAR
                                                  NORMAL
..................................................................
TEMPERATURE (F)
 YESTERDAY
  MAXIMUM         94    353 PM 104    1951  92      2       97
  MINIMUM         68    603 AM  50    1978  63      5       68
  AVERAGE         81                        78      3       83

PRECIPITATION (IN)
  YESTERDAY        0.00          0.29 1930   0.02  -0.02     0.00
  MONTH TO DATE    0.81                      0.42   0.39     0.01
  SINCE MAR 1      1.66                      0.91   0.75     0.64
  SINCE JAN 1      2.54                      1.77   0.77     0.64

SNOWFALL (IN)
  YESTERDAY        0.0                                       0.0
  MONTH TO DATE    0.0                                       0.0
  SINCE MAR 1      0.0                                       0.0
  SINCE JUL 1      T                                          T
  SNOW DEPTH       0

DEGREE DAYS
 HEATING
  YESTERDAY        0                         0      0        0
  MONTH TO DATE    0                         6     -6       23
  SINCE MAR 1    241                       368   -127      261
  SINCE JUL 1   2064                      2471   -407     2049

 COOLING
  YESTERDAY       16                        13      3       18
  MONTH TO DATE  201                       246    -45      241
  SINCE MAR 1    327                       338    -11      360
  SINCE JAN 1    328                       338    -10      367
..................................................................


WIND (MPH)
  HIGHEST WIND SPEED    24   HIGHEST WIND DIRECTION    SW (240)
  HIGHEST GUST SPEED    30   HIGHEST GUST DIRECTION     W (250)
  AVERAGE WIND SPEED     9.3


SKY COVER
  POSSIBLE SUNSHINE  MM
  AVERAGE SKY COVER 0.3


WEATHER CONDITIONS
 THE FOLLOWING WEATHER WAS RECORDED YESTERDAY.
  NO SIGNIFICANT WEATHER WAS OBSERVED.


RELATIVE HUMIDITY (PERCENT)
 HIGHEST    49           400 AM
 LOWEST      5           200 PM
 AVERAGE    27

..........................................................


THE EL PASO CLIMATE NORMALS FOR TODAY
                         NORMAL    RECORD    YEAR
 MAXIMUM TEMPERATURE (F)   92       102      1896
 MINIMUM TEMPERATURE (F)   64        45      1987


SUNRISE AND SUNSET
MAY 29 2015...........SUNRISE   602 AM MDT   SUNSET   805 PM MDT
MAY 30 2015...........SUNRISE   601 AM MDT   SUNSET   805 PM MDT


-  INDICATES NEGATIVE NUMBERS.
R  INDICATES RECORD WAS SET OR TIED.
MM INDICATES DATA IS MISSING.
T  INDICATES TRACE AMOUNT.




$$
