272
CDUS44 KEPZ 140928
CLIELP
TTAA00 KLBB 140927


CLIMATE REPORT
NATIONAL WEATHER SERVICE EL PASO, TX
227 AM MST SUN FEB 14 2016


...................................

...THE EL PASO CLIMATE SUMMARY FOR FEBRUARY 13 2016...

CLIMATE NORMAL PERIOD 1981 TO 2010
CLIMATE RECORD PERIOD 1879 TO 2016


WEATHER ITEM   OBSERVED TIME   RECORD YEAR NORMAL DEPARTURE LAST
                VALUE   (LST)  VALUE       VALUE  FROM      YEAR
                                                  NORMAL
..................................................................
TEMPERATURE (F)
 YESTERDAY
  MAXIMUM         78    319 PM  79    1957  63     15       65
  MINIMUM         37    445 AM  11    1963  37      0       35
  AVERAGE         58                        50      8       50

PRECIPITATION (IN)
  YESTERDAY        0.00          0.39 1951   0.02  -0.02     0.00
  MONTH TO DATE    0.07                      0.23  -0.16     0.00
  SINCE DEC 1      1.61                      1.41   0.20     0.97
  SINCE JAN 1      0.53                      0.63  -0.10     0.85

SNOWFALL (IN)
  YESTERDAY        0.0                                       0.0
  MONTH TO DATE    T                                         0.0
  SINCE DEC 1      8.1                                        T
  SINCE JUL 1      8.1                                        T
  SNOW DEPTH       0

DEGREE DAYS
 HEATING
  YESTERDAY        7                        15     -8       15
  MONTH TO DATE  244                       215     29      130
  SINCE DEC 1   1400                      1458    -58     1260
  SINCE JUL 1   1735                      1900   -165     1623

 COOLING
  YESTERDAY        0                         0      0        0
  MONTH TO DATE    0                         0      0        0
  SINCE DEC 1      0                         0      0        0
  SINCE JAN 1      0                         0      0        0
..................................................................


WIND (MPH)
  HIGHEST WIND SPEED    14   HIGHEST WIND DIRECTION    SW (230)
  HIGHEST GUST SPEED    16   HIGHEST GUST DIRECTION     S (200)
  AVERAGE WIND SPEED     4.8


SKY COVER
  POSSIBLE SUNSHINE  MM
  AVERAGE SKY COVER 0.5


WEATHER CONDITIONS
 THE FOLLOWING WEATHER WAS RECORDED YESTERDAY.
  NO SIGNIFICANT WEATHER WAS OBSERVED.


RELATIVE HUMIDITY (PERCENT)
 HIGHEST    40           500 AM
 LOWEST      6           400 PM
 AVERAGE    23

..........................................................


THE EL PASO CLIMATE NORMALS FOR TODAY
                         NORMAL    RECORD    YEAR
 MAXIMUM TEMPERATURE (F)   63        81      1957
 MINIMUM TEMPERATURE (F)   37        18      1895


SUNRISE AND SUNSET
FEBRUARY 14 2016......SUNRISE   649 AM MST   SUNSET   551 PM MST
FEBRUARY 15 2016......SUNRISE   648 AM MST   SUNSET   552 PM MST


-  INDICATES NEGATIVE NUMBERS.
R  INDICATES RECORD WAS SET OR TIED.
MM INDICATES DATA IS MISSING.
T  INDICATES TRACE AMOUNT.




$$
