000
CDUS44 KEPZ 242327
CLIELP


CLIMATE REPORT
NATIONAL WEATHER SERVICE EL PASO, TX
427 PM MST WED DEC 24 2014


...................................

...THE EL PASO CLIMATE SUMMARY FOR DECEMBER 24 2014...
VALID TODAY AS OF 400 PM LOCAL TIME.

CLIMATE NORMAL PERIOD 1981 TO 2010
CLIMATE RECORD PERIOD 1879 TO 2014


WEATHER ITEM   OBSERVED TIME   RECORD YEAR NORMAL DEPARTURE LAST
                VALUE   (LST)  VALUE       VALUE  FROM      YEAR
                                                  NORMAL
..................................................................
TEMPERATURE (F)
 TODAY
  MAXIMUM         51    301 PM  73    1969  56     -5       58
  MINIMUM         23    445 AM   5    1953  32     -9       27

PRECIPITATION (IN)
  TODAY            0.00                      0.02  -0.02     0.00
  MONTH TO DATE    0.01                      0.63  -0.62     0.26
  SINCE DEC 1      0.01                      0.63  -0.62     0.26
  SINCE JAN 1      8.46                      9.56  -1.10     9.51

SNOWFALL (IN)
  TODAY            0.0                                       0.0
  MONTH TO DATE    0.0                                        T
  SINCE JUL 1      0.0                                        T

..................................................................


WIND (MPH)
  HIGHEST WIND SPEED    17   HIGHEST WIND DIRECTION    SW (240)
  HIGHEST GUST SPEED    21   HIGHEST GUST DIRECTION    SW (220)


SKY COVER
  AVERAGE SKY COVER 0.0


WEATHER CONDITIONS
 THE FOLLOWING WEATHER WAS RECORDED TODAY.
  NO SIGNIFICANT WEATHER WAS OBSERVED.


RELATIVE HUMIDITY (PERCENT)
 HIGHEST    68           300 AM
 LOWEST     18           400 PM

..........................................................


THE EL PASO CLIMATE NORMALS FOR TOMORROW
                         NORMAL    RECORD    YEAR
 MAXIMUM TEMPERATURE (F)   56        75      1933
 MINIMUM TEMPERATURE (F)   32        10      1953


SUNRISE AND SUNSET
DECEMBER 24 2014......SUNRISE   703 AM MST   SUNSET   508 PM MST
DECEMBER 25 2014......SUNRISE   703 AM MST   SUNSET   508 PM MST


-  INDICATES NEGATIVE NUMBERS.
R  INDICATES RECORD WAS SET OR TIED.
MM INDICATES DATA IS MISSING.
T  INDICATES TRACE AMOUNT.




$$
