000
CDUS45 KLKN 020955
CLIELY


CLIMATE REPORT
NATIONAL WEATHER SERVICE ELKO NV
153 AM PST MON MAR 2 2015


...................................

...THE ELY AIRPORT NV CLIMATE SUMMARY FOR MARCH 1 2015...

CLIMATE NORMAL PERIOD 1981 TO 2010
CLIMATE RECORD PERIOD 1893 TO 2015


WEATHER ITEM   OBSERVED TIME   RECORD YEAR NORMAL DEPARTURE LAST
                VALUE   (LST)  VALUE       VALUE  FROM      YEAR
                                                  NORMAL
..................................................................
TEMPERATURE (F)
 YESTERDAY
  MAXIMUM         41    258 PM  68    1986  46     -5       45
  MINIMUM         26    604 AM  -9    1997  20      6       31
                                      1939
  AVERAGE         34                        33      1       38

PRECIPITATION (IN)
  YESTERDAY        0.08          0.47 1976   0.03   0.05     0.02
  MONTH TO DATE    0.08                      0.03   0.05     0.02
  SINCE OCT 1      1.77                      3.77  -2.00     4.43
  SINCE JAN 1      0.60                      1.48  -0.88     1.75

SNOWFALL (IN)
  YESTERDAY        1.5           6.7  1976   0.3    1.2      0.6
  MONTH TO DATE    1.5                       0.3    1.2      0.6
  SINCE MAR 1      1.5                       0.3    1.2      0.6
  SINCE JUL 1     12.5                      35.2  -22.7     39.7
  SNOW DEPTH       2

DEGREE DAYS
 HEATING
  YESTERDAY       31                        32     -1       27
  MONTH TO DATE   31                        32     -1       27
  SINCE MAR 1     31                        32     -1       27
  SINCE JUL 1   4275                      5369  -1094     5046

 COOLING
  YESTERDAY        0                         0      0        0
  MONTH TO DATE    0                         0      0        0
  SINCE MAR 1      0                         0      0        0
  SINCE JAN 1      0                         0      0        0
..................................................................


WIND (MPH)
  HIGHEST WIND SPEED    18   HIGHEST WIND DIRECTION     N (20)
  HIGHEST GUST SPEED    23   HIGHEST GUST DIRECTION     N (20)
  AVERAGE WIND SPEED     6.6



WEATHER CONDITIONS
 THE FOLLOWING WEATHER WAS RECORDED YESTERDAY.
  SNOW
  LIGHT SNOW
  FOG


RELATIVE HUMIDITY (PERCENT)
 HIGHEST   100           300 AM
 LOWEST     48           400 PM
 AVERAGE    74

..........................................................


THE ELY AIRPORT NV CLIMATE NORMALS FOR TODAY
                         NORMAL    RECORD    YEAR
 MAXIMUM TEMPERATURE (F)   47        61      1994
 MINIMUM TEMPERATURE (F)   20       -10      1971


SUNRISE AND SUNSET
MARCH  2 2015.........SUNRISE   611 AM PST   SUNSET   533 PM PST
MARCH  3 2015.........SUNRISE   609 AM PST   SUNSET   534 PM PST


-  INDICATES NEGATIVE NUMBERS.
R  INDICATES RECORD WAS SET OR TIED.
MM INDICATES DATA IS MISSING.
T  INDICATES TRACE AMOUNT.




$$
