000
CDUS45 KLKN 270929
CLIELY


CLIMATE REPORT
NATIONAL WEATHER SERVICE ELKO NV
226 AM PDT TUE JUN 27 2017


...................................

...THE ELY AIRPORT NV CLIMATE SUMMARY FOR JUNE 26 2017...

CLIMATE NORMAL PERIOD 1981 TO 2010
CLIMATE RECORD PERIOD 1893 TO 2017


WEATHER ITEM   OBSERVED TIME   RECORD YEAR NORMAL DEPARTURE LAST
                VALUE   (LST)  VALUE       VALUE  FROM      YEAR
                                                  NORMAL
..................................................................
TEMPERATURE (F)
 YESTERDAY
  MAXIMUM         94    257 PM  96    1910  83     11       90
  MINIMUM         48    332 AM  26    1975  44      4       37
  AVERAGE         71                        64      7       64

PRECIPITATION (IN)
  YESTERDAY        0.00          0.28 1944   0.01  -0.01     0.00
  MONTH TO DATE    0.02                      0.62  -0.60     1.54
  SINCE OCT 1      7.97                      7.34   0.63    12.86
  SINCE JAN 1      6.19                      5.05   1.14     8.50

SNOWFALL (IN)
  YESTERDAY        0.0           T    2014   0.0    0.0      0.0
  MONTH TO DATE    T                         0.1   -0.1      0.0
  SINCE JUN 1      T                         0.1   -0.1      0.0
  SINCE JUL 1     68.0                      50.8   17.2    100.4
  SNOW DEPTH       0

DEGREE DAYS
 HEATING
  YESTERDAY        0                         3     -3        1
  MONTH TO DATE   68                       166    -98       61
  SINCE JUN 1     68                       166    -98       61
  SINCE JUL 1   6857                      7513   -656     7322

 COOLING
  YESTERDAY        6                         1      5        0
  MONTH TO DATE   60                        14     46       34
  SINCE JUN 1     60                        14     46       34
  SINCE JAN 1     60                        15     45       34
..................................................................


WIND (MPH)
  HIGHEST WIND SPEED    28   HIGHEST WIND DIRECTION     S (160)
  HIGHEST GUST SPEED    35   HIGHEST GUST DIRECTION     S (170)
  AVERAGE WIND SPEED     9.9



WEATHER CONDITIONS
 THE FOLLOWING WEATHER WAS RECORDED YESTERDAY.
  NO SIGNIFICANT WEATHER WAS OBSERVED.


RELATIVE HUMIDITY (PERCENT)
 HIGHEST    38          1200 AM
 LOWEST     13           300 PM
 AVERAGE    26

..........................................................


THE ELY AIRPORT NV CLIMATE NORMALS FOR TODAY
                         NORMAL    RECORD    YEAR
 MAXIMUM TEMPERATURE (F)   84        96      2013
 MINIMUM TEMPERATURE (F)   44        33      2012
                                             1996
                                             1965


SUNRISE AND SUNSET
JUNE 27 2017..........SUNRISE   515 AM PDT   SUNSET   810 PM PDT
JUNE 28 2017..........SUNRISE   515 AM PDT   SUNSET   810 PM PDT


-  INDICATES NEGATIVE NUMBERS.
R  INDICATES RECORD WAS SET OR TIED.
MM INDICATES DATA IS MISSING.
T  INDICATES TRACE AMOUNT.




$$
