000
CDUS45 KLKN 210936
CLIELY


CLIMATE REPORT
NATIONAL WEATHER SERVICE ELKO NV
229 AM PDT SAT OCT 21  2017


...................................

...THE ELY AIRPORT NV CLIMATE SUMMARY FOR OCTOBER 20 2017...

CLIMATE NORMAL PERIOD 1981 TO 2010
CLIMATE RECORD PERIOD 1893 TO 2017


WEATHER ITEM   OBSERVED TIME   RECORD YEAR NORMAL DEPARTURE LAST
                VALUE   (LST)  VALUE       VALUE  FROM      YEAR
                                                  NORMAL
..................................................................
TEMPERATURE (F)
 YESTERDAY
  MAXIMUM         55    742 AM  80    2003  61     -6       69
  MINIMUM         17   1115 PM   5    1996  27    -10       17
  AVERAGE         36                        44     -8       43

PRECIPITATION (IN)
  YESTERDAY        0.00          0.56 2004   0.03  -0.03     0.00
  MONTH TO DATE    0.04                      0.65  -0.61      T
  SINCE OCT 1      0.04                      0.65  -0.61      T
  SINCE JAN 1      9.14                      8.12   1.02     9.72

SNOWFALL (IN)
  YESTERDAY        0.0           0.5  1984   0.1   -0.1      0.0
  MONTH TO DATE    0.0                       1.7   -1.7       T
  SINCE SEP 1      5.0                       2.1    2.9       T
  SINCE JUL 1      5.0                       2.1    2.9       T
  SNOW DEPTH       0

DEGREE DAYS
 HEATING
  YESTERDAY       29                        21      8       22
  MONTH TO DATE  424                       357     67      335
  SINCE SEP 1    714                       609    105      570
  SINCE JUL 1    720                       673     47      607

 COOLING
  YESTERDAY        0                         0      0        0
  MONTH TO DATE    0                         0      0        0
  SINCE SEP 1     24                         6     18       12
  SINCE JAN 1    433                       218    215      267
..................................................................


WIND (MPH)
  HIGHEST WIND SPEED    30   HIGHEST WIND DIRECTION     W (290)
  HIGHEST GUST SPEED    40   HIGHEST GUST DIRECTION     W (290)
  AVERAGE WIND SPEED    13.5



WEATHER CONDITIONS
 THE FOLLOWING WEATHER WAS RECORDED YESTERDAY.
  NO SIGNIFICANT WEATHER WAS OBSERVED.


RELATIVE HUMIDITY (PERCENT)
 HIGHEST    60          1100 PM
 LOWEST     14          1200 PM
 AVERAGE    37

..........................................................


THE ELY AIRPORT NV CLIMATE NORMALS FOR TODAY
                         NORMAL    RECORD    YEAR
 MAXIMUM TEMPERATURE (F)   60        81      2003
 MINIMUM TEMPERATURE (F)   27        -1      1996


SUNRISE AND SUNSET
OCTOBER 21 2017.......SUNRISE   656 AM PDT   SUNSET   552 PM PDT
OCTOBER 22 2017.......SUNRISE   657 AM PDT   SUNSET   550 PM PDT


-  INDICATES NEGATIVE NUMBERS.
R  INDICATES RECORD WAS SET OR TIED.
MM INDICATES DATA IS MISSING.
T  INDICATES TRACE AMOUNT.




$$
