000
CDUS45 KLKN 260930
CLIELY


CLIMATE REPORT
NATIONAL WEATHER SERVICE ELKO NV
126 AM PST WED NOV 26 2014


...................................

...THE ELY AIRPORT NV CLIMATE SUMMARY FOR NOVEMBER 25 2014...

CLIMATE NORMAL PERIOD 1981 TO 2010
CLIMATE RECORD PERIOD 1893 TO 2014


WEATHER ITEM   OBSERVED TIME   RECORD YEAR NORMAL DEPARTURE LAST
                VALUE   (LST)  VALUE       VALUE  FROM      YEAR
                                                  NORMAL
..................................................................
TEMPERATURE (F)
 YESTERDAY
  MAXIMUM         54    147 PM  68    1954  44     10       47
  MINIMUM         13    252 AM -20    2010  15     -2       11
  AVERAGE         34                        30      4       29

PRECIPITATION (IN)
  YESTERDAY        0.00          0.50 1896   0.02  -0.02     0.00
  MONTH TO DATE    0.44                      0.61  -0.17     0.87
  SINCE OCT 1      0.44                      1.61  -1.17     1.69
  SINCE JAN 1      8.53                      9.08  -0.55     7.55

SNOWFALL (IN)
  YESTERDAY        0.0           5.5  1965   0.3   -0.3      0.0
  MONTH TO DATE    0.7                       5.1   -4.4      9.9
  SINCE SEP 1      0.7                       8.5   -7.8     12.9
  SINCE JUL 1      0.7                       8.5   -7.8     12.9
  SNOW DEPTH       0

DEGREE DAYS
 HEATING
  YESTERDAY       31                        35     -4       36
  MONTH TO DATE  737                       757    -20      713
  SINCE SEP 1   1286                      1621   -335     1606
  SINCE JUL 1   1334                      1685   -351     1614

 COOLING
  YESTERDAY        0                         0      0        0
  MONTH TO DATE    0                         0      0        0
  SINCE SEP 1     18                         6     12       17
  SINCE JAN 1    286                       218     68      387
..................................................................


WIND (MPH)
  HIGHEST WIND SPEED    18   HIGHEST WIND DIRECTION    NW (320)
  HIGHEST GUST SPEED    23   HIGHEST GUST DIRECTION    NW (310)
  AVERAGE WIND SPEED     9.0



WEATHER CONDITIONS
 THE FOLLOWING WEATHER WAS RECORDED YESTERDAY.
  NO SIGNIFICANT WEATHER WAS OBSERVED.


RELATIVE HUMIDITY (PERCENT)
 HIGHEST   100          1200 AM
 LOWEST     39           900 AM
 AVERAGE    70

..........................................................


THE ELY AIRPORT NV CLIMATE NORMALS FOR TODAY
                         NORMAL    RECORD    YEAR
 MAXIMUM TEMPERATURE (F)   44        66      1950
 MINIMUM TEMPERATURE (F)   15        -8      1952


SUNRISE AND SUNSET
NOVEMBER 26 2014......SUNRISE   635 AM PST   SUNSET   418 PM PST
NOVEMBER 27 2014......SUNRISE   636 AM PST   SUNSET   418 PM PST


-  INDICATES NEGATIVE NUMBERS.
R  INDICATES RECORD WAS SET OR TIED.
MM INDICATES DATA IS MISSING.
T  INDICATES TRACE AMOUNT.




$$
