000
CDUS45 KLKN 020932
CLIELY


CLIMATE REPORT
NATIONAL WEATHER SERVICE ELKO NV
131 AM PST FRI DEC 2 2016


...................................

...THE ELY AIRPORT NV CLIMATE SUMMARY FOR DECEMBER 1 2016...

CLIMATE NORMAL PERIOD 1981 TO 2010
CLIMATE RECORD PERIOD 1893 TO 2016


WEATHER ITEM   OBSERVED TIME   RECORD YEAR NORMAL DEPARTURE LAST
                VALUE   (LST)  VALUE       VALUE  FROM      YEAR
                                                  NORMAL
..................................................................
TEMPERATURE (F)
 YESTERDAY
  MAXIMUM         34   1142 AM  64    2008  42     -8       39
  MINIMUM         19    612 AM  -3    1967  13      6        1
  AVERAGE         27                        28     -1       20

PRECIPITATION (IN)
  YESTERDAY        T             0.50 1897   0.02  -0.02     0.00
  MONTH TO DATE    T                         0.02  -0.02     0.00
  SINCE OCT 1      0.61                      1.72  -1.11     3.15
  SINCE JAN 1     10.33                      9.19   1.14     8.65

SNOWFALL (IN)
  YESTERDAY        T             6.7  1968   0.2   -0.2      0.0
  MONTH TO DATE    T                         0.2   -0.2      0.0
  SINCE DEC 1      T                         0.2   -0.2      0.0
  SINCE JUL 1      5.9                       9.7   -3.8     17.7
  SNOW DEPTH       T

DEGREE DAYS
 HEATING
  YESTERDAY       38                        37      1       45
  MONTH TO DATE   38                        37      1       45
  SINCE DEC 1     38                        37      1       45
  SINCE JUL 1   1591                      1905   -314     1674

 COOLING
  YESTERDAY        0                         0      0        0
  MONTH TO DATE    0                         0      0        0
  SINCE DEC 1      0                         0      0        0
  SINCE JAN 1    267                       218     49      329
..................................................................


WIND (MPH)
  HIGHEST WIND SPEED    17   HIGHEST WIND DIRECTION    NW (310)
  HIGHEST GUST SPEED    21   HIGHEST GUST DIRECTION    NW (300)
  AVERAGE WIND SPEED     6.9



WEATHER CONDITIONS
 THE FOLLOWING WEATHER WAS RECORDED YESTERDAY.
  LIGHT SNOW


RELATIVE HUMIDITY (PERCENT)
 HIGHEST    92          1200 AM
 LOWEST     58           100 PM
 AVERAGE    75

..........................................................


THE ELY AIRPORT NV CLIMATE NORMALS FOR TODAY
                         NORMAL    RECORD    YEAR
 MAXIMUM TEMPERATURE (F)   42        63      1959
 MINIMUM TEMPERATURE (F)   13        -5      1967


SUNRISE AND SUNSET
DECEMBER  2 2016......SUNRISE   642 AM PST   SUNSET   416 PM PST
DECEMBER  3 2016......SUNRISE   642 AM PST   SUNSET   416 PM PST


-  INDICATES NEGATIVE NUMBERS.
R  INDICATES RECORD WAS SET OR TIED.
MM INDICATES DATA IS MISSING.
T  INDICATES TRACE AMOUNT.




$$
