000
CDUS45 KLKN 010928
CLIELY


CLIMATE REPORT
NATIONAL WEATHER SERVICE ELKO NV
226 AM PDT TUE SEP 1 2015


...................................

...THE ELY AIRPORT NV CLIMATE SUMMARY FOR AUGUST 31 2015...

CLIMATE NORMAL PERIOD 1981 TO 2010
CLIMATE RECORD PERIOD 1893 TO 2015


WEATHER ITEM   OBSERVED TIME   RECORD YEAR NORMAL DEPARTURE LAST
                VALUE   (LST)  VALUE       VALUE  FROM      YEAR
                                                  NORMAL
..................................................................
TEMPERATURE (F)
 YESTERDAY
  MAXIMUM         86    227 PM  92    1996  82      4       79
                                      1950
  MINIMUM         42    536 AM  29    1962  44     -2       48
  AVERAGE         64                        63      1       64

PRECIPITATION (IN)
  YESTERDAY        0.00          2.08 1909   0.03  -0.03     0.00
  MONTH TO DATE    0.54                      0.90  -0.36     2.48
  SINCE OCT 1      6.16                      8.93  -2.77     9.94
  SINCE JAN 1      4.99                      6.64  -1.65     7.26

SNOWFALL (IN)
  YESTERDAY        0.0           0.0  1893   0.0    0.0      0.0
  MONTH TO DATE    0.0                       0.0    0.0      0.0
  SINCE JUN 1      0.0                       0.1   -0.1       T
  SINCE JUL 1      0.0                       0.0    0.0      0.0
  SNOW DEPTH       0

DEGREE DAYS
 HEATING
  YESTERDAY        1                         3     -2        1
  MONTH TO DATE   13                        41    -28       48
  SINCE JUN 1     87                       239   -152      188
  SINCE JUL 1     32                        64    -32       48

 COOLING
  YESTERDAY        0                         1     -1        0
  MONTH TO DATE  115                        77     38       41
  SINCE JUN 1    301                       211     90      266
  SINCE JAN 1    304                       212     92      268
..................................................................


WIND (MPH)
  HIGHEST WIND SPEED    18   HIGHEST WIND DIRECTION     S (200)
  HIGHEST GUST SPEED    27   HIGHEST GUST DIRECTION    SW (220)
  AVERAGE WIND SPEED     8.4



WEATHER CONDITIONS
 THE FOLLOWING WEATHER WAS RECORDED YESTERDAY.
  NO SIGNIFICANT WEATHER WAS OBSERVED.


RELATIVE HUMIDITY (PERCENT)
 HIGHEST    53           600 AM
 LOWEST     11           200 PM
 AVERAGE    32

..........................................................


THE ELY AIRPORT NV CLIMATE NORMALS FOR TODAY
                         NORMAL    RECORD    YEAR
 MAXIMUM TEMPERATURE (F)   81        93      1950
 MINIMUM TEMPERATURE (F)   43        30      1973


SUNRISE AND SUNSET
SEPTEMBER  1 2015.....SUNRISE   608 AM PDT   SUNSET   710 PM PDT
SEPTEMBER  2 2015.....SUNRISE   609 AM PDT   SUNSET   709 PM PDT


-  INDICATES NEGATIVE NUMBERS.
R  INDICATES RECORD WAS SET OR TIED.
MM INDICATES DATA IS MISSING.
T  INDICATES TRACE AMOUNT.




$$
