000
CDUS45 KLKN 220930
CLIELY


CLIMATE REPORT
NATIONAL WEATHER SERVICE ELKO NV
230 AM PDT WED OCT 22 2014


...................................

...THE ELY AIRPORT NV CLIMATE SUMMARY FOR OCTOBER 21 2014...

CLIMATE NORMAL PERIOD 1981 TO 2010
CLIMATE RECORD PERIOD 1893 TO 2014


WEATHER ITEM   OBSERVED TIME   RECORD YEAR NORMAL DEPARTURE LAST
                VALUE   (LST)  VALUE       VALUE  FROM      YEAR
                                                  NORMAL
..................................................................
TEMPERATURE (F)
 YESTERDAY
  MAXIMUM         62    139 PM  81    2003  60      2       65
  MINIMUM         29   1153 PM  -1    1996  27      2       25
  AVERAGE         46                        44      2       45

PRECIPITATION (IN)
  YESTERDAY        0.00          0.45 1896   0.03  -0.03     0.00
  MONTH TO DATE    T                         0.68  -0.68     0.56
  SINCE OCT 1      T                         0.68  -0.68     0.56
  SINCE JAN 1      8.09                      8.15  -0.06     6.42

SNOWFALL (IN)
  YESTERDAY        0.0           4.0  1985   0.1   -0.1      0.0
  MONTH TO DATE    0.0                       1.8   -1.8      0.5
  SINCE SEP 1      0.0                       2.2   -2.2      0.5
  SINCE JUL 1      0.0                       2.2   -2.2      0.5
  SNOW DEPTH       0

DEGREE DAYS
 HEATING
  YESTERDAY       19                        21     -2       20
  MONTH TO DATE  276                       378   -102      448
  SINCE SEP 1    396                       630   -234      671
  SINCE JUL 1    444                       694   -250      679

 COOLING
  YESTERDAY        0                         0      0        0
  MONTH TO DATE    0                         0      0        0
  SINCE SEP 1     18                         6     12       17
  SINCE JAN 1    286                       218     68      387
..................................................................


WIND (MPH)
  HIGHEST WIND SPEED    24   HIGHEST WIND DIRECTION     S (170)
  HIGHEST GUST SPEED    30   HIGHEST GUST DIRECTION    SE (150)
  AVERAGE WIND SPEED    10.1



WEATHER CONDITIONS
 THE FOLLOWING WEATHER WAS RECORDED YESTERDAY.
  NO SIGNIFICANT WEATHER WAS OBSERVED.


RELATIVE HUMIDITY (PERCENT)
 HIGHEST    50           400 AM
 LOWEST     12           200 PM
 AVERAGE    31

..........................................................


THE ELY AIRPORT NV CLIMATE NORMALS FOR TODAY
                         NORMAL    RECORD    YEAR
 MAXIMUM TEMPERATURE (F)   60        81      2003
 MINIMUM TEMPERATURE (F)   27         8      1985


SUNRISE AND SUNSET
OCTOBER 22 2014.......SUNRISE   656 AM PDT   SUNSET   551 PM PDT
OCTOBER 23 2014.......SUNRISE   658 AM PDT   SUNSET   549 PM PDT


-  INDICATES NEGATIVE NUMBERS.
R  INDICATES RECORD WAS SET OR TIED.
MM INDICATES DATA IS MISSING.
T  INDICATES TRACE AMOUNT.




$$
