000
CDUS45 KLKN 180932
CLIELY


CLIMATE REPORT
NATIONAL WEATHER SERVICE ELKO NV
227 AM PDT FRI AUG 18 2017


...................................

...THE ELY AIRPORT NV CLIMATE SUMMARY FOR AUGUST 17 2017...

CLIMATE NORMAL PERIOD 1981 TO 2010
CLIMATE RECORD PERIOD 1893 TO 2017


WEATHER ITEM   OBSERVED TIME   RECORD YEAR NORMAL DEPARTURE LAST
                VALUE   (LST)  VALUE       VALUE  FROM      YEAR
                                                  NORMAL
..................................................................
TEMPERATURE (F)
 YESTERDAY
  MAXIMUM         85    435 PM  95    2002  85      0       89
  MINIMUM         42    512 AM  32    1993  47     -5       47
  AVERAGE         64                        66     -2       68

PRECIPITATION (IN)
  YESTERDAY        0.00          0.60 1901   0.03  -0.03     0.00
  MONTH TO DATE    0.09                      0.52  -0.43     0.18
  SINCE OCT 1      8.92                      8.55   0.37    13.23
  SINCE JAN 1      7.14                      6.26   0.88     8.87

SNOWFALL (IN)
  YESTERDAY        0.0           0.0  1893   0.0    0.0      0.0
  MONTH TO DATE    0.0                       0.0    0.0      0.0
  SINCE JUN 1      T                         0.1   -0.1      0.0
  SINCE JUL 1      0.0                       0.0    0.0      0.0
  SNOW DEPTH       0

DEGREE DAYS
 HEATING
  YESTERDAY        1                         1      0        0
  MONTH TO DATE    4                        11     -7        6
  SINCE JUN 1     76                       209   -133       84
  SINCE JUL 1      4                        34    -30       23

 COOLING
  YESTERDAY        0                         2     -2        3
  MONTH TO DATE   75                        55     20       55
  SINCE JUN 1    355                       189    166      239
  SINCE JAN 1    355                       190    165      239
..................................................................


WIND (MPH)
  HIGHEST WIND SPEED    15   HIGHEST WIND DIRECTION     N (350)
  HIGHEST GUST SPEED    20   HIGHEST GUST DIRECTION    NW (310)
  AVERAGE WIND SPEED     7.5



WEATHER CONDITIONS
 THE FOLLOWING WEATHER WAS RECORDED YESTERDAY.
  NO SIGNIFICANT WEATHER WAS OBSERVED.


RELATIVE HUMIDITY (PERCENT)
 HIGHEST    86          1200 AM
 LOWEST     15           400 PM
 AVERAGE    51

..........................................................


THE ELY AIRPORT NV CLIMATE NORMALS FOR TODAY
                         NORMAL    RECORD    YEAR
 MAXIMUM TEMPERATURE (F)   85        95      2001
 MINIMUM TEMPERATURE (F)   47        28      1978


SUNRISE AND SUNSET
AUGUST 18 2017........SUNRISE   555 AM PDT   SUNSET   730 PM PDT
AUGUST 19 2017........SUNRISE   556 AM PDT   SUNSET   729 PM PDT


-  INDICATES NEGATIVE NUMBERS.
R  INDICATES RECORD WAS SET OR TIED.
MM INDICATES DATA IS MISSING.
T  INDICATES TRACE AMOUNT.




$$
