000
CDUS43 KTOP 260637
CLIEMP


CLIMATE REPORT
NATIONAL WEATHER SERVICE TOPEKA KS
136 AM CDT THU MAY 26 2016


...................................

...THE EMPORIA KS CLIMATE SUMMARY FOR MAY 25 2016...

CLIMATE NORMAL PERIOD 1981 TO 2010
CLIMATE RECORD PERIOD 9999 TO 9999


WEATHER ITEM   OBSERVED NORMAL DEPARTURE LAST
                VALUE   VALUE  FROM      YEAR
                               NORMAL
...............................................
TEMPERATURE (F)
 YESTERDAY
  MAXIMUM         81     78      3       81
  MINIMUM         62     58      4       57
  AVERAGE         72     68      4       69

PRECIPITATION (IN)
  YESTERDAY        0.24   0.17   0.07     0.14
  MONTH TO DATE    3.43   3.83  -0.40     6.98
  SINCE MAR 1     11.58   9.74   1.84    11.87
  SINCE JAN 1     12.75  11.60   1.15    13.27

DEGREE DAYS
 HEATING
  YESTERDAY        0      1     -1        0
  MONTH TO DATE  124     76     48      101
  SINCE MAR 1    789    983   -194      861
  SINCE JUL 1   3902   4805   -903     4862

 COOLING
  YESTERDAY        7      4      3        4
  MONTH TO DATE   30     65    -35       46
  SINCE MAR 1     50     88    -38       52
  SINCE JAN 1     50     88    -38       52
...............................................


WIND (MPH)
  HIGHEST WIND SPEED    26   HIGHEST WIND DIRECTION    SE (140)
  HIGHEST GUST SPEED    34   HIGHEST GUST DIRECTION    SE (130)
  AVERAGE WIND SPEED    14.0


SKY COVER
  AVERAGE SKY COVER 0.5


WEATHER CONDITIONS
 THE FOLLOWING WEATHER WAS RECORDED YESTERDAY.
  THUNDERSTORM
  RAIN
  LIGHT RAIN
  FOG


RELATIVE HUMIDITY (PERCENT)
 HIGHEST    93
 LOWEST     67
 AVERAGE    80

..........................................................


THE EMPORIA KS CLIMATE NORMALS FOR TODAY
                         NORMAL
 MAXIMUM TEMPERATURE (F)   79
 MINIMUM TEMPERATURE (F)   58


SUNRISE AND SUNSET
MAY 26 2016...........SUNRISE   606 AM CDT   SUNSET   839 PM CDT
MAY 27 2016...........SUNRISE   605 AM CDT   SUNSET   839 PM CDT


-  INDICATES NEGATIVE NUMBERS.
R  INDICATES RECORD WAS SET OR TIED.
MM INDICATES DATA IS MISSING.
T  INDICATES TRACE AMOUNT.




$$
