000
CDUS43 KTOP 010631
CLIEMP


CLIMATE REPORT
NATIONAL WEATHER SERVICE TOPEKA KS
131 AM CDT TUE SEP 1 2015


...................................

...THE EMPORIA KS CLIMATE SUMMARY FOR AUGUST 31 2015...

CLIMATE NORMAL PERIOD 1981 TO 2010
CLIMATE RECORD PERIOD 9999 TO 9999


WEATHER ITEM   OBSERVED NORMAL DEPARTURE LAST
                VALUE   VALUE  FROM      YEAR
                               NORMAL
...............................................
TEMPERATURE (F)
 YESTERDAY
  MAXIMUM         90     87      3       97
  MINIMUM         61     62     -1       66
  AVERAGE         76     75      1       82

PRECIPITATION (IN)
  YESTERDAY        0.00   0.17  -0.17     1.71
  MONTH TO DATE    3.58   3.82  -0.24     5.08
  SINCE JUN 1     10.58  13.93  -3.35    13.15
  SINCE JAN 1     25.62  26.61  -0.99    18.76

DEGREE DAYS
 HEATING
  YESTERDAY        0      0      0        0
  MONTH TO DATE    0      0      0        0
  SINCE JUN 1      3      9     -6        6
  SINCE JUL 1      0      1     -1        2

 COOLING
  YESTERDAY       11     10      1       17
  MONTH TO DATE  294    392    -98      453
  SINCE JUN 1   1111   1089     22     1027
  SINCE JAN 1   1179   1208    -29     1203
...............................................


WIND (MPH)
  HIGHEST WIND SPEED    18   HIGHEST WIND DIRECTION     S (170)
  HIGHEST GUST SPEED    24   HIGHEST GUST DIRECTION     S (180)
  AVERAGE WIND SPEED    10.2


SKY COVER
  AVERAGE SKY COVER 0.2


WEATHER CONDITIONS
 THE FOLLOWING WEATHER WAS RECORDED YESTERDAY.
  FOG
  FOG W/VISIBILITY <= 1/4 MILE


RELATIVE HUMIDITY (PERCENT)
 HIGHEST   100
 LOWEST     44
 AVERAGE    72

..........................................................


THE EMPORIA KS CLIMATE NORMALS FOR TODAY
                         NORMAL
 MAXIMUM TEMPERATURE (F)   87
 MINIMUM TEMPERATURE (F)   62


SUNRISE AND SUNSET
SEPTEMBER  1 2015.....SUNRISE   654 AM CDT   SUNSET   755 PM CDT
SEPTEMBER  2 2015.....SUNRISE   655 AM CDT   SUNSET   753 PM CDT


-  INDICATES NEGATIVE NUMBERS.
R  INDICATES RECORD WAS SET OR TIED.
MM INDICATES DATA IS MISSING.
T  INDICATES TRACE AMOUNT.




$$
