000
CDUS43 KTOP 182232
CLIEMP


CLIMATE REPORT
NATIONAL WEATHER SERVICE TOPEKA KS
432 PM CST WED JAN 18 2017


...................................

...THE EMPORIA KS CLIMATE SUMMARY FOR JANUARY 18 2017...
VALID TODAY AS OF 0400 PM LOCAL TIME.

CLIMATE NORMAL PERIOD 1981 TO 2010
CLIMATE RECORD PERIOD 9999 TO 9999


WEATHER ITEM   OBSERVED NORMAL DEPARTURE LAST
                VALUE   VALUE  FROM      YEAR
                               NORMAL
...............................................
TEMPERATURE (F)
 TODAY
  MAXIMUM         55     41     14       27
  MINIMUM         28     21      7       11
  AVERAGE         42     31     11       19

PRECIPITATION (IN)
  TODAY            0.00   0.02  -0.02     0.00
  MONTH TO DATE    1.02   0.25   0.77     0.37
  SINCE DEC 1      1.79   1.60   0.19     3.46
  SINCE JAN 1      1.02   0.25   0.77     0.37

DEGREE DAYS
 HEATING
  TODAY           23     34    -11       46
  MONTH TO DATE  615    612      3      519
  SINCE DEC 1   1661   1605     56     1299
  SINCE JUL 1   2211   2545   -334     2018

 COOLING
  TODAY            0      0      0        0
  MONTH TO DATE    0      0      0        0
  SINCE DEC 1      0      0      0        0
  SINCE JAN 1      0      0      0        0
...............................................


WIND (MPH)
  HIGHEST WIND SPEED    17   HIGHEST WIND DIRECTION     S (160)
  HIGHEST GUST SPEED    21   HIGHEST GUST DIRECTION     S (160)
  AVERAGE WIND SPEED     9.6



WEATHER CONDITIONS
 THE FOLLOWING WEATHER WAS RECORDED TODAY.
  FOG


RELATIVE HUMIDITY (PERCENT)
 HIGHEST   100
 LOWEST     45
 AVERAGE    73

..........................................................


THE EMPORIA KS CLIMATE NORMALS FOR TOMORROW
                         NORMAL
 MAXIMUM TEMPERATURE (F)   41
 MINIMUM TEMPERATURE (F)   21


SUNRISE AND SUNSET
JANUARY 18 2017.......SUNRISE   739 AM CST   SUNSET   532 PM CST
JANUARY 19 2017.......SUNRISE   739 AM CST   SUNSET   533 PM CST


-  INDICATES NEGATIVE NUMBERS.
R  INDICATES RECORD WAS SET OR TIED.
MM INDICATES DATA IS MISSING.
T  INDICATES TRACE AMOUNT.




$$
