000
CDUS43 KTOP 020633
CLIEMP


CLIMATE REPORT
NATIONAL WEATHER SERVICE TOPEKA KS
132 AM CDT TUE JUN 2 2015


...................................

...THE EMPORIA KS CLIMATE SUMMARY FOR JUNE 1 2015...

CLIMATE NORMAL PERIOD 1981 TO 2010
CLIMATE RECORD PERIOD 9999 TO 9999


WEATHER ITEM   OBSERVED NORMAL DEPARTURE LAST
                VALUE   VALUE  FROM      YEAR
                               NORMAL
...............................................
TEMPERATURE (F)
 YESTERDAY
  MAXIMUM         72     80     -8       82
  MINIMUM         51     59     -8       65
  AVERAGE         62     70     -8       74

PRECIPITATION (IN)
  YESTERDAY        0.00   0.20  -0.20     0.71
  MONTH TO DATE    0.00   0.20  -0.20     0.71
  SINCE JUN 1      0.00   0.20  -0.20     0.71
  SINCE JAN 1     15.04  12.88   2.16     6.32

DEGREE DAYS
 HEATING
  YESTERDAY        3      1      2        0
  MONTH TO DATE    3      1      2        0
  SINCE JUN 1      3      1      2        0
  SINCE JUL 1   4875   4812     63     5494

 COOLING
  YESTERDAY        0      6     -6        9
  MONTH TO DATE    0      6     -6        9
  SINCE JUN 1      0      6     -6        9
  SINCE JAN 1     68    125    -57      185
...............................................


WIND (MPH)
  HIGHEST WIND SPEED    15   HIGHEST WIND DIRECTION     E (110)
  HIGHEST GUST SPEED    19   HIGHEST GUST DIRECTION     E (100)
  AVERAGE WIND SPEED     6.8


SKY COVER
  AVERAGE SKY COVER 0.3


WEATHER CONDITIONS
 THE FOLLOWING WEATHER WAS RECORDED YESTERDAY.
  NO SIGNIFICANT WEATHER WAS OBSERVED.


RELATIVE HUMIDITY (PERCENT)
 HIGHEST   100
 LOWEST     61
 AVERAGE    81

..........................................................


THE EMPORIA KS CLIMATE NORMALS FOR TODAY
                         NORMAL
 MAXIMUM TEMPERATURE (F)   81
 MINIMUM TEMPERATURE (F)   60


SUNRISE AND SUNSET
JUNE  2 2015..........SUNRISE   603 AM CDT   SUNSET   843 PM CDT
JUNE  3 2015..........SUNRISE   602 AM CDT   SUNSET   844 PM CDT


-  INDICATES NEGATIVE NUMBERS.
R  INDICATES RECORD WAS SET OR TIED.
MM INDICATES DATA IS MISSING.
T  INDICATES TRACE AMOUNT.




$$
