168
CDUS43 KTOP 012133
CLIEMP


CLIMATE REPORT
NATIONAL WEATHER SERVICE TOPEKA KS
432 PM CDT SAT OCT 1 2016


...................................

...THE EMPORIA KS CLIMATE SUMMARY FOR OCTOBER 1 2016...
VALID TODAY AS OF 0400 PM LOCAL TIME.

CLIMATE NORMAL PERIOD 1981 TO 2010
CLIMATE RECORD PERIOD 9999 TO 9999


WEATHER ITEM   OBSERVED NORMAL DEPARTURE LAST
                VALUE   VALUE  FROM      YEAR
                               NORMAL
...............................................
TEMPERATURE (F)
 TODAY
  MAXIMUM         75     75      0       71
  MINIMUM         48     51     -3       44
  AVERAGE         62     62      0       58

PRECIPITATION (IN)
  TODAY            0.00   0.08  -0.08     0.00
  MONTH TO DATE    0.00   0.08  -0.08     0.00
  SINCE SEP 1      7.67   3.47   4.20     1.19
  SINCE JAN 1     36.26  30.08   6.18    26.81

DEGREE DAYS
 HEATING
  TODAY            3      5     -2        7
  MONTH TO DATE    3      5     -2        7
  SINCE SEP 1     25     54    -29       22
  SINCE JUL 1     25     55    -30       22

 COOLING
  TODAY            0      2     -2        0
  MONTH TO DATE    0      2     -2        0
  SINCE SEP 1    222    167     55      275
  SINCE JAN 1   1558   1375    183     1454
...............................................


WIND (MPH)
  HIGHEST WIND SPEED     9   HIGHEST WIND DIRECTION     N (10)
  HIGHEST GUST SPEED    12   HIGHEST GUST DIRECTION     N (350)
  AVERAGE WIND SPEED     2.6



WEATHER CONDITIONS
 THE FOLLOWING WEATHER WAS RECORDED TODAY.
  FOG


RELATIVE HUMIDITY (PERCENT)
 HIGHEST   100
 LOWEST     36
 AVERAGE    68

..........................................................


THE EMPORIA KS CLIMATE NORMALS FOR TOMORROW
                         NORMAL
 MAXIMUM TEMPERATURE (F)   74
 MINIMUM TEMPERATURE (F)   50


SUNRISE AND SUNSET
OCTOBER  1 2016.......SUNRISE   721 AM CDT   SUNSET   707 PM CDT
OCTOBER  2 2016.......SUNRISE   722 AM CDT   SUNSET   705 PM CDT


-  INDICATES NEGATIVE NUMBERS.
R  INDICATES RECORD WAS SET OR TIED.
MM INDICATES DATA IS MISSING.
T  INDICATES TRACE AMOUNT.




$$
