000
CDUS43 KTOP 110632
CLIEMP


CLIMATE REPORT
NATIONAL WEATHER SERVICE TOPEKA KS
1231 AM CST SUN DEC 11 2016


...................................

...THE EMPORIA KS CLIMATE SUMMARY FOR DECEMBER 10 2016...

CLIMATE NORMAL PERIOD 1981 TO 2010
CLIMATE RECORD PERIOD 9999 TO 9999


WEATHER ITEM   OBSERVED NORMAL DEPARTURE LAST
                VALUE   VALUE  FROM      YEAR
                               NORMAL
...............................................
TEMPERATURE (F)
 YESTERDAY
  MAXIMUM         40     44     -4       64
  MINIMUM         20     24     -4       37
  AVERAGE         30     34     -4       51

PRECIPITATION (IN)
  YESTERDAY        0.00   0.05  -0.05     0.00
  MONTH TO DATE    0.51   0.56  -0.05      T
  SINCE DEC 1      0.51   0.56  -0.05      T
  SINCE JAN 1     38.33  35.60   2.73    32.01

DEGREE DAYS
 HEATING
  YESTERDAY       35     31      4       14
  MONTH TO DATE  328    295     33      213
  SINCE DEC 1    328    295     33      213
  SINCE JUL 1    878   1235   -357      932

 COOLING
  YESTERDAY        0      0      0        0
  MONTH TO DATE    0      0      0        0
  SINCE DEC 1      0      0      0        0
  SINCE JAN 1   1629   1403    226     1490
...............................................


WIND (MPH)
  HIGHEST WIND SPEED    21   HIGHEST WIND DIRECTION     S (160)
  HIGHEST GUST SPEED    26   HIGHEST GUST DIRECTION     S (170)
  AVERAGE WIND SPEED    10.6


SKY COVER
  AVERAGE SKY COVER 0.6


WEATHER CONDITIONS
 THE FOLLOWING WEATHER WAS RECORDED YESTERDAY.
  NO SIGNIFICANT WEATHER WAS OBSERVED.


RELATIVE HUMIDITY (PERCENT)
 HIGHEST    81
 LOWEST     44
 AVERAGE    63

..........................................................


THE EMPORIA KS CLIMATE NORMALS FOR TODAY
                         NORMAL
 MAXIMUM TEMPERATURE (F)   44
 MINIMUM TEMPERATURE (F)   23


SUNRISE AND SUNSET
DECEMBER 11 2016......SUNRISE   732 AM CST   SUNSET   505 PM CST
DECEMBER 12 2016......SUNRISE   733 AM CST   SUNSET   505 PM CST


-  INDICATES NEGATIVE NUMBERS.
R  INDICATES RECORD WAS SET OR TIED.
MM INDICATES DATA IS MISSING.
T  INDICATES TRACE AMOUNT.




$$
