000
CDUS46 KOTX 050824
CLIEPH


CLIMATE REPORT
NATIONAL WEATHER SERVICE SPOKANE, WA
124 AM PDT SAT SEP 5 2015


...................................

...THE EPHRATA WA AIRPORT CLIMATE SUMMARY FOR SEPTEMBER 4 2015...

CLIMATE NORMAL PERIOD 1981 TO 2010
CLIMATE RECORD PERIOD 9999 TO 9999


WEATHER ITEM   OBSERVED TIME   RECORD YEAR NORMAL DEPARTURE LAST
                VALUE   (LST)  VALUE       VALUE  FROM      YEAR
                                                  NORMAL
..................................................................
TEMPERATURE (F)
 YESTERDAY
  MAXIMUM         73   1145 AM 102    1988  82     -9       79
  MINIMUM         44    511 AM  40    2002  54    -10       50
  AVERAGE         59                        68     -9       65

PRECIPITATION (IN)
  YESTERDAY        0.00          0.67 1960   0.01  -0.01     0.00
  MONTH TO DATE    0.00                      0.03  -0.03      T
  SINCE OCT 1      6.99                      7.52  -0.53     4.64
  SINCE JAN 1      4.20                      4.69  -0.49     3.89

SNOWFALL (IN)
  YESTERDAY       MM

DEGREE DAYS
 HEATING
  YESTERDAY        6                         1      5        0
  MONTH TO DATE   14                         4     10        0
  SINCE SEP 1     14                         4     10        0
  SINCE JUL 1     14                        21     -7        1

 COOLING
  YESTERDAY        0                         4     -4        0
  MONTH TO DATE    2                        17    -15        7
  SINCE SEP 1      2                        17    -15        7
  SINCE JAN 1   1236                       711    525     1040
..................................................................


WIND (MPH)
  HIGHEST WIND SPEED    26   HIGHEST WIND DIRECTION     N (350)
  HIGHEST GUST SPEED    33   HIGHEST GUST DIRECTION     N (350)
  AVERAGE WIND SPEED     8.8


SKY COVER
  POSSIBLE SUNSHINE  MM
  AVERAGE SKY COVER 0.2


WEATHER CONDITIONS
 THE FOLLOWING WEATHER WAS RECORDED YESTERDAY.
  NO SIGNIFICANT WEATHER WAS OBSERVED.


RELATIVE HUMIDITY (PERCENT)
 HIGHEST    65           400 AM
 LOWEST     20           400 PM
 AVERAGE    43

..........................................................


THE EPHRATA WA AIRPORT CLIMATE NORMALS FOR TODAY
                         NORMAL    RECORD    YEAR
 MAXIMUM TEMPERATURE (F)   82        98      1955
 MINIMUM TEMPERATURE (F)   53        45      1969


SUNRISE AND SUNSET
SEPTEMBER  5 2015.....SUNRISE   622 AM PDT   SUNSET   731 PM PDT
SEPTEMBER  6 2015.....SUNRISE   623 AM PDT   SUNSET   729 PM PDT


-  INDICATES NEGATIVE NUMBERS.
R  INDICATES RECORD WAS SET OR TIED.
MM INDICATES DATA IS MISSING.
T  INDICATES TRACE AMOUNT.




$$
