000
CDUS46 KOTX 020836
CLIEPH


CLIMATE REPORT
NATIONAL WEATHER SERVICE SPOKANE, WA
136 AM PDT TUE JUN 2 2015


...................................

...THE EPHRATA WA AIRPORT CLIMATE SUMMARY FOR JUNE 1 2015...

CLIMATE NORMAL PERIOD 1981 TO 2010
CLIMATE RECORD PERIOD 9999 TO 9999


WEATHER ITEM   OBSERVED TIME   RECORD YEAR NORMAL DEPARTURE LAST
                VALUE   (LST)  VALUE       VALUE  FROM      YEAR
                                                  NORMAL
..................................................................
TEMPERATURE (F)
 YESTERDAY
  MAXIMUM         86    257 PM 100    1986  76     10       85
  MINIMUM         62    407 AM  34    1976  51     11       63
  AVERAGE         74                        64     10       74

PRECIPITATION (IN)
  YESTERDAY        T             0.24 1977   0.03  -0.03     0.00
  MONTH TO DATE    T                         0.03  -0.03     0.00
  SINCE OCT 1      6.85                      6.32   0.53     3.55
  SINCE JAN 1      4.06                      3.49   0.57     2.80

SNOWFALL (IN)
  YESTERDAY       MM

DEGREE DAYS
 HEATING
  YESTERDAY        0                         4     -4        0
  MONTH TO DATE    0                         4     -4        0
  SINCE JUN 1      0                         4     -4        0
  SINCE JUL 1   4678                      5913  -1235     5735

 COOLING
  YESTERDAY        9                         2      7        9
  MONTH TO DATE    9                         2      7        9
  SINCE JUN 1      9                         2      7        9
  SINCE JAN 1     94                        39     55       53
..................................................................


WIND (MPH)
  HIGHEST WIND SPEED    25   HIGHEST WIND DIRECTION     S (170)
  HIGHEST GUST SPEED    32   HIGHEST GUST DIRECTION     S (170)
  AVERAGE WIND SPEED     9.6


SKY COVER
  POSSIBLE SUNSHINE  MM
  AVERAGE SKY COVER 0.2


WEATHER CONDITIONS
 THE FOLLOWING WEATHER WAS RECORDED YESTERDAY.
  THUNDERSTORM
  LIGHT RAIN


RELATIVE HUMIDITY (PERCENT)
 HIGHEST    59          1100 PM
 LOWEST     32           100 PM
 AVERAGE    46

..........................................................


THE EPHRATA WA AIRPORT CLIMATE NORMALS FOR TODAY
                         NORMAL    RECORD    YEAR
 MAXIMUM TEMPERATURE (F)   77        99      1986
 MINIMUM TEMPERATURE (F)   51        38      1976


SUNRISE AND SUNSET
JUNE  2 2015..........SUNRISE   505 AM PDT   SUNSET   847 PM PDT
JUNE  3 2015..........SUNRISE   505 AM PDT   SUNSET   848 PM PDT


-  INDICATES NEGATIVE NUMBERS.
R  INDICATES RECORD WAS SET OR TIED.
MM INDICATES DATA IS MISSING.
T  INDICATES TRACE AMOUNT.




$$
