000
CDUS46 KOTX 010825
CLIEPH


CLIMATE REPORT
NATIONAL WEATHER SERVICE SPOKANE, WA
125 AM PDT SUN MAY 1 2016


...................................

...THE EPHRATA WA AIRPORT CLIMATE SUMMARY FOR APRIL 30 2016...

CLIMATE NORMAL PERIOD 1981 TO 2010
CLIMATE RECORD PERIOD 9999 TO 9999


WEATHER ITEM   OBSERVED TIME   RECORD YEAR NORMAL DEPARTURE LAST
                VALUE   (LST)  VALUE       VALUE  FROM      YEAR
                                                  NORMAL
..................................................................
TEMPERATURE (F)
 YESTERDAY
  MAXIMUM         71    356 PM  90    1998  67      4       71
  MINIMUM         52    523 AM  30    1986  41     11       37
  AVERAGE         62                        54      8       54

PRECIPITATION (IN)
  YESTERDAY        0.00          0.12 1952   0.01  -0.01     0.00
  MONTH TO DATE    0.55                      0.48   0.07     0.57
  SINCE OCT 1      6.89                      5.64   1.25     5.67
  SINCE JAN 1      4.17                      2.81   1.36     2.88

SNOWFALL (IN)
  YESTERDAY       MM

DEGREE DAYS
 HEATING
  YESTERDAY        3                        11     -8       11
  MONTH TO DATE  220                       439   -219      405
  SINCE MAR 1    821                      1124   -303      909
  SINCE JUL 1   4774                      5697   -923     4603

 COOLING
  YESTERDAY        0                         0      0        0
  MONTH TO DATE    5                         2      3        0
  SINCE MAR 1      5                         2      3        0
  SINCE JAN 1      5                         2      3        0
..................................................................


WIND (MPH)
  HIGHEST WIND SPEED    25   HIGHEST WIND DIRECTION     N (360)
  HIGHEST GUST SPEED    32   HIGHEST GUST DIRECTION     N (20)
  AVERAGE WIND SPEED    12.1


SKY COVER
  POSSIBLE SUNSHINE  MM
  AVERAGE SKY COVER 0.4


WEATHER CONDITIONS
 THE FOLLOWING WEATHER WAS RECORDED YESTERDAY.
  NO SIGNIFICANT WEATHER WAS OBSERVED.


RELATIVE HUMIDITY (PERCENT)
 HIGHEST    59          1200 AM
 LOWEST     26          1100 AM
 AVERAGE    43

..........................................................


THE EPHRATA WA AIRPORT CLIMATE NORMALS FOR TODAY
                         NORMAL    RECORD    YEAR
 MAXIMUM TEMPERATURE (F)   68        90      1998
 MINIMUM TEMPERATURE (F)   42        29      1954


SUNRISE AND SUNSET
MAY  1 2016...........SUNRISE   541 AM PDT   SUNSET   810 PM PDT
MAY  2 2016...........SUNRISE   539 AM PDT   SUNSET   812 PM PDT


-  INDICATES NEGATIVE NUMBERS.
R  INDICATES RECORD WAS SET OR TIED.
MM INDICATES DATA IS MISSING.
T  INDICATES TRACE AMOUNT.




$$
