000
CDUS46 KOTX 060837
CLIEPH


CLIMATE REPORT
NATIONAL WEATHER SERVICE SPOKANE, WA
1236 AM PST FRI MAR 6 2015


...................................

...THE EPHRATA WA AIRPORT CLIMATE SUMMARY FOR MARCH 5 2015...

CLIMATE NORMAL PERIOD 1981 TO 2010
CLIMATE RECORD PERIOD 9999 TO 9999


WEATHER ITEM   OBSERVED TIME   RECORD YEAR NORMAL DEPARTURE LAST
                VALUE   (LST)  VALUE       VALUE  FROM      YEAR
                                                  NORMAL
..................................................................
TEMPERATURE (F)
 YESTERDAY
  MAXIMUM         54    336 PM  63    2014  50      4       63
  MINIMUM         27    610 AM   5    1955  29     -2       36
  AVERAGE         41                        39      2       50

PRECIPITATION (IN)
  YESTERDAY        0.00          0.35 2014   0.02  -0.02     0.35
  MONTH TO DATE    0.00                      0.13  -0.13     0.44
  SINCE OCT 1      4.09                      4.61  -0.52     2.16
  SINCE JAN 1      1.30                      1.78  -0.48     1.41

SNOWFALL (IN)
  YESTERDAY       MM

DEGREE DAYS
 HEATING
  YESTERDAY       24                        26     -2       15
  MONTH TO DATE  135                       132      3      164
  SINCE MAR 1    135                       132      3      164
  SINCE JUL 1   3829                      4705   -876     4746

 COOLING
  YESTERDAY        0                         0      0        0
  MONTH TO DATE    0                         0      0        0
  SINCE MAR 1      0                         0      0        0
  SINCE JAN 1      0                         0      0        0
..................................................................


WIND (MPH)
  HIGHEST WIND SPEED    10   HIGHEST WIND DIRECTION    NE (30)
  HIGHEST GUST SPEED    12   HIGHEST GUST DIRECTION     N (10)
  AVERAGE WIND SPEED     4.9


SKY COVER
  POSSIBLE SUNSHINE  MM
  AVERAGE SKY COVER 0.0


WEATHER CONDITIONS
 THE FOLLOWING WEATHER WAS RECORDED YESTERDAY.
  NO SIGNIFICANT WEATHER WAS OBSERVED.


RELATIVE HUMIDITY (PERCENT)
 HIGHEST    78           100 AM
 LOWEST     29           100 PM
 AVERAGE    54

..........................................................


THE EPHRATA WA AIRPORT CLIMATE NORMALS FOR TODAY
                         NORMAL    RECORD    YEAR
 MAXIMUM TEMPERATURE (F)   50        63      2005
 MINIMUM TEMPERATURE (F)   30        19      1951


SUNRISE AND SUNSET
MARCH  6 2015.........SUNRISE   629 AM PST   SUNSET   550 PM PST
MARCH  7 2015.........SUNRISE   627 AM PST   SUNSET   552 PM PST


-  INDICATES NEGATIVE NUMBERS.
R  INDICATES RECORD WAS SET OR TIED.
MM INDICATES DATA IS MISSING.
T  INDICATES TRACE AMOUNT.




$$
