000
CDUS46 KOTX 210825
CLIEPH


CLIMATE REPORT
NATIONAL WEATHER SERVICE SPOKANE, WA
1221 AM PST SUN DEC 21 2014


...................................

...THE EPHRATA WA AIRPORT CLIMATE SUMMARY FOR DECEMBER 20 2014...

CLIMATE NORMAL PERIOD 1981 TO 2010
CLIMATE RECORD PERIOD 9999 TO 9999


WEATHER ITEM   OBSERVED TIME   RECORD YEAR NORMAL DEPARTURE LAST
                VALUE   (LST)  VALUE       VALUE  FROM      YEAR
                                                  NORMAL
..................................................................
TEMPERATURE (F)
 YESTERDAY
  MAXIMUM         42    554 PM  56    1994  32     10       29
  MINIMUM         34   1241 AM  -1    1984  20     14       17
  AVERAGE         38                        26     12       23

PRECIPITATION (IN)
  YESTERDAY        0.30        0.50   1970  0.05   0.25      T
  MONTH TO DATE    0.74                     0.82  -0.08      T
  SINCE OCT 1      2.78                     2.41   0.37     0.73
  SINCE JAN 1      6.96                     7.43  -0.47     5.70

SNOWFALL (IN)
  YESTERDAY       MM

DEGREE DAYS
 HEATING
  YESTERDAY       27                        39    -12       42
  MONTH TO DATE  589                       740   -151      821
  SINCE DEC 1    589                       740   -151      821
  SINCE JUL 1   1736                      2159   -423     2190

 COOLING
  YESTERDAY        0                         0      0        0
  MONTH TO DATE    0                         0      0        0
  SINCE DEC 1      0                         0      0        0
  SINCE JAN 1   1137                       772    365     1084
..................................................................


WIND (MPH)
  HIGHEST WIND SPEED    15   HIGHEST WIND DIRECTION    SW (210)
  HIGHEST GUST SPEED    18   HIGHEST GUST DIRECTION    SW (210)
  AVERAGE WIND SPEED     5.3


SKY COVER
  POSSIBLE SUNSHINE  MM
  AVERAGE SKY COVER 1.0


WEATHER CONDITIONS
 THE FOLLOWING WEATHER WAS RECORDED YESTERDAY.
  LIGHT RAIN
  FOG
  FOG W/VISIBILITY <= 1/4 MILE


RELATIVE HUMIDITY (PERCENT)
 HIGHEST   100           300 AM
 LOWEST     89           300 PM
 AVERAGE    95

..........................................................


THE EPHRATA WA AIRPORT CLIMATE NORMALS FOR TODAY
                         NORMAL    RECORD    YEAR
 MAXIMUM TEMPERATURE (F)   32        53      1974
 MINIMUM TEMPERATURE (F)   20        -9      1984


SUNRISE AND SUNSET
DECEMBER 21 2014......SUNRISE   742 AM PST   SUNSET   410 PM PST
DECEMBER 22 2014......SUNRISE   743 AM PST   SUNSET   411 PM PST


-  INDICATES NEGATIVE NUMBERS.
R  INDICATES RECORD WAS SET OR TIED.
MM INDICATES DATA IS MISSING.
T  INDICATES TRACE AMOUNT.

$$
