000
CDUS46 KOTX 230829
CLIEPH


CLIMATE REPORT
NATIONAL WEATHER SERVICE SPOKANE, WA
129 AM PDT THU MAR 23 2017


...................................

...THE EPHRATA WA AIRPORT CLIMATE SUMMARY FOR MARCH 22 2017...

CLIMATE NORMAL PERIOD 1981 TO 2010
CLIMATE RECORD PERIOD 9999 TO 9999


WEATHER ITEM   OBSERVED TIME   RECORD YEAR NORMAL DEPARTURE LAST
                VALUE   (LST)  VALUE       VALUE  FROM      YEAR
                                                  NORMAL
..................................................................
TEMPERATURE (F)
 YESTERDAY
  MAXIMUM         56    342 PM  69    2004  56      0       61
                                      1960
  MINIMUM         35   1106 PM  19    1994  34      1       42
  AVERAGE         46                        45      1       52

PRECIPITATION (IN)
  YESTERDAY        0.07          0.22 1971   0.02   0.05     0.05
  MONTH TO DATE    0.57                      0.51   0.06     1.59
  SINCE OCT 1      6.44                      4.99   1.45     6.33
  SINCE JAN 1      2.84                      2.16   0.68     3.61

SNOWFALL (IN)
  YESTERDAY       MM

DEGREE DAYS
 HEATING
  YESTERDAY       19                        20     -1       13
  MONTH TO DATE  506                       514     -8      459
  SINCE MAR 1    506                       514     -8      459
  SINCE JUL 1   5284                      5087    197     4412

 COOLING
  YESTERDAY        0                         0      0        0
  MONTH TO DATE    0                         0      0        0
  SINCE MAR 1      0                         0      0        0
  SINCE JAN 1      0                         0      0        0
..................................................................


WIND (MPH)
  HIGHEST WIND SPEED    18   HIGHEST WIND DIRECTION     S (190)
  HIGHEST GUST SPEED    22   HIGHEST GUST DIRECTION     S (200)
  AVERAGE WIND SPEED     5.9


SKY COVER
  POSSIBLE SUNSHINE  MM
  AVERAGE SKY COVER 0.7


WEATHER CONDITIONS
 THE FOLLOWING WEATHER WAS RECORDED YESTERDAY.
  THUNDERSTORM
  LIGHT RAIN
  FOG
  FOG W/VISIBILITY <= 1/4 MILE
  HAZE


RELATIVE HUMIDITY (PERCENT)
 HIGHEST    92           700 AM
 LOWEST     55           400 PM
 AVERAGE    74

..........................................................


THE EPHRATA WA AIRPORT CLIMATE NORMALS FOR TODAY
                         NORMAL    RECORD    YEAR
 MAXIMUM TEMPERATURE (F)   57        72      1960
 MINIMUM TEMPERATURE (F)   34        21      1955


SUNRISE AND SUNSET
MARCH 23 2017.........SUNRISE   654 AM PDT   SUNSET   716 PM PDT
MARCH 24 2017.........SUNRISE   652 AM PDT   SUNSET   717 PM PDT


-  INDICATES NEGATIVE NUMBERS.
R  INDICATES RECORD WAS SET OR TIED.
MM INDICATES DATA IS MISSING.
T  INDICATES TRACE AMOUNT.




$$
