000
CDUS41 KCLE 210545
CLIERI


CLIMATE REPORT
NATIONAL WEATHER SERVICE CLEVELAND OH
145 AM EDT SAT OCT 21 2017


...................................

...THE ERIE PA CLIMATE SUMMARY FOR OCTOBER 20 2017...

CLIMATE NORMAL PERIOD 1981 TO 2010
CLIMATE RECORD PERIOD 1873 TO 2017


WEATHER ITEM   OBSERVED TIME   RECORD YEAR NORMAL DEPARTURE LAST
                VALUE   (LST)  VALUE       VALUE  FROM      YEAR
                                                  NORMAL
..................................................................
TEMPERATURE (F)
 YESTERDAY
  MAXIMUM         67    401 PM  79    1979  59      8       62
  MINIMUM         43    618 AM  28    1940  44     -1       55
  AVERAGE         55                        52      3       59

PRECIPITATION (IN)
  YESTERDAY        0.00                      0.12  -0.12     0.87
  MONTH TO DATE    2.90                      2.72   0.18     2.43
  SINCE SEP 1      6.73                      7.33  -0.60     8.39
  SINCE JAN 1     38.10                     33.16   4.94    35.45

SNOWFALL (IN)
  YESTERDAY        0.0                       0.0    0.0      0.0
  MONTH TO DATE    0.0                       0.0    0.0      0.0
  SINCE SEP 1      0.0                       0.0    0.0      0.0
  SINCE JUL 1      0.0                       0.0    0.0      0.0
  SNOW DEPTH       0

DEGREE DAYS
 HEATING
  YESTERDAY       10                        13     -3        6
  MONTH TO DATE   82                       213   -131       91
  SINCE SEP 1    169                       319   -150      114
  SINCE JUL 1    179                       337   -158      114

 COOLING
  YESTERDAY        0                         0      0        0
  MONTH TO DATE   26                         7     19       30
  SINCE SEP 1    132                        78     54      166
  SINCE JAN 1    694                       636     58     1015
..................................................................


WIND (MPH)
  HIGHEST WIND SPEED     9   HIGHEST WIND DIRECTION     S (180)
  HIGHEST GUST SPEED    12   HIGHEST GUST DIRECTION     S (170)
  AVERAGE WIND SPEED     3.7


SKY COVER
  POSSIBLE SUNSHINE  MM
  AVERAGE SKY COVER 0.0


WEATHER CONDITIONS
 THE FOLLOWING WEATHER WAS RECORDED YESTERDAY.
  NO SIGNIFICANT WEATHER WAS OBSERVED.


RELATIVE HUMIDITY (PERCENT)
 HIGHEST   100           100 AM
 LOWEST     44          1100 AM
 AVERAGE    72

..........................................................


THE ERIE PA CLIMATE NORMALS FOR TODAY
                         NORMAL    RECORD    YEAR
 MAXIMUM TEMPERATURE (F)   59        82      1979
 MINIMUM TEMPERATURE (F)   44        29      1895


SUNRISE AND SUNSET
OCTOBER 21 2017.......SUNRISE   741 AM EDT   SUNSET   629 PM EDT
OCTOBER 22 2017.......SUNRISE   742 AM EDT   SUNSET   628 PM EDT


-  INDICATES NEGATIVE NUMBERS.
R  INDICATES RECORD WAS SET OR TIED.
MM INDICATES DATA IS MISSING.
T  INDICATES TRACE AMOUNT.




$$
