000
CDUS41 KCLE 020531
CLIERI


CLIMATE REPORT
NATIONAL WEATHER SERVICE CLEVELAND OH
1229 AM EST MON MAR 2 2015


...................................

...THE ERIE PA CLIMATE SUMMARY FOR MARCH 1 2015...

CLIMATE NORMAL PERIOD 1981 TO 2010
CLIMATE RECORD PERIOD 1873 TO 2015


WEATHER ITEM   OBSERVED TIME   RECORD YEAR NORMAL DEPARTURE LAST
                VALUE   (LST)  VALUE       VALUE  FROM      YEAR
                                                  NORMAL
..................................................................
TEMPERATURE (F)
 YESTERDAY
  MAXIMUM         31   1253 PM  66    1997  39     -8       41
  MINIMUM         11   1202 AM  -4    1980  23    -12       19
  AVERAGE         21                        31    -10       30

PRECIPITATION (IN)
  YESTERDAY        0.37                      0.09   0.28     0.05
  MONTH TO DATE    0.37                      0.09   0.28     0.05
  SINCE MAR 1      0.37                      0.09   0.28     0.05
  SINCE JAN 1      6.13                      5.43   0.70     5.96

SNOWFALL (IN)
  YESTERDAY        3.4                       0.6    2.8      0.4
  MONTH TO DATE    3.4                       0.6    2.8      0.4
  SINCE MAR 1      3.4                       0.6    2.8      0.4
  SINCE JUL 1    103.0                      84.6   18.4    120.0
  SNOW DEPTH      14

DEGREE DAYS
 HEATING
  YESTERDAY       44                        34     10       35
  MONTH TO DATE   44                        34     10       35
  SINCE MAR 1     44                        34     10       35
  SINCE JUL 1   4920                      4399    521     4856

 COOLING
  YESTERDAY        0                         0      0        0
  MONTH TO DATE    0                         0      0        0
  SINCE MAR 1      0                         0      0        0
  SINCE JAN 1      0                         0      0        0
..................................................................


WIND (MPH)
  HIGHEST WIND SPEED    15   HIGHEST WIND DIRECTION     W (260)
  HIGHEST GUST SPEED    22   HIGHEST GUST DIRECTION     W (270)
  AVERAGE WIND SPEED     4.9


SKY COVER
  POSSIBLE SUNSHINE  MM
  AVERAGE SKY COVER 1.0


WEATHER CONDITIONS
 THE FOLLOWING WEATHER WAS RECORDED YESTERDAY.
  SNOW
  LIGHT SNOW
  FOG
  FOG W/VISIBILITY <= 1/4 MILE
  HAZE


RELATIVE HUMIDITY (PERCENT)
 HIGHEST    88           500 PM
 LOWEST     54           200 AM
 AVERAGE    71

..........................................................


THE ERIE PA CLIMATE NORMALS FOR TODAY
                         NORMAL    RECORD    YEAR
 MAXIMUM TEMPERATURE (F)   39        70      1991
 MINIMUM TEMPERATURE (F)   23        -9      1980


SUNRISE AND SUNSET
MARCH  2 2015.........SUNRISE   655 AM EST   SUNSET   612 PM EST
MARCH  3 2015.........SUNRISE   653 AM EST   SUNSET   613 PM EST


-  INDICATES NEGATIVE NUMBERS.
R  INDICATES RECORD WAS SET OR TIED.
MM INDICATES DATA IS MISSING.
T  INDICATES TRACE AMOUNT.




$$
