428
CDUS46 KPQR 241142
CLIEUG


CLIMATE REPORT
NATIONAL WEATHER SERVICE PORTLAND OREGON
442 AM PDT SAT SEP 24 2016


...................................

...THE EUGENE OR CLIMATE SUMMARY FOR SEPTEMBER 23 2016...

CLIMATE NORMAL PERIOD 1981 TO 2010
CLIMATE RECORD PERIOD 1892 TO 2016


WEATHER ITEM   OBSERVED TIME   RECORD YEAR NORMAL DEPARTURE LAST
                VALUE   (LST)  VALUE       VALUE  FROM      YEAR
                                                  NORMAL
..................................................................
TEMPERATURE (F)
 YESTERDAY
  MAXIMUM         62    418 PM  96    1943  75    -13       77
  MINIMUM         45    139 AM  31    2000  46     -1       39
  AVERAGE         54                        60     -6       58

PRECIPITATION (IN)
  YESTERDAY        0.01          0.99 1948   0.05  -0.04     0.00
  MONTH TO DATE    0.78                      0.91  -0.13     0.74
  SINCE OCT 1     40.58                     45.72  -5.14    30.43
  SINCE JAN 1     21.74                     26.92  -5.18    13.38

SNOWFALL (IN)
  YESTERDAY       MM
  MONTH TO DATE    0.0
  SINCE SEP 1      0.0
  SINCE JUL 1      0.0

DEGREE DAYS
 HEATING
  YESTERDAY       11                         5      6        7
  MONTH TO DATE   79                        75      4       85
  SINCE SEP 1     79                        75      4       85
  SINCE JUL 1    102                       142    -40       92

 COOLING
  YESTERDAY        0                         1     -1        0
  MONTH TO DATE    6                        30    -24       31
  SINCE SEP 1      6                        30    -24       31
  SINCE JAN 1    319                       238     81      523
..................................................................


WIND (MPH)
  HIGHEST WIND SPEED    20   HIGHEST WIND DIRECTION     S (190)
  HIGHEST GUST SPEED    25   HIGHEST GUST DIRECTION     S (200)
  AVERAGE WIND SPEED     8.9


SKY COVER
  POSSIBLE SUNSHINE  MM
  AVERAGE SKY COVER 0.8


WEATHER CONDITIONS
 THE FOLLOWING WEATHER WAS RECORDED YESTERDAY.
  LIGHT RAIN


RELATIVE HUMIDITY (PERCENT)
 HIGHEST    93           100 AM
 LOWEST     64           100 PM
 AVERAGE    79

..........................................................


THE EUGENE OR CLIMATE NORMALS FOR TODAY
                         NORMAL    RECORD    YEAR
 MAXIMUM TEMPERATURE (F)   74        96      1974
 MINIMUM TEMPERATURE (F)   45        30      1926


SUNRISE AND SUNSET
SEPTEMBER 24 2016.....SUNRISE   703 AM PDT   SUNSET   705 PM PDT
SEPTEMBER 25 2016.....SUNRISE   704 AM PDT   SUNSET   704 PM PDT


-  INDICATES NEGATIVE NUMBERS.
R  INDICATES RECORD WAS SET OR TIED.
MM INDICATES DATA IS MISSING.
T  INDICATES TRACE AMOUNT.




$$
