000
CDUS46 KPQR 241146
CLIEUG


CLIMATE REPORT
NATIONAL WEATHER SERVICE PORTLAND OREGON
345 AM PST SAT FEB 24 2018


...................................

...THE EUGENE OR CLIMATE SUMMARY FOR FEBRUARY 23 2018...

CLIMATE NORMAL PERIOD 1981 TO 2010
CLIMATE RECORD PERIOD 1892 TO 2018


WEATHER ITEM   OBSERVED TIME   RECORD YEAR NORMAL DEPARTURE LAST
                VALUE   (LST)  VALUE       VALUE  FROM      YEAR
                                                  NORMAL
..................................................................
TEMPERATURE (F)
 YESTERDAY
  MAXIMUM         40    201 PM  71    1995  52    -12       46
  MINIMUM         20R   719 AM  24    1920  35    -15       30
  AVERAGE         30                        44    -14       38

PRECIPITATION (IN)
  YESTERDAY        0.00          1.92 1996   0.19  -0.19     0.05
  MONTH TO DATE    1.35                      4.49  -3.14     8.78
  SINCE OCT 1     20.21                     30.16  -9.95    32.42
  SINCE JAN 1      6.20                     11.36  -5.16    12.83

SNOWFALL (IN)
  YESTERDAY        0.0
  MONTH TO DATE    2.0
  SINCE DEC 1      2.0
  SINCE JUL 1      2.0

DEGREE DAYS
 HEATING
  YESTERDAY       35                        21     14       27
  MONTH TO DATE  534                       513     21      476
  SINCE DEC 1   2066                      2050     16     2237
  SINCE JUL 1   3195                      3223    -28     3070

 COOLING
  YESTERDAY        0                         0      0        0
  MONTH TO DATE    0                         0      0        0
  SINCE DEC 1      0                         0      0        0
  SINCE JAN 1      0                         0      0        0
..................................................................


WIND (MPH)
  HIGHEST WIND SPEED    16   HIGHEST WIND DIRECTION     S (190)
  HIGHEST GUST SPEED    20   HIGHEST GUST DIRECTION     S (180)
  AVERAGE WIND SPEED     8.5


SKY COVER
  POSSIBLE SUNSHINE  MM
  AVERAGE SKY COVER 0.5


WEATHER CONDITIONS
 THE FOLLOWING WEATHER WAS RECORDED YESTERDAY.
  NO SIGNIFICANT WEATHER WAS OBSERVED.


RELATIVE HUMIDITY (PERCENT)
 HIGHEST   100           500 AM
 LOWEST     64           200 PM
 AVERAGE    82

..........................................................


THE EUGENE OR CLIMATE NORMALS FOR TODAY
                         NORMAL    RECORD    YEAR
 MAXIMUM TEMPERATURE (F)   53        67      1992
 MINIMUM TEMPERATURE (F)   35        23      1913


SUNRISE AND SUNSET
FEBRUARY 24 2018......SUNRISE   658 AM PST   SUNSET   555 PM PST
FEBRUARY 25 2018......SUNRISE   656 AM PST   SUNSET   556 PM PST


-  INDICATES NEGATIVE NUMBERS.
R  INDICATES RECORD WAS SET OR TIED.
MM INDICATES DATA IS MISSING.
T  INDICATES TRACE AMOUNT.




$$
