000
CDUS46 KPQR 201146
CLIEUG


CLIMATE REPORT
NATIONAL WEATHER SERVICE PORTLAND OREGON
346 AM PST MON NOV 20 2017


...................................

...THE EUGENE OR CLIMATE SUMMARY FOR NOVEMBER 19 2017...

CLIMATE NORMAL PERIOD 1981 TO 2010
CLIMATE RECORD PERIOD 1892 TO 2017


WEATHER ITEM   OBSERVED TIME   RECORD YEAR NORMAL DEPARTURE LAST
                VALUE   (LST)  VALUE       VALUE  FROM      YEAR
                                                  NORMAL
..................................................................
TEMPERATURE (F)
 YESTERDAY
  MAXIMUM         50   1159 PM  69    1912  51     -1       63
  MINIMUM         26    726 AM  20    2000  37    -11       44
  AVERAGE         38                        44     -6       54

PRECIPITATION (IN)
  YESTERDAY        T             2.40 1996   0.27  -0.27     0.02
  MONTH TO DATE    5.22                      4.51   0.71     2.04
  SINCE OCT 1      9.30                      7.76   1.54    12.23
  SINCE JAN 1     35.96                     35.06   0.90    33.97

SNOWFALL (IN)
  YESTERDAY       MM
  MONTH TO DATE    0.0
  SINCE SEP 1      0.0
  SINCE JUL 1      0.0

DEGREE DAYS
 HEATING
  YESTERDAY       27                        21      6       11
  MONTH TO DATE  386                       358     28      227
  SINCE SEP 1    915                       861     54      617
  SINCE JUL 1    931                       928      3      640

 COOLING
  YESTERDAY        0                         0      0        0
  MONTH TO DATE    0                         0      0        0
  SINCE SEP 1     74                        31     43       12
  SINCE JAN 1    376                       239    137      325
..................................................................


WIND (MPH)
  HIGHEST WIND SPEED    24   HIGHEST WIND DIRECTION     S (190)
  HIGHEST GUST SPEED    30   HIGHEST GUST DIRECTION     S (190)
  AVERAGE WIND SPEED     9.1


SKY COVER
  POSSIBLE SUNSHINE  MM
  AVERAGE SKY COVER 0.7


WEATHER CONDITIONS
 THE FOLLOWING WEATHER WAS RECORDED YESTERDAY.
  FOG
  FOG W/VISIBILITY <= 1/4 MILE


RELATIVE HUMIDITY (PERCENT)
 HIGHEST   100          1200 AM
 LOWEST     61           900 PM
 AVERAGE    81

..........................................................


THE EUGENE OR CLIMATE NORMALS FOR TODAY
                         NORMAL    RECORD    YEAR
 MAXIMUM TEMPERATURE (F)   51        69      1937
 MINIMUM TEMPERATURE (F)   37        23      1929


SUNRISE AND SUNSET
NOVEMBER 20 2017......SUNRISE   715 AM PST   SUNSET   442 PM PST
NOVEMBER 21 2017......SUNRISE   716 AM PST   SUNSET   441 PM PST


-  INDICATES NEGATIVE NUMBERS.
R  INDICATES RECORD WAS SET OR TIED.
MM INDICATES DATA IS MISSING.
T  INDICATES TRACE AMOUNT.




$$
