000
CDUS46 KPQR 161141
CLIEUG


CLIMATE REPORT
NATIONAL WEATHER SERVICE PORTLAND OREGON
440 AM PDT WED APR 16 2014


...................................

...THE EUGENE OR CLIMATE SUMMARY FOR APRIL 15 2014...

CLIMATE NORMAL PERIOD 1981 TO 2010
CLIMATE RECORD PERIOD 1892 TO 2014


WEATHER ITEM   OBSERVED TIME   RECORD YEAR NORMAL DEPARTURE LAST
                VALUE   (LST)  VALUE       VALUE  FROM      YEAR
                                                  NORMAL
..................................................................
TEMPERATURE (F)
 YESTERDAY
  MAXIMUM         61   1254 PM  83    1923  61      0       54
  MINIMUM         42    302 AM  29    1955  39      3       39
  AVERAGE         52                        50      2       47

PRECIPITATION (IN)
  YESTERDAY        0.00          1.01 1937   0.11  -0.11     0.08
  MONTH TO DATE    0.14                      1.85  -1.71     1.33
  SINCE OCT 1     21.41                     37.94 -16.53    25.76
  SINCE JAN 1     17.22                     19.14  -1.92     6.42

SNOWFALL (IN)
  YESTERDAY        0.0
  MONTH TO DATE    0.0
  SINCE MAR 1      0.0
  SINCE JUL 1     15.7

DEGREE DAYS
 HEATING
  YESTERDAY       13                        15     -2       18
  MONTH TO DATE  176                       237    -61      220
  SINCE MAR 1    661                       806   -145      751
  SINCE JUL 1   4228                      4133     95     3843

 COOLING
  YESTERDAY        0                         0      0        0
  MONTH TO DATE    0                         0      0        0
  SINCE MAR 1      0                         0      0        0
  SINCE JAN 1      0                         0      0        0
..................................................................


WIND (MPH)
  HIGHEST WIND SPEED    14   HIGHEST WIND DIRECTION     N (10)
  HIGHEST GUST SPEED    18   HIGHEST GUST DIRECTION     N (10)
  AVERAGE WIND SPEED     4.0


SKY COVER
  POSSIBLE SUNSHINE  MM
  AVERAGE SKY COVER 0.9


WEATHER CONDITIONS
 THE FOLLOWING WEATHER WAS RECORDED YESTERDAY.
  NO SIGNIFICANT WEATHER WAS OBSERVED.


RELATIVE HUMIDITY (PERCENT)
 HIGHEST    92           100 AM
 LOWEST     40           400 PM
 AVERAGE    66

..........................................................


THE EUGENE OR CLIMATE NORMALS FOR TODAY
                         NORMAL    RECORD    YEAR
 MAXIMUM TEMPERATURE (F)   61        79      1915
 MINIMUM TEMPERATURE (F)   39        30      1982


SUNRISE AND SUNSET
APRIL 16 2014.........SUNRISE   628 AM PDT   SUNSET   758 PM PDT
APRIL 17 2014.........SUNRISE   626 AM PDT   SUNSET   800 PM PDT


-  INDICATES NEGATIVE NUMBERS.
R  INDICATES RECORD WAS SET OR TIED.
MM INDICATES DATA IS MISSING.
T  INDICATES TRACE AMOUNT.




$$
