000
CDUS46 KPQR 010237
CLIEUG


CLIMATE REPORT
NATIONAL WEATHER SERVICE PORTLAND OREGON
637 PM PST SAT FEB 28 2015


...................................

...THE EUGENE OR CLIMATE SUMMARY FOR FEBRUARY 28 2015...
VALID TODAY AS OF 0600 PM LOCAL TIME.

CLIMATE NORMAL PERIOD 1981 TO 2010
CLIMATE RECORD PERIOD 1892 TO 2015


WEATHER ITEM   OBSERVED TIME   RECORD YEAR NORMAL DEPARTURE LAST
                VALUE   (LST)  VALUE       VALUE  FROM      YEAR
                                                  NORMAL
..................................................................
TEMPERATURE (F)
 TODAY
  MAXIMUM         57    333 PM  72    1901  53      4       50
                                      1932
  MINIMUM         37    759 AM  21    1960  36      1       42
  AVERAGE         47                        44      3       46

PRECIPITATION (IN)
  TODAY            0.00          1.75 2011   0.18  -0.18     0.10
  MONTH TO DATE    4.16                      5.43  -1.27     7.97
  SINCE OCT 1     23.59                     31.10  -7.51    14.74
  SINCE JAN 1      6.54                     12.30  -5.76    10.55

SNOWFALL (IN)
  TODAY            0.0
  MONTH TO DATE    0.0
  SINCE DEC 1      0.0
  SINCE JUL 1      0.0

DEGREE DAYS
 HEATING
  TODAY           18                        21     -3       19
  MONTH TO DATE  460                       618   -158      642
  SINCE DEC 1   1748                      2154   -406     2391
  SINCE JUL 1   2560                      3327   -767     3567

 COOLING
  TODAY            0                         0      0        0
  MONTH TO DATE    0                         0      0        0
  SINCE DEC 1      0                         0      0        0
  SINCE JAN 1      0                         0      0        0
..................................................................


WIND (MPH)
  HIGHEST WIND SPEED    23   HIGHEST WIND DIRECTION     N (360)
  HIGHEST GUST SPEED    27   HIGHEST GUST DIRECTION     N (10)
  AVERAGE WIND SPEED    11.8


SKY COVER
  POSSIBLE SUNSHINE  MM
  AVERAGE SKY COVER 0.2


WEATHER CONDITIONS
 THE FOLLOWING WEATHER WAS RECORDED TODAY.
  FOG


RELATIVE HUMIDITY (PERCENT)
 HIGHEST   100           100 AM
 LOWEST     36           300 PM
 AVERAGE    68

..........................................................


THE EUGENE OR CLIMATE NORMALS FOR TOMORROW
                         NORMAL    RECORD    YEAR
 MAXIMUM TEMPERATURE (F)   54        71      1905
 MINIMUM TEMPERATURE (F)   36        20      1917


SUNRISE AND SUNSET
FEBRUARY 28 2015......SUNRISE   652 AM PST   SUNSET   600 PM PST
MARCH  1 2015.........SUNRISE   650 AM PST   SUNSET   601 PM PST


-  INDICATES NEGATIVE NUMBERS.
R  INDICATES RECORD WAS SET OR TIED.
MM INDICATES DATA IS MISSING.
T  INDICATES TRACE AMOUNT.




$$
