000
CDUS46 KPQR 250221
CLIEUG


CLIMATE REPORT
NATIONAL WEATHER SERVICE PORTLAND OREGON
721 PM PDT THU JUL 24 2014


...................................

...THE EUGENE OR CLIMATE SUMMARY FOR JULY 24 2014...
VALID TODAY AS OF 0700 PM LOCAL TIME.

CLIMATE NORMAL PERIOD 1981 TO 2010
CLIMATE RECORD PERIOD 1892 TO 2014


WEATHER ITEM   OBSERVED TIME   RECORD YEAR NORMAL DEPARTURE LAST
                VALUE   (LST)  VALUE       VALUE  FROM      YEAR
                                                  NORMAL
..................................................................
TEMPERATURE (F)
 TODAY
  MAXIMUM         76    142 PM 102    1928  84     -8       96
  MINIMUM         52    313 AM  43    1973  52      0       55
                                      1917
  AVERAGE         64                        68     -4       76

PRECIPITATION (IN)
  TODAY            0.00          0.05 1947   0.02  -0.02     0.00
  MONTH TO DATE    0.33                      0.46  -0.13     0.00
  SINCE OCT 1     26.96                     44.12 -17.16    29.01
  SINCE JAN 1     22.77                     25.32  -2.55     9.67

SNOWFALL (IN)
  TODAY            0.0
  MONTH TO DATE    0.0
  SINCE JUN 1      0.0
  SINCE JUL 1      0.0

DEGREE DAYS
 HEATING
  TODAY            1                         1      0        0
  MONTH TO DATE    6                        33    -27        4
  SINCE JUN 1    113                       190    -77       96
  SINCE JUL 1      6                        33    -27        4

 COOLING
  TODAY            0                         4     -4       11
  MONTH TO DATE  145                        69     76      117
  SINCE JUN 1    151                        88     63      165
  SINCE JAN 1    154                        93     61      170
..................................................................


WIND (MPH)
  HIGHEST WIND SPEED    15   HIGHEST WIND DIRECTION    NE (30)
  HIGHEST GUST SPEED    18   HIGHEST GUST DIRECTION    NE (30)
  AVERAGE WIND SPEED     7.0


SKY COVER
  POSSIBLE SUNSHINE  MM
  AVERAGE SKY COVER 0.8


WEATHER CONDITIONS
 THE FOLLOWING WEATHER WAS RECORDED TODAY.
  NO SIGNIFICANT WEATHER WAS OBSERVED.


RELATIVE HUMIDITY (PERCENT)
 HIGHEST    89          1200 AM
 LOWEST     44           300 PM
 AVERAGE    67

..........................................................


THE EUGENE OR CLIMATE NORMALS FOR TOMORROW
                         NORMAL    RECORD    YEAR
 MAXIMUM TEMPERATURE (F)   84       101      1978
 MINIMUM TEMPERATURE (F)   52        44      1957
                                             1948
                                             1936


SUNRISE AND SUNSET
JULY 24 2014..........SUNRISE   552 AM PDT   SUNSET   846 PM PDT
JULY 25 2014..........SUNRISE   553 AM PDT   SUNSET   845 PM PDT


-  INDICATES NEGATIVE NUMBERS.
R  INDICATES RECORD WAS SET OR TIED.
MM INDICATES DATA IS MISSING.
T  INDICATES TRACE AMOUNT.




$$
