000
CDUS46 KPQR 241247
CLIEUG


CLIMATE REPORT
NATIONAL WEATHER SERVICE PORTLAND OREGON
447 AM PST MON NOV 24 2014


...................................

...THE EUGENE OR CLIMATE SUMMARY FOR NOVEMBER 23 2014...

CLIMATE NORMAL PERIOD 1981 TO 2010
CLIMATE RECORD PERIOD 1892 TO 2014


WEATHER ITEM   OBSERVED TIME   RECORD YEAR NORMAL DEPARTURE LAST
                VALUE   (LST)  VALUE       VALUE  FROM      YEAR
                                                  NORMAL
..................................................................
TEMPERATURE (F)
 YESTERDAY
  MAXIMUM         58    226 PM  71    1913  50      8       49
  MINIMUM         40   1254 AM  18    1985  37      3       22
  AVERAGE         49                        43      6       36

PRECIPITATION (IN)
  YESTERDAY        0.01          2.30 1960   0.29  -0.28     0.00
  MONTH TO DATE    4.46                      5.63  -1.17     2.12
  SINCE OCT 1      9.16                      8.88   0.28     2.70
  SINCE JAN 1     33.41                     36.18  -2.77    19.70

SNOWFALL (IN)
  YESTERDAY       MM
  MONTH TO DATE    0.0
  SINCE SEP 1      0.0
  SINCE JUL 1      0.0

DEGREE DAYS
 HEATING
  YESTERDAY       16                        22     -6       29
  MONTH TO DATE  467                       444     23      423
  SINCE SEP 1    681                       947   -266      966
  SINCE JUL 1    688                      1014   -326      984

 COOLING
  YESTERDAY        0                         0      0        0
  MONTH TO DATE    0                         0      0        0
  SINCE SEP 1     67                        31     36       63
  SINCE JAN 1    475                       239    236      411
..................................................................


WIND (MPH)
  HIGHEST WIND SPEED    18   HIGHEST WIND DIRECTION     S (190)
  HIGHEST GUST SPEED    20   HIGHEST GUST DIRECTION     S (190)
  AVERAGE WIND SPEED     8.1


SKY COVER
  POSSIBLE SUNSHINE  MM
  AVERAGE SKY COVER 0.7


WEATHER CONDITIONS
 THE FOLLOWING WEATHER WAS RECORDED YESTERDAY.
  LIGHT RAIN


RELATIVE HUMIDITY (PERCENT)
 HIGHEST   100           100 AM
 LOWEST     66           100 PM
 AVERAGE    83

..........................................................


THE EUGENE OR CLIMATE NORMALS FOR TODAY
                         NORMAL    RECORD    YEAR
 MAXIMUM TEMPERATURE (F)   50        68      1949
 MINIMUM TEMPERATURE (F)   36        15      1993


SUNRISE AND SUNSET
NOVEMBER 24 2014......SUNRISE   720 AM PST   SUNSET   439 PM PST
NOVEMBER 25 2014......SUNRISE   721 AM PST   SUNSET   438 PM PST


-  INDICATES NEGATIVE NUMBERS.
R  INDICATES RECORD WAS SET OR TIED.
MM INDICATES DATA IS MISSING.
T  INDICATES TRACE AMOUNT.




$$
