000
CDUS46 KPQR 271142
CLIEUG


CLIMATE REPORT
NATIONAL WEATHER SERVICE PORTLAND OREGON
441 AM PDT WED AUG 27 2014


...................................

...THE EUGENE OR CLIMATE SUMMARY FOR AUGUST 26 2014...

CLIMATE NORMAL PERIOD 1981 TO 2010
CLIMATE RECORD PERIOD 1892 TO 2014


WEATHER ITEM   OBSERVED TIME   RECORD YEAR NORMAL DEPARTURE LAST
                VALUE   (LST)  VALUE       VALUE  FROM      YEAR
                                                  NORMAL
..................................................................
TEMPERATURE (F)
 YESTERDAY
  MAXIMUM         96R   401 PM  94    1984  82     14       82
                                      1972
                                      1935
  MINIMUM         56    600 AM  40    1980  50      6       54
                                      1946
  AVERAGE         76                        66     10       68

PRECIPITATION (IN)
  YESTERDAY        0.00          0.32 1926   0.03  -0.03     0.00
  MONTH TO DATE    0.19                      0.46  -0.27     0.16
  SINCE OCT 1     27.19                     44.66 -17.47    29.17
  SINCE JAN 1     23.00                     25.86  -2.86     9.83

SNOWFALL (IN)
  YESTERDAY        0.0
  MONTH TO DATE    0.0
  SINCE JUN 1      0.0
  SINCE JUL 1      0.0

DEGREE DAYS
 HEATING
  YESTERDAY        0                         1     -1        0
  MONTH TO DATE    0                        26    -26       12
  SINCE JUN 1    113                       219   -106      110
  SINCE JUL 1      6                        62    -56       18

 COOLING
  YESTERDAY       11                         2      9        3
  MONTH TO DATE  186                        82    104      114
  SINCE JUN 1    385                       194    191      308
  SINCE JAN 1    388                       199    189      313
..................................................................


WIND (MPH)
  HIGHEST WIND SPEED    14   HIGHEST WIND DIRECTION    NW (330)
  HIGHEST GUST SPEED    18   HIGHEST GUST DIRECTION     N (20)
  AVERAGE WIND SPEED     4.4


SKY COVER
  POSSIBLE SUNSHINE  MM
  AVERAGE SKY COVER 0.0


WEATHER CONDITIONS
 THE FOLLOWING WEATHER WAS RECORDED YESTERDAY.
  HAZE


RELATIVE HUMIDITY (PERCENT)
 HIGHEST    72           500 AM
 LOWEST     16           500 PM
 AVERAGE    44

..........................................................


THE EUGENE OR CLIMATE NORMALS FOR TODAY
                         NORMAL    RECORD    YEAR
 MAXIMUM TEMPERATURE (F)   81        98      1972
 MINIMUM TEMPERATURE (F)   50        40      1960
                                             1955


SUNRISE AND SUNSET
AUGUST 27 2014........SUNRISE   630 AM PDT   SUNSET   757 PM PDT
AUGUST 28 2014........SUNRISE   631 AM PDT   SUNSET   756 PM PDT


-  INDICATES NEGATIVE NUMBERS.
R  INDICATES RECORD WAS SET OR TIED.
MM INDICATES DATA IS MISSING.
T  INDICATES TRACE AMOUNT.




$$
