000
CDUS46 KPQR 091143
CLIEUG


CLIMATE REPORT
NATIONAL WEATHER SERVICE PORTLAND OREGON
342 AM PST FRI DEC 9 2016


...................................

...THE EUGENE OR CLIMATE SUMMARY FOR DECEMBER 8 2016...

CLIMATE NORMAL PERIOD 1981 TO 2010
CLIMATE RECORD PERIOD 1892 TO 2016


WEATHER ITEM   OBSERVED TIME   RECORD YEAR NORMAL DEPARTURE LAST
                VALUE   (LST)  VALUE       VALUE  FROM      YEAR
                                                  NORMAL
..................................................................
TEMPERATURE (F)
 YESTERDAY
  MAXIMUM         36   1159 PM  62    2015  46    -10       62
  MINIMUM         28    213 AM -12    1972  34     -6       57
  AVERAGE         32                        40     -8       60

PRECIPITATION (IN)
  YESTERDAY        0.54          1.80 1992   0.27   0.27     0.20
  MONTH TO DATE    1.41                      2.30  -0.89     3.45
  SINCE OCT 1     15.90                     13.27   2.63     8.68
  SINCE JAN 1     37.64                     40.57  -2.93    22.08

SNOWFALL (IN)
  YESTERDAY        T
  MONTH TO DATE    T
  SINCE DEC 1      T
  SINCE JUL 1      T

DEGREE DAYS
 HEATING
  YESTERDAY       33                        25      8        5
  MONTH TO DATE  216                       194     22      115
  SINCE DEC 1    216                       194     22      115
  SINCE JUL 1   1049                      1367   -318     1096

 COOLING
  YESTERDAY        0                         0      0        0
  MONTH TO DATE    0                         0      0        0
  SINCE DEC 1      0                         0      0        0
  SINCE JAN 1    325                       239     86      529
..................................................................


WIND (MPH)
  HIGHEST WIND SPEED    14   HIGHEST WIND DIRECTION     N (360)
  HIGHEST GUST SPEED    16   HIGHEST GUST DIRECTION     N (350)
  AVERAGE WIND SPEED     4.9


SKY COVER
  POSSIBLE SUNSHINE  MM
  AVERAGE SKY COVER 0.9


WEATHER CONDITIONS
 THE FOLLOWING WEATHER WAS RECORDED YESTERDAY.
  LIGHT RAIN
  FREEZING RAIN
  LT FREEZING RAIN
  SLEET
  FOG


RELATIVE HUMIDITY (PERCENT)
 HIGHEST    96           800 PM
 LOWEST     78          1200 AM
 AVERAGE    87

..........................................................


THE EUGENE OR CLIMATE NORMALS FOR TODAY
                         NORMAL    RECORD    YEAR
 MAXIMUM TEMPERATURE (F)   46        67      1895
 MINIMUM TEMPERATURE (F)   34        -5      1972


SUNRISE AND SUNSET
DECEMBER  9 2016......SUNRISE   737 AM PST   SUNSET   434 PM PST
DECEMBER 10 2016......SUNRISE   738 AM PST   SUNSET   434 PM PST


-  INDICATES NEGATIVE NUMBERS.
R  INDICATES RECORD WAS SET OR TIED.
MM INDICATES DATA IS MISSING.
T  INDICATES TRACE AMOUNT.




$$
