000
CDUS46 KPQR 291143
CLIEUG


CLIMATE REPORT
NATIONAL WEATHER SERVICE PORTLAND OREGON
442 AM PDT FRI APR 29 2016


...................................

...THE EUGENE OR CLIMATE SUMMARY FOR APRIL 28 2016...

CLIMATE NORMAL PERIOD 1981 TO 2010
CLIMATE RECORD PERIOD 1892 TO 2016


WEATHER ITEM   OBSERVED TIME   RECORD YEAR NORMAL DEPARTURE LAST
                VALUE   (LST)  VALUE       VALUE  FROM      YEAR
                                                  NORMAL
..................................................................
TEMPERATURE (F)
 YESTERDAY
  MAXIMUM         64    305 PM  89    1926  63      1       68
  MINIMUM         49    624 AM  30    1967  41      8       44
  AVERAGE         57                        52      5       56

PRECIPITATION (IN)
  YESTERDAY        0.00          0.97 1969   0.08  -0.08      T
  MONTH TO DATE    2.97                      3.16  -0.19     1.47
  SINCE OCT 1     37.41                     39.25  -1.84    28.24
  SINCE JAN 1     18.57                     20.45  -1.88    11.19

SNOWFALL (IN)
  YESTERDAY        0.0
  MONTH TO DATE    0.0
  SINCE MAR 1      0.0
  SINCE JUL 1      0.0

DEGREE DAYS
 HEATING
  YESTERDAY        8                        13     -5        9
  MONTH TO DATE  266                       420   -154      423
  SINCE MAR 1    756                       989   -233      855
  SINCE JUL 1   3561                      4316   -755     3417

 COOLING
  YESTERDAY        0                         0      0        0
  MONTH TO DATE    0                         0      0        0
  SINCE MAR 1      0                         0      0        0
  SINCE JAN 1      0                         0      0        0
..................................................................


WIND (MPH)
  HIGHEST WIND SPEED    10   HIGHEST WIND DIRECTION     W (270)
  HIGHEST GUST SPEED    13   HIGHEST GUST DIRECTION     W (280)
  AVERAGE WIND SPEED     2.7


SKY COVER
  POSSIBLE SUNSHINE  MM
  AVERAGE SKY COVER 0.9


WEATHER CONDITIONS
 THE FOLLOWING WEATHER WAS RECORDED YESTERDAY.
  NO SIGNIFICANT WEATHER WAS OBSERVED.


RELATIVE HUMIDITY (PERCENT)
 HIGHEST    86           100 AM
 LOWEST     48           300 PM
 AVERAGE    67

..........................................................


THE EUGENE OR CLIMATE NORMALS FOR TODAY
                         NORMAL    RECORD    YEAR
 MAXIMUM TEMPERATURE (F)   64        86      1957
 MINIMUM TEMPERATURE (F)   41        28      1954


SUNRISE AND SUNSET
APRIL 29 2016.........SUNRISE   606 AM PDT   SUNSET   815 PM PDT
APRIL 30 2016.........SUNRISE   605 AM PDT   SUNSET   816 PM PDT


-  INDICATES NEGATIVE NUMBERS.
R  INDICATES RECORD WAS SET OR TIED.
MM INDICATES DATA IS MISSING.
T  INDICATES TRACE AMOUNT.




$$
