000
CDUS46 KPQR 191142
CLIEUG


CLIMATE REPORT
NATIONAL WEATHER SERVICE PORTLAND OREGON
341 AM PST THU JAN 19 2017


...................................

...THE EUGENE OR CLIMATE SUMMARY FOR JANUARY 18 2017...

CLIMATE NORMAL PERIOD 1981 TO 2010
CLIMATE RECORD PERIOD 1892 TO 2017


WEATHER ITEM   OBSERVED TIME   RECORD YEAR NORMAL DEPARTURE LAST
                VALUE   (LST)  VALUE       VALUE  FROM      YEAR
                                                  NORMAL
..................................................................
TEMPERATURE (F)
 YESTERDAY
  MAXIMUM         55   1251 PM  67    2005  48      7       51
  MINIMUM         45   1142 PM  13    1943  34     11       41
  AVERAGE         50                        41      9       46

PRECIPITATION (IN)
  YESTERDAY        0.35          2.39 2012   0.22   0.13     0.15
  MONTH TO DATE    3.56                      4.23  -0.67     3.58
  SINCE OCT 1     23.15                     23.03   0.12    22.42
  SINCE JAN 1      3.56                      4.23  -0.67     3.58

SNOWFALL (IN)
  YESTERDAY       MM
  MONTH TO DATE    5.1
  SINCE DEC 1      5.1
  SINCE JUL 1      5.1

DEGREE DAYS
 HEATING
  YESTERDAY       15                        24     -9       19
  MONTH TO DATE  585                       445    140      449
  SINCE DEC 1   1456                      1229    227     1097
  SINCE JUL 1   2289                      2402   -113     2078

 COOLING
  YESTERDAY        0                         0      0        0
  MONTH TO DATE    0                         0      0        0
  SINCE DEC 1      0                         0      0        0
  SINCE JAN 1      0                         0      0        0
..................................................................


WIND (MPH)
  HIGHEST WIND SPEED    33   HIGHEST WIND DIRECTION     S (170)
  HIGHEST GUST SPEED    44   HIGHEST GUST DIRECTION     S (160)
  AVERAGE WIND SPEED    16.0


SKY COVER
  POSSIBLE SUNSHINE  MM
  AVERAGE SKY COVER 1.0


WEATHER CONDITIONS
 THE FOLLOWING WEATHER WAS RECORDED YESTERDAY.
  RAIN
  LIGHT RAIN
  FOG


RELATIVE HUMIDITY (PERCENT)
 HIGHEST    92           800 PM
 LOWEST     77          1000 AM
 AVERAGE    85

..........................................................


THE EUGENE OR CLIMATE NORMALS FOR TODAY
                         NORMAL    RECORD    YEAR
 MAXIMUM TEMPERATURE (F)   48        66      2005
 MINIMUM TEMPERATURE (F)   34        14      1916


SUNRISE AND SUNSET
JANUARY 19 2017.......SUNRISE   742 AM PST   SUNSET   506 PM PST
JANUARY 20 2017.......SUNRISE   741 AM PST   SUNSET   507 PM PST


-  INDICATES NEGATIVE NUMBERS.
R  INDICATES RECORD WAS SET OR TIED.
MM INDICATES DATA IS MISSING.
T  INDICATES TRACE AMOUNT.




$$
