000
CDUS43 KPAH 290631
CLIEVV


CLIMATE REPORT
NATIONAL WEATHER SERVICE PADUCAH KY
127 AM CDT SUN MAY 29 2016

...................................

...THE EVANSVILLE IN CLIMATE SUMMARY FOR MAY 28 2016...

CLIMATE NORMAL PERIOD 1981 TO 2010
CLIMATE RECORD PERIOD 1896 TO 2016

WEATHER ITEM   OBSERVED TIME   RECORD YEAR NORMAL DEPARTURE LAST
                VALUE   (LST)  VALUE       VALUE  FROM      YEAR
                                                  NORMAL
..................................................................
TEMPERATURE (F)
 YESTERDAY
  MAXIMUM         83    225 PM  98    1911  81      2       84
  MINIMUM         70   1146 PM  43    1961  58     12       63
  AVERAGE         77                        69      8       74

PRECIPITATION (IN)
  YESTERDAY        T             1.33 1964   0.17  -0.17     0.00
  MONTH TO DATE    3.99                      4.84  -0.85     2.97
  SINCE MAR 1     15.35                     13.45   1.90    16.44
  SINCE JAN 1     21.69                     19.72   1.97    21.97

SNOWFALL (IN)
  YESTERDAY        0.0           0.0  2002   0.0    0.0      0.0
                                      2001
  MONTH TO DATE    0.0                       0.0    0.0      0.0
  SINCE MAR 1      T                         1.1   -1.1      8.5
  SINCE JUL 1     14.2                      11.8    2.4     18.5
  SNOW DEPTH       0

DEGREE DAYS
 HEATING
  YESTERDAY        0                         1     -1        0
  MONTH TO DATE  114                        83     31       52
  SINCE MAR 1    760                       964   -204      867
  SINCE JUL 1   3578                      4538   -960     4703

 COOLING
  YESTERDAY       12                         6      6        9
  MONTH TO DATE   54                        90    -36      141
  SINCE MAR 1     76                       117    -41      169
  SINCE JAN 1     76                       117    -41      169
..................................................................

WIND (MPH)
  HIGHEST WIND SPEED    21   HIGHEST WIND DIRECTION     S (200)
  HIGHEST GUST SPEED    28   HIGHEST GUST DIRECTION    SW (210)
  AVERAGE WIND SPEED     9.0

SKY COVER
  AVERAGE SKY COVER 0.2

WEATHER CONDITIONS
 THE FOLLOWING WEATHER WAS RECORDED YESTERDAY.
  LIGHT RAIN

RELATIVE HUMIDITY (PERCENT)
 HIGHEST    84
 LOWEST     47
 AVERAGE    66
..........................................................

THE EVANSVILLE IN CLIMATE NORMALS FOR TODAY
                         NORMAL    RECORD    YEAR
 MAXIMUM TEMPERATURE (F)   81        94      1926
 MINIMUM TEMPERATURE (F)   59        39      1965

SUNRISE AND SUNSET
MAY 29 2016...........SUNRISE   530 AM CDT   SUNSET   805 PM CDT
MAY 30 2016...........SUNRISE   530 AM CDT   SUNSET   806 PM CDT

-  INDICATES NEGATIVE NUMBERS.
R  INDICATES RECORD WAS SET OR TIED.
MM INDICATES DATA IS MISSING.
T  INDICATES TRACE AMOUNT.

$$
