173
CDUS43 KPAH 300636
CLIEVV


CLIMATE REPORT
NATIONAL WEATHER SERVICE PADUCAH KY
132 AM CDT SUN APR 30 2017


...................................

...THE EVANSVILLE IN CLIMATE SUMMARY FOR APRIL 29 2017...

CLIMATE NORMAL PERIOD 1981 TO 2010
CLIMATE RECORD PERIOD 1896 TO 2017


WEATHER ITEM   OBSERVED TIME   RECORD YEAR NORMAL DEPARTURE LAST
                VALUE   (LST)  VALUE       VALUE  FROM      YEAR
                                                  NORMAL
..................................................................
TEMPERATURE (F)
 YESTERDAY
  MAXIMUM         84    559 PM  90    1899  72     12       67
  MINIMUM         MM        MM  35    1988  49     MM       51
                                      1976
  AVERAGE         MM                        61     MM       59

PRECIPITATION (IN)
  YESTERDAY        2.83R         2.41 1983   0.16   2.67     0.02
  MONTH TO DATE    9.14                      4.20   4.94     5.11
  SINCE MAR 1     12.99                      8.44   4.55    10.98
  SINCE JAN 1     16.26                     14.71   1.55    17.32

SNOWFALL (IN)
  YESTERDAY        0.0           0.0  2002   0.0    0.0      0.0
                                      2001
  MONTH TO DATE    0.0                       0.1   -0.1      0.0
  SINCE MAR 1      1.0                       1.1   -0.1       T
  SINCE JUL 1      1.4                      11.8  -10.4     14.2
  SNOW DEPTH       0

DEGREE DAYS
 HEATING
  YESTERDAY       MM                         6     MM        6
  MONTH TO DATE  122                       283   -161      240
  SINCE MAR 1    620                       875   -255      645
  SINCE JUL 1   3319                      4449  -1130     3463

 COOLING
  YESTERDAY       MM                         1     MM        0
  MONTH TO DATE   56                        21     35       21
  SINCE MAR 1     61                        24     37       22
  SINCE JAN 1     61                        24     37       22
..................................................................


WIND (MPH)
  HIGHEST WIND SPEED    20   HIGHEST WIND DIRECTION     N (350)
  HIGHEST GUST SPEED    27   HIGHEST GUST DIRECTION     N (350)
  AVERAGE WIND SPEED     9.1


SKY COVER
  AVERAGE SKY COVER 0.6


WEATHER CONDITIONS
 THE FOLLOWING WEATHER WAS RECORDED YESTERDAY.
  THUNDERSTORM
  HEAVY RAIN
  RAIN
  LIGHT RAIN
  FOG


RELATIVE HUMIDITY (PERCENT)
 HIGHEST    93
 LOWEST     55
 AVERAGE    74

..........................................................


THE EVANSVILLE IN CLIMATE NORMALS FOR TODAY
                         NORMAL    RECORD    YEAR
 MAXIMUM TEMPERATURE (F)   72        89      1942
 MINIMUM TEMPERATURE (F)   49        33      1988
                                             1969


SUNRISE AND SUNSET
APRIL 30 2017.........SUNRISE   555 AM CDT   SUNSET   740 PM CDT
MAY  1 2017...........SUNRISE   554 AM CDT   SUNSET   741 PM CDT


-  INDICATES NEGATIVE NUMBERS.
R  INDICATES RECORD WAS SET OR TIED.
MM INDICATES DATA IS MISSING.
T  INDICATES TRACE AMOUNT.




$$
