000
CDUS43 KPAH 260634
CLIEVV


CLIMATE REPORT
NATIONAL WEATHER SERVICE PADUCAH KY
1233 AM CST WED NOV 26 2014


...................................

...THE EVANSVILLE IN CLIMATE SUMMARY FOR NOVEMBER 25 2014...

CLIMATE NORMAL PERIOD 1981 TO 2010
CLIMATE RECORD PERIOD 1896 TO 2014


WEATHER ITEM   OBSERVED TIME   RECORD YEAR NORMAL DEPARTURE LAST
                VALUE   (LST)  VALUE       VALUE  FROM      YEAR
                                                  NORMAL
..................................................................
TEMPERATURE (F)
 YESTERDAY
  MAXIMUM         42    232 PM  73    1908  52    -10       39
  MINIMUM         28   1152 PM  -3    1950  33     -5       27
  AVERAGE         35                        42     -7       33

PRECIPITATION (IN)
  YESTERDAY        0.00          2.99 2010   0.15  -0.15     0.02
  MONTH TO DATE    2.63                      3.58  -0.95     2.04
  SINCE SEP 1      9.38                      9.88  -0.50    10.92
  SINCE JAN 1     43.56                     40.80   2.76    46.25

SNOWFALL (IN)
  YESTERDAY        0.0           0.3  1956   0.0    0.0       T
  MONTH TO DATE    2.2                       0.1    2.1       T
  SINCE SEP 1      2.2                       0.3    1.9       T
  SINCE JUL 1      2.2                       0.3    1.9       T
  SNOW DEPTH       0

DEGREE DAYS
 HEATING
  YESTERDAY       30                        23      7       32
  MONTH TO DATE  625                       439    186      493
  SINCE SEP 1    879                       741    138      752
  SINCE JUL 1    879                       742    137      752

 COOLING
  YESTERDAY        0                         0      0        0
  MONTH TO DATE    0                         0      0        0
  SINCE SEP 1    197                       196      1      272
  SINCE JAN 1   1477                      1395     82     1464
..................................................................


WIND (MPH)
  HIGHEST WIND SPEED    13   HIGHEST WIND DIRECTION     W (260)
  HIGHEST GUST SPEED    19   HIGHEST GUST DIRECTION     W (270)
  AVERAGE WIND SPEED     5.6


SKY COVER
  AVERAGE SKY COVER 0.2


WEATHER CONDITIONS
 THE FOLLOWING WEATHER WAS RECORDED YESTERDAY.
  NO SIGNIFICANT WEATHER WAS OBSERVED.


RELATIVE HUMIDITY (PERCENT)
 HIGHEST    85
 LOWEST     55
 AVERAGE    70

..........................................................


THE EVANSVILLE IN CLIMATE NORMALS FOR TODAY
                         NORMAL    RECORD    YEAR
 MAXIMUM TEMPERATURE (F)   51        78      1965
 MINIMUM TEMPERATURE (F)   33        12      1977


SUNRISE AND SUNSET
NOVEMBER 26 2014......SUNRISE   642 AM CST   SUNSET   432 PM CST
NOVEMBER 27 2014......SUNRISE   643 AM CST   SUNSET   432 PM CST


-  INDICATES NEGATIVE NUMBERS.
R  INDICATES RECORD WAS SET OR TIED.
MM INDICATES DATA IS MISSING.
T  INDICATES TRACE AMOUNT.




$$
