000
CDUS45 KSLC 041238
CLIEVW


CLIMATE REPORT
NATIONAL WEATHER SERVICE SALT LAKE CITY UT
538 AM MST WED MAR 4 2015


...................................

...THE EVANSTON WY CLIMATE SUMMARY FOR MARCH 3 2015...

CLIMATE NORMAL PERIOD 1981 TO 2010
CLIMATE RECORD PERIOD 9999 TO 9999


WEATHER ITEM   OBSERVED TIME   RECORD YEAR NORMAL DEPARTURE LAST
                VALUE   (LST)  VALUE       VALUE  FROM      YEAR
                                                  NORMAL
..................................................................
TEMPERATURE (F)
 YESTERDAY
  MAXIMUM         28    218 PM  MM      MM  35     -7       43
  MINIMUM         10   1159 PM  MM      MM  18     -8       32
  AVERAGE         19                        27     -8       38

PRECIPITATION (IN)
  YESTERDAY        0.10         MM      MM   0.02   0.08      T
  MONTH TO DATE    0.20                      0.07   0.13     0.04
  SINCE OCT 1      2.09                      4.01  -1.92     1.27
  SINCE JAN 1      1.21                      1.22  -0.01     0.07

DEGREE DAYS
 HEATING
  YESTERDAY       46                        38      8       27
  MONTH TO DATE  123                       116      7       89
  SINCE MAR 1    123                       116      7       89
  SINCE JUL 1   5095                      6124  -1029     5739

 COOLING
  YESTERDAY        0                         0      0        0
  MONTH TO DATE    0                         0      0        0
  SINCE MAR 1      0                         0      0        0
  SINCE JAN 1      0                         0      0        0
..................................................................


WIND (MPH)
  RESULTANT WIND SPEED  10   RESULTANT WIND DIRECTION   W (250)
  HIGHEST WIND SPEED    23   HIGHEST WIND DIRECTION     W (250)
  HIGHEST GUST SPEED    26   HIGHEST GUST DIRECTION     W (290)
  AVERAGE WIND SPEED    11.4


SKY COVER
  POSSIBLE SUNSHINE  MM
  AVERAGE SKY COVER 0.6


WEATHER CONDITIONS
 THE FOLLOWING WEATHER WAS RECORDED YESTERDAY.
  HEAVY SNOW
  SNOW
  LIGHT SNOW
  FOG
  FOG W/VISIBILITY <= 1/4 MILE


RELATIVE HUMIDITY (PERCENT)
 HIGHEST   100           400 AM
 LOWEST     62           500 PM
 AVERAGE    81

..........................................................


THE EVANSTON WY CLIMATE NORMALS FOR TODAY
                         NORMAL    RECORD    YEAR
 MAXIMUM TEMPERATURE (F)   36        MM        MM
 MINIMUM TEMPERATURE (F)   18        MM        MM


SUNRISE AND SUNSET
MARCH  4 2015.........SUNRISE   654 AM MST   SUNSET   618 PM MST
MARCH  5 2015.........SUNRISE   652 AM MST   SUNSET   619 PM MST


-  INDICATES NEGATIVE NUMBERS.
R  INDICATES RECORD WAS SET OR TIED.
MM INDICATES DATA IS MISSING.
T  INDICATES TRACE AMOUNT.




$$
