157
CDUS45 KSLC 201227
CLIEVW


CLIMATE REPORT
NATIONAL WEATHER SERVICE SALT LAKE CITY UT
527 AM MST MON FEB 20 2017


...................................

...THE EVANSTON WY CLIMATE SUMMARY FOR FEBRUARY 19 2017...

CLIMATE NORMAL PERIOD 1981 TO 2010
CLIMATE RECORD PERIOD 9999 TO 9999


WEATHER ITEM   OBSERVED TIME   RECORD YEAR NORMAL DEPARTURE LAST
                VALUE   (LST)  VALUE       VALUE  FROM      YEAR
                                                  NORMAL
..................................................................
TEMPERATURE (F)
 YESTERDAY
  MAXIMUM         37    424 AM  MM      MM  32      5       41
  MINIMUM         28   1155 PM  MM      MM  15     13       22
  AVERAGE         33                        23     10       32

PRECIPITATION (IN)
  YESTERDAY        T            MM      MM   0.02  -0.02     0.00
  MONTH TO DATE    0.72                      0.40   0.32     0.02
  SINCE OCT 1      3.38                      3.73  -0.35     1.31
  SINCE JAN 1      1.80                      0.94   0.86     0.32

DEGREE DAYS
 HEATING
  YESTERDAY       32                        42    -10       33
  MONTH TO DATE  667                       814   -147      729
  SINCE DEC 1   3519                      3534    -15     3488
  SINCE JUL 1   5170                      5643   -473     5177

 COOLING
  YESTERDAY        0                         0      0        0
  MONTH TO DATE    0                         0      0        0
  SINCE DEC 1      0                         0      0        0
  SINCE JAN 1      0                         0      0        0
..................................................................


WIND (MPH)
  RESULTANT WIND SPEED   9   RESULTANT WIND DIRECTION  SW (220)
  HIGHEST WIND SPEED    24   HIGHEST WIND DIRECTION     W (260)
  HIGHEST GUST SPEED    28   HIGHEST GUST DIRECTION     W (260)
  AVERAGE WIND SPEED    10.6


SKY COVER
  POSSIBLE SUNSHINE  MM
  AVERAGE SKY COVER 0.8


WEATHER CONDITIONS
 THE FOLLOWING WEATHER WAS RECORDED YESTERDAY.
  THUNDERSTORM
  HEAVY SNOW
  SNOW
  LIGHT SNOW
  FOG
  FOG W/VISIBILITY <= 1/4 MILE
  HAZE


RELATIVE HUMIDITY (PERCENT)
 HIGHEST    92           900 PM
 LOWEST     70          1200 AM
 AVERAGE    81

..........................................................


THE EVANSTON WY CLIMATE NORMALS FOR TODAY
                         NORMAL    RECORD    YEAR
 MAXIMUM TEMPERATURE (F)   32        MM        MM
 MINIMUM TEMPERATURE (F)   15        MM        MM


SUNRISE AND SUNSET
FEBRUARY 20 2017......SUNRISE   711 AM MST   SUNSET   605 PM MST
FEBRUARY 21 2017......SUNRISE   710 AM MST   SUNSET   606 PM MST


-  INDICATES NEGATIVE NUMBERS.
R  INDICATES RECORD WAS SET OR TIED.
MM INDICATES DATA IS MISSING.
T  INDICATES TRACE AMOUNT.




$$
