000
CDUS45 KSLC 201226
CLIEVW


CLIMATE REPORT
NATIONAL WEATHER SERVICE SALT LAKE CITY UT
526 AM MST SAT DEC 20 2014


...................................

...THE EVANSTON WY CLIMATE SUMMARY FOR DECEMBER 19 2014...

CLIMATE NORMAL PERIOD 1981 TO 2010
CLIMATE RECORD PERIOD 9999 TO 9999


WEATHER ITEM   OBSERVED TIME   RECORD YEAR NORMAL DEPARTURE LAST
                VALUE   (LST)  VALUE       VALUE  FROM      YEAR
                                                  NORMAL
..................................................................
TEMPERATURE (F)
 YESTERDAY
  MAXIMUM         37    358 PM  MM      MM  27     10       35
  MINIMUM         19    426 AM  MM      MM  13      6       21
  AVERAGE         28                        20      8       28

PRECIPITATION (IN)
  YESTERDAY        T            MM      MM   0.01  -0.01      T
  MONTH TO DATE    0.01                      0.38  -0.37     0.05
  SINCE OCT 1      0.71                      2.59  -1.88     1.19
  SINCE JAN 1      9.84                     11.93  -2.09     5.25

DEGREE DAYS
 HEATING
  YESTERDAY       37                        45     -8       37
  MONTH TO DATE  580                       835   -255      915
  SINCE DEC 1    580                       835   -255      915
  SINCE JUL 1   2376                      2944   -568     2810

 COOLING
  YESTERDAY        0                         0      0        0
  MONTH TO DATE    0                         0      0        0
  SINCE DEC 1      0                         0      0        0
  SINCE JAN 1    219                       162     57      348
..................................................................


WIND (MPH)
  RESULTANT WIND SPEED  10   RESULTANT WIND DIRECTION  SW (230)
  HIGHEST WIND SPEED    21   HIGHEST WIND DIRECTION    SW (230)
  HIGHEST GUST SPEED    26   HIGHEST GUST DIRECTION    SW (240)
  AVERAGE WIND SPEED    10.8


SKY COVER
  POSSIBLE SUNSHINE  MM
  AVERAGE SKY COVER 0.7


WEATHER CONDITIONS
 THE FOLLOWING WEATHER WAS RECORDED YESTERDAY.
  NO SIGNIFICANT WEATHER WAS OBSERVED.


RELATIVE HUMIDITY (PERCENT)
 HIGHEST    96           900 AM
 LOWEST     52           400 PM
 AVERAGE    74

..........................................................


THE EVANSTON WY CLIMATE NORMALS FOR TODAY
                         NORMAL    RECORD    YEAR
 MAXIMUM TEMPERATURE (F)   27        MM        MM
 MINIMUM TEMPERATURE (F)   13        MM        MM


SUNRISE AND SUNSET
DECEMBER 20 2014......SUNRISE   746 AM MST   SUNSET   458 PM MST
DECEMBER 21 2014......SUNRISE   746 AM MST   SUNSET   458 PM MST


-  INDICATES NEGATIVE NUMBERS.
R  INDICATES RECORD WAS SET OR TIED.
MM INDICATES DATA IS MISSING.
T  INDICATES TRACE AMOUNT.




$$
