000
CDUS45 KSLC 191229
CLIEVW


CLIMATE REPORT
NATIONAL WEATHER SERVICE SALT LAKE CITY UT
628 AM MDT FRI SEP 19 2014


...................................

...THE EVANSTON WY CLIMATE SUMMARY FOR SEPTEMBER 18 2014...

CLIMATE NORMAL PERIOD 1981 TO 2010
CLIMATE RECORD PERIOD 9999 TO 9999


WEATHER ITEM   OBSERVED TIME   RECORD YEAR NORMAL DEPARTURE LAST
                VALUE   (LST)  VALUE       VALUE  FROM      YEAR
                                                  NORMAL
..................................................................
TEMPERATURE (F)
 YESTERDAY
  MAXIMUM         82    237 PM  MM      MM  68     14       62
  MINIMUM         52   1159 PM  MM      MM  41     11       41
  AVERAGE         67                        54     13       52

PRECIPITATION (IN)
  YESTERDAY        0.03         MM      MM   0.05  -0.02     0.00
  MONTH TO DATE    0.87                      0.74   0.13     1.33
  SINCE OCT 1      7.68                     11.56  -3.88     6.14
  SINCE JAN 1      6.48                      8.77  -2.29     3.91

DEGREE DAYS
 HEATING
  YESTERDAY        0                        11    -11       13
  MONTH TO DATE   92                       140    -48       72
  SINCE SEP 1     92                       140    -48       72
  SINCE JUL 1    212                       243    -31       86

 COOLING
  YESTERDAY        2                         0      2        0
  MONTH TO DATE    8                         0      8       26
  SINCE SEP 1      8                         0      8       26
  SINCE JAN 1    214                       157     57      348
..................................................................


WIND (MPH)
  RESULTANT WIND SPEED   6   RESULTANT WIND DIRECTION  SW (220)
  HIGHEST WIND SPEED    28   HIGHEST WIND DIRECTION     N (350)
  HIGHEST GUST SPEED    36   HIGHEST GUST DIRECTION     N (360)
  AVERAGE WIND SPEED    12.7


SKY COVER
  POSSIBLE SUNSHINE  MM
  AVERAGE SKY COVER 0.2


WEATHER CONDITIONS
 THE FOLLOWING WEATHER WAS RECORDED YESTERDAY.
  THUNDERSTORM
  RAIN
  LIGHT RAIN


RELATIVE HUMIDITY (PERCENT)
 HIGHEST    72          1000 PM
 LOWEST     21           300 PM
 AVERAGE    47

..........................................................


THE EVANSTON WY CLIMATE NORMALS FOR TODAY
                         NORMAL    RECORD    YEAR
 MAXIMUM TEMPERATURE (F)   67        MM        MM
 MINIMUM TEMPERATURE (F)   41        MM        MM


SUNRISE AND SUNSET
SEPTEMBER 19 2014.....SUNRISE   709 AM MDT   SUNSET   726 PM MDT
SEPTEMBER 20 2014.....SUNRISE   710 AM MDT   SUNSET   725 PM MDT


-  INDICATES NEGATIVE NUMBERS.
R  INDICATES RECORD WAS SET OR TIED.
MM INDICATES DATA IS MISSING.
T  INDICATES TRACE AMOUNT.




$$
