000
CDUS45 KSLC 241227
CLIEVW


CLIMATE REPORT
NATIONAL WEATHER SERVICE SALT LAKE CITY UT
627 AM MDT FRI MAR 24 2017


...................................

...THE EVANSTON WY CLIMATE SUMMARY FOR MARCH 23 2017...

CLIMATE NORMAL PERIOD 1981 TO 2010
CLIMATE RECORD PERIOD 9999 TO 9999


WEATHER ITEM   OBSERVED TIME   RECORD YEAR NORMAL DEPARTURE LAST
                VALUE   (LST)  VALUE       VALUE  FROM      YEAR
                                                  NORMAL
..................................................................
TEMPERATURE (F)
 YESTERDAY
  MAXIMUM         37    253 AM  MM      MM  42     -5       36
  MINIMUM         28   1155 PM  MM      MM  24      4       24
  AVERAGE         33                        33      0       30

PRECIPITATION (IN)
  YESTERDAY        T            MM      MM   0.04  -0.04      T
  MONTH TO DATE    T                         0.54  -0.54     0.14
  SINCE OCT 1      3.84                      4.48  -0.64     1.45
  SINCE JAN 1      2.26                      1.69   0.57     0.46

DEGREE DAYS
 HEATING
  YESTERDAY       32                        32      0       35
  MONTH TO DATE  637                       814   -177      661
  SINCE MAR 1    637                       814   -177      661
  SINCE JUL 1   6214                      6822   -608     6188

 COOLING
  YESTERDAY        0                         0      0        0
  MONTH TO DATE    0                         0      0        0
  SINCE MAR 1      0                         0      0        0
  SINCE JAN 1      0                         0      0        0
..................................................................


WIND (MPH)
  RESULTANT WIND SPEED   5   RESULTANT WIND DIRECTION   W (290)
  HIGHEST WIND SPEED    18   HIGHEST WIND DIRECTION     W (290)
  HIGHEST GUST SPEED    23   HIGHEST GUST DIRECTION    NW (320)
  AVERAGE WIND SPEED     8.5


SKY COVER
  POSSIBLE SUNSHINE  MM
  AVERAGE SKY COVER 0.9


WEATHER CONDITIONS
 THE FOLLOWING WEATHER WAS RECORDED YESTERDAY.
  LIGHT RAIN
  SNOW
  LIGHT SNOW
  FOG
  FOG W/VISIBILITY <= 1/4 MILE


RELATIVE HUMIDITY (PERCENT)
 HIGHEST    92           100 AM
 LOWEST     78          1000 PM
 AVERAGE    85

..........................................................


THE EVANSTON WY CLIMATE NORMALS FOR TODAY
                         NORMAL    RECORD    YEAR
 MAXIMUM TEMPERATURE (F)   42        MM        MM
 MINIMUM TEMPERATURE (F)   24        MM        MM


SUNRISE AND SUNSET
MARCH 24 2017.........SUNRISE   720 AM MDT   SUNSET   741 PM MDT
MARCH 25 2017.........SUNRISE   719 AM MDT   SUNSET   742 PM MDT


-  INDICATES NEGATIVE NUMBERS.
R  INDICATES RECORD WAS SET OR TIED.
MM INDICATES DATA IS MISSING.
T  INDICATES TRACE AMOUNT.




$$
