000
CDUS45 KSLC 221227
CLIEVW


CLIMATE REPORT
NATIONAL WEATHER SERVICE SALT LAKE CITY UT
626 AM MDT MON MAY 22 2017


...................................

...THE EVANSTON WY CLIMATE SUMMARY FOR MAY 21 2017...

CLIMATE NORMAL PERIOD 1981 TO 2010
CLIMATE RECORD PERIOD 9999 TO 9999


WEATHER ITEM   OBSERVED TIME   RECORD YEAR NORMAL DEPARTURE LAST
                VALUE   (LST)  VALUE       VALUE  FROM      YEAR
                                                  NORMAL
..................................................................
TEMPERATURE (F)
 YESTERDAY
  MAXIMUM         59    537 PM  MM      MM  63     -4       54
  MINIMUM         39    558 AM  MM      MM  38      1       33
  AVERAGE         49                        50     -1       44

PRECIPITATION (IN)
  YESTERDAY        T            MM      MM   0.07  -0.07     0.24
  MONTH TO DATE    0.14                      1.24  -1.10     1.84
  SINCE OCT 1      5.06                      7.19  -2.13     4.16
  SINCE JAN 1      3.48                      4.40  -0.92     3.17

DEGREE DAYS
 HEATING
  YESTERDAY       16                        15      1       21
  MONTH TO DATE  347                       373    -26      349
  SINCE MAR 1   1974                      2202   -228     1924
  SINCE JUL 1   7551                      8210   -659     7451

 COOLING
  YESTERDAY        0                         0      0        0
  MONTH TO DATE    0                         0      0        0
  SINCE MAR 1      0                         0      0        0
  SINCE JAN 1      0                         0      0        0
..................................................................


WIND (MPH)
  RESULTANT WIND SPEED   3   RESULTANT WIND DIRECTION   N (360)
  HIGHEST WIND SPEED    22   HIGHEST WIND DIRECTION     N (10)
  HIGHEST GUST SPEED    28   HIGHEST GUST DIRECTION     N (340)
  AVERAGE WIND SPEED     6.6


SKY COVER
  POSSIBLE SUNSHINE  MM
  AVERAGE SKY COVER 0.4


WEATHER CONDITIONS
 THE FOLLOWING WEATHER WAS RECORDED YESTERDAY.
  THUNDERSTORM
  LIGHT RAIN


RELATIVE HUMIDITY (PERCENT)
 HIGHEST    89          1100 PM
 LOWEST     43           200 PM
 AVERAGE    66

..........................................................


THE EVANSTON WY CLIMATE NORMALS FOR TODAY
                         NORMAL    RECORD    YEAR
 MAXIMUM TEMPERATURE (F)   63        MM        MM
 MINIMUM TEMPERATURE (F)   38        MM        MM


SUNRISE AND SUNSET
MAY 22 2017...........SUNRISE   559 AM MDT   SUNSET   843 PM MDT
MAY 23 2017...........SUNRISE   559 AM MDT   SUNSET   844 PM MDT


-  INDICATES NEGATIVE NUMBERS.
R  INDICATES RECORD WAS SET OR TIED.
MM INDICATES DATA IS MISSING.
T  INDICATES TRACE AMOUNT.




$$
