000
CDUS45 KSLC 271226
CLIEVW


CLIMATE REPORT
NATIONAL WEATHER SERVICE SALT LAKE CITY UT
626 AM MDT FRI MAY 27 2016


...................................

...THE EVANSTON WY CLIMATE SUMMARY FOR MAY 26 2016...

CLIMATE NORMAL PERIOD 1981 TO 2010
CLIMATE RECORD PERIOD 9999 TO 9999


WEATHER ITEM   OBSERVED TIME   RECORD YEAR NORMAL DEPARTURE LAST
                VALUE   (LST)  VALUE       VALUE  FROM      YEAR
                                                  NORMAL
..................................................................
TEMPERATURE (F)
 YESTERDAY
  MAXIMUM         60    125 PM  MM      MM  64     -4       54
  MINIMUM         33    507 AM  MM      MM  39     -6       39
  AVERAGE         47                        52     -5       47

PRECIPITATION (IN)
  YESTERDAY        T            MM      MM   0.05  -0.05     0.28
  MONTH TO DATE    1.92                      1.50   0.42     4.21
  SINCE OCT 1      4.24                      7.45  -3.21     7.11
  SINCE JAN 1      3.25                      4.66  -1.41     6.23

DEGREE DAYS
 HEATING
  YESTERDAY       18                        13      5       18
  MONTH TO DATE  452                       442     10      461
  SINCE MAR 1   2027                      2271   -244     1914
  SINCE JUL 1   7554                      8279   -725     6886

 COOLING
  YESTERDAY        0                         0      0        0
  MONTH TO DATE    0                         0      0        0
  SINCE MAR 1      0                         0      0        0
  SINCE JAN 1      0                         0      0        0
..................................................................


WIND (MPH)
  RESULTANT WIND SPEED   3   RESULTANT WIND DIRECTION  NW (300)
  HIGHEST WIND SPEED    24   HIGHEST WIND DIRECTION    SW (220)
  HIGHEST GUST SPEED    27   HIGHEST GUST DIRECTION    SW (220)
  AVERAGE WIND SPEED     7.8


SKY COVER
  POSSIBLE SUNSHINE  MM
  AVERAGE SKY COVER 0.3


WEATHER CONDITIONS
 THE FOLLOWING WEATHER WAS RECORDED YESTERDAY.
  THUNDERSTORM
  LIGHT RAIN


RELATIVE HUMIDITY (PERCENT)
 HIGHEST    92           400 AM
 LOWEST     33           200 PM
 AVERAGE    63

..........................................................


THE EVANSTON WY CLIMATE NORMALS FOR TODAY
                         NORMAL    RECORD    YEAR
 MAXIMUM TEMPERATURE (F)   65        MM        MM
 MINIMUM TEMPERATURE (F)   39        MM        MM


SUNRISE AND SUNSET
MAY 27 2016...........SUNRISE   556 AM MDT   SUNSET   847 PM MDT
MAY 28 2016...........SUNRISE   555 AM MDT   SUNSET   848 PM MDT


-  INDICATES NEGATIVE NUMBERS.
R  INDICATES RECORD WAS SET OR TIED.
MM INDICATES DATA IS MISSING.
T  INDICATES TRACE AMOUNT.




$$
