000
CDUS45 KSLC 231251
CLIEVW


CLIMATE REPORT
NATIONAL WEATHER SERVICE SALT LAKE CITY UT
551 AM MST FRI FEB 23 2018


...................................

...THE EVANSTON WY CLIMATE SUMMARY FOR FEBRUARY 22 2018...

CLIMATE NORMAL PERIOD 1981 TO 2010
CLIMATE RECORD PERIOD 9999 TO 9999


WEATHER ITEM   OBSERVED TIME   RECORD YEAR NORMAL DEPARTURE LAST
                VALUE   (LST)  VALUE       VALUE  FROM      YEAR
                                                  NORMAL
..................................................................
TEMPERATURE (F)
 YESTERDAY
  MAXIMUM         17    331 PM  MM      MM  33    -16       31
  MINIMUM         -1    407 AM  MM      MM  16    -17       20
  AVERAGE          8                        24    -16       26

PRECIPITATION (IN)
  YESTERDAY        T            MM      MM   0.02  -0.02     0.26
  MONTH TO DATE    0.41                      0.47  -0.06     1.16
  SINCE OCT 1      2.12                      3.80  -1.68     3.82
  SINCE JAN 1      0.58                      1.01  -0.43     2.24

DEGREE DAYS
 HEATING
  YESTERDAY       57                        41     16       39
  MONTH TO DATE  833                       937   -104      769
  SINCE DEC 1   3034                      3657   -623     3621
  SINCE JUL 1   4881                      5766   -885     5272

 COOLING
  YESTERDAY        0                         0      0        0
  MONTH TO DATE    0                         0      0        0
  SINCE DEC 1      0                         0      0        0
  SINCE JAN 1      0                         0      0        0
..................................................................


WIND (MPH)
  RESULTANT WIND SPEED   9   RESULTANT WIND DIRECTION   E (90)
  HIGHEST WIND SPEED    15   HIGHEST WIND DIRECTION     E (90)
  HIGHEST GUST SPEED    17   HIGHEST GUST DIRECTION     E (80)
  AVERAGE WIND SPEED     9.5


SKY COVER
  POSSIBLE SUNSHINE  MM
  AVERAGE SKY COVER 0.7


WEATHER CONDITIONS
 THE FOLLOWING WEATHER WAS RECORDED YESTERDAY.
  SNOW
  LIGHT SNOW
  FOG
  HAZE


RELATIVE HUMIDITY (PERCENT)
 HIGHEST    92           800 PM
 LOWEST     66          1100 AM
 AVERAGE    79

..........................................................


THE EVANSTON WY CLIMATE NORMALS FOR TODAY
                         NORMAL    RECORD    YEAR
 MAXIMUM TEMPERATURE (F)   33        MM        MM
 MINIMUM TEMPERATURE (F)   16        MM        MM


SUNRISE AND SUNSET
FEBRUARY 23 2018......SUNRISE   707 AM MST   SUNSET   608 PM MST
FEBRUARY 24 2018......SUNRISE   706 AM MST   SUNSET   609 PM MST


-  INDICATES NEGATIVE NUMBERS.
R  INDICATES RECORD WAS SET OR TIED.
MM INDICATES DATA IS MISSING.
T  INDICATES TRACE AMOUNT.




$$
