000
CDUS42 KMHX 290536
CLIEWN


CLIMATE REPORT
NATIONAL WEATHER SERVICE NEWPORT/MOREHEAD CITY NC
136 AM EDT THU SEP 29 2016


...................................

...THE NEW BERN NC CLIMATE SUMMARY FOR SEPTEMBER 28 2016...

CLIMATE NORMAL PERIOD 1981 TO 2010
CLIMATE RECORD PERIOD 1948 TO 2016


WEATHER ITEM   OBSERVED TIME   RECORD YEAR NORMAL DEPARTURE LAST
                VALUE   (LST)  VALUE       VALUE  FROM      YEAR
                                                  NORMAL
..................................................................
TEMPERATURE (F)
 YESTERDAY
  MAXIMUM         87    241 PM  90    1954  80      7       78
  MINIMUM         67    614 AM  49    1962  61      6       73
  AVERAGE         77                        70      7       76

PRECIPITATION (IN)
  YESTERDAY        0.00          1.94 2015   0.18  -0.18     1.94
  MONTH TO DATE   10.83                      5.54   5.29     6.49
  SINCE SEP 1     10.83                      5.54   5.29     6.49
  SINCE JAN 1     54.20                     42.34  11.86    47.71

SNOWFALL (IN)
  YESTERDAY        0.0
  MONTH TO DATE    0.0
  SINCE NOV 1      T
  SINCE JUL 1      0.0
  SNOW DEPTH       0

DEGREE DAYS
 HEATING
  YESTERDAY        0                         1     -1        0
  MONTH TO DATE    0                         3     -3        0
  SINCE SEP 1      0                         3     -3        0
  SINCE JUL 1      0                         3     -3        0

 COOLING
  YESTERDAY       12                         6      6       11
  MONTH TO DATE  349                       262     87      311
  SINCE SEP 1    349                       262     87      311
  SINCE JAN 1   2104                      1791    313     2032
..................................................................


WIND (MPH)
  HIGHEST WIND SPEED    14   HIGHEST WIND DIRECTION     S (160)
  HIGHEST GUST SPEED    19   HIGHEST GUST DIRECTION     S (160)
  AVERAGE WIND SPEED     3.6


SKY COVER
  POSSIBLE SUNSHINE  MM
  AVERAGE SKY COVER 0.2


WEATHER CONDITIONS
 THE FOLLOWING WEATHER WAS RECORDED YESTERDAY.
  FOG


RELATIVE HUMIDITY (PERCENT)
 HIGHEST    97          1200 AM
 LOWEST     57           300 PM
 AVERAGE    77

..........................................................


THE NEW BERN NC CLIMATE NORMALS FOR TODAY
                         NORMAL    RECORD    YEAR
 MAXIMUM TEMPERATURE (F)   80        89      1974
 MINIMUM TEMPERATURE (F)   60        48      1970


SUNRISE AND SUNSET
SEPTEMBER 29 2016.....SUNRISE   702 AM EDT   SUNSET   654 PM EDT
SEPTEMBER 30 2016.....SUNRISE   703 AM EDT   SUNSET   653 PM EDT


-  INDICATES NEGATIVE NUMBERS.
R  INDICATES RECORD WAS SET OR TIED.
MM INDICATES DATA IS MISSING.
T  INDICATES TRACE AMOUNT.




$$
