000
CDUS42 KMHX 200531
CLIEWN


CLIMATE REPORT
NATIONAL WEATHER SERVICE NEWPORT/MOREHEAD CITY NC
131 AM EDT SAT SEP 20 2014


...................................

...THE NEW BERN NC CLIMATE SUMMARY FOR SEPTEMBER 19 2014...

CLIMATE NORMAL PERIOD 1981 TO 2010
CLIMATE RECORD PERIOD 1948 TO 2014


WEATHER ITEM   OBSERVED TIME   RECORD YEAR NORMAL DEPARTURE LAST
                VALUE   (LST)  VALUE       VALUE  FROM      YEAR
                                                  NORMAL
..................................................................
TEMPERATURE (F)
 YESTERDAY
  MAXIMUM         81    316 PM  93    1978  82     -1       79
  MINIMUM         65    441 AM  51    1990  64      1       56
  AVERAGE         73                        73      0       68

PRECIPITATION (IN)
  YESTERDAY        0.00          9.90 1955   0.19  -0.19     0.00
  MONTH TO DATE    6.60                      3.86   2.74     2.03
  SINCE SEP 1      6.60                      3.86   2.74     2.03
  SINCE JAN 1     43.61                     40.66   2.95    31.40

SNOWFALL (IN)
  YESTERDAY        0.0
  MONTH TO DATE    0.0
  SINCE NOV 1     14.0
  SINCE JUL 1      0.0
  SNOW DEPTH       0

DEGREE DAYS
 HEATING
  YESTERDAY        0                         0      0        0
  MONTH TO DATE    0                         0      0        0
  SINCE SEP 1      0                         0      0        0
  SINCE JUL 1      0                         0      0        0

 COOLING
  YESTERDAY        8                         8      0        3
  MONTH TO DATE  278                       199     79      221
  SINCE SEP 1    278                       199     79      221
  SINCE JAN 1   1989                      1728    261     1838
..................................................................


WIND (MPH)
  HIGHEST WIND SPEED    17   HIGHEST WIND DIRECTION     E (90)
  HIGHEST GUST SPEED    25   HIGHEST GUST DIRECTION     N (360)
  AVERAGE WIND SPEED     9.0


SKY COVER
  POSSIBLE SUNSHINE  MM
  AVERAGE SKY COVER 0.0


WEATHER CONDITIONS
 THE FOLLOWING WEATHER WAS RECORDED YESTERDAY.
  NO SIGNIFICANT WEATHER WAS OBSERVED.


RELATIVE HUMIDITY (PERCENT)
 HIGHEST    81           200 AM
 LOWEST     45           100 PM
 AVERAGE    63

..........................................................


THE NEW BERN NC CLIMATE NORMALS FOR TODAY
                         NORMAL    RECORD    YEAR
 MAXIMUM TEMPERATURE (F)   82        91      1977
 MINIMUM TEMPERATURE (F)   64        50      1984


SUNRISE AND SUNSET
SEPTEMBER 20 2014.....SUNRISE   655 AM EDT   SUNSET   708 PM EDT
SEPTEMBER 21 2014.....SUNRISE   655 AM EDT   SUNSET   706 PM EDT


-  INDICATES NEGATIVE NUMBERS.
R  INDICATES RECORD WAS SET OR TIED.
MM INDICATES DATA IS MISSING.
T  INDICATES TRACE AMOUNT.




$$
