000
CDUS42 KMHX 290626
CLIEWN


CLIMATE REPORT
NATIONAL WEATHER SERVICE NEWPORT/MOREHEAD CITY NC
125 AM EST THU JAN 29 2015


...................................

...THE NEW BERN NC CLIMATE SUMMARY FOR JANUARY 28 2015...

CLIMATE NORMAL PERIOD 1981 TO 2010
CLIMATE RECORD PERIOD 1948 TO 2015


WEATHER ITEM   OBSERVED TIME   RECORD YEAR NORMAL DEPARTURE LAST
                VALUE   (LST)  VALUE       VALUE  FROM      YEAR
                                                  NORMAL
..................................................................
TEMPERATURE (F)
 YESTERDAY
  MAXIMUM         46    357 PM  80    1974  55     -9       40
  MINIMUM         26   1159 PM  14    1986  34     -8       23
  AVERAGE         36                        45     -9       32

PRECIPITATION (IN)
  YESTERDAY        0.00          0.87 1992   0.13  -0.13     0.40
  MONTH TO DATE    4.46                      3.62   0.84     3.68
  SINCE DEC 1      8.61                      7.02   1.59     6.07
  SINCE JAN 1      4.46                      3.62   0.84     3.68

SNOWFALL (IN)
  YESTERDAY        0.0
  MONTH TO DATE    0.0
  SINCE NOV 1      0.0
  SINCE JUL 1      0.0
  SNOW DEPTH       0

DEGREE DAYS
 HEATING
  YESTERDAY       29                        20      9       33
  MONTH TO DATE  527                       584    -57      627
  SINCE DEC 1    999                      1151   -152     1057
  SINCE JUL 1   1444                      1578   -134     1480

 COOLING
  YESTERDAY        0                         0      0        0
  MONTH TO DATE    7                         0      7        1
  SINCE DEC 1      7                         3      4       28
  SINCE JAN 1      7                         0      7        1
..................................................................


WIND (MPH)
  HIGHEST WIND SPEED    18   HIGHEST WIND DIRECTION     N (10)
  HIGHEST GUST SPEED    23   HIGHEST GUST DIRECTION     N (10)
  AVERAGE WIND SPEED     6.9


SKY COVER
  POSSIBLE SUNSHINE  MM
  AVERAGE SKY COVER 0.1


WEATHER CONDITIONS
 THE FOLLOWING WEATHER WAS RECORDED YESTERDAY.
  FOG


RELATIVE HUMIDITY (PERCENT)
 HIGHEST    85          1200 AM
 LOWEST     23           300 PM
 AVERAGE    54

..........................................................


THE NEW BERN NC CLIMATE NORMALS FOR TODAY
                         NORMAL    RECORD    YEAR
 MAXIMUM TEMPERATURE (F)   55        79      1957
 MINIMUM TEMPERATURE (F)   35        19      2014
                                             2000


SUNRISE AND SUNSET
JANUARY 29 2015.......SUNRISE   709 AM EST   SUNSET   534 PM EST
JANUARY 30 2015.......SUNRISE   709 AM EST   SUNSET   535 PM EST


-  INDICATES NEGATIVE NUMBERS.
R  INDICATES RECORD WAS SET OR TIED.
MM INDICATES DATA IS MISSING.
T  INDICATES TRACE AMOUNT.




$$
