000
CDUS42 KMHX 220525
CLIEWN


CLIMATE REPORT
NATIONAL WEATHER SERVICE NEWPORT/MOREHEAD CITY NC
1225 AM EST THU FEB 22 2018


...................................

...THE NEW BERN NC CLIMATE SUMMARY FOR FEBRUARY 21 2018...

CLIMATE NORMAL PERIOD 1981 TO 2010
CLIMATE RECORD PERIOD 1948 TO 2018


WEATHER ITEM   OBSERVED TIME   RECORD YEAR NORMAL DEPARTURE LAST
                VALUE   (LST)  VALUE       VALUE  FROM      YEAR
                                                  NORMAL
..................................................................
TEMPERATURE (F)
 YESTERDAY
  MAXIMUM         82R   144 PM  79    2011  59     23       66
                                      1953
  MINIMUM         62   1159 PM  14    2015  37     25       41
  AVERAGE         72                        48     24       54

PRECIPITATION (IN)
  YESTERDAY        T             1.60 1954   0.14  -0.14     0.00
  MONTH TO DATE    0.93                      2.70  -1.77     1.97
  SINCE DEC 1     10.22                     10.12   0.10     9.72
  SINCE JAN 1      5.99                      6.72  -0.73     6.22

SNOWFALL (IN)
  YESTERDAY        0.0
  MONTH TO DATE    0.0
  SINCE NOV 1      6.0
  SINCE JUL 1      6.0
  SNOW DEPTH       0

DEGREE DAYS
 HEATING
  YESTERDAY        0                        17    -17       11
  MONTH TO DATE  253                       392   -139      273
  SINCE DEC 1   1688                      1605     83     1301
  SINCE JUL 1   2127                      2032     95     1696

 COOLING
  YESTERDAY        7                         0      7        0
  MONTH TO DATE   24                         0     24        6
  SINCE DEC 1     27                         4     23        6
  SINCE JAN 1     27                         1     26        6
..................................................................


WIND (MPH)
  HIGHEST WIND SPEED    15   HIGHEST WIND DIRECTION     S (170)
  HIGHEST GUST SPEED    21   HIGHEST GUST DIRECTION     S (180)
  AVERAGE WIND SPEED     7.7


SKY COVER
  POSSIBLE SUNSHINE  MM
  AVERAGE SKY COVER 0.3


WEATHER CONDITIONS
 THE FOLLOWING WEATHER WAS RECORDED YESTERDAY.
  LIGHT RAIN
  FOG


RELATIVE HUMIDITY (PERCENT)
 HIGHEST   100          1200 AM
 LOWEST     51           100 PM
 AVERAGE    76

..........................................................


THE NEW BERN NC CLIMATE NORMALS FOR TODAY
                         NORMAL    RECORD    YEAR
 MAXIMUM TEMPERATURE (F)   59        80      1980
 MINIMUM TEMPERATURE (F)   37        17      1963


SUNRISE AND SUNSET
FEBRUARY 22 2018......SUNRISE   646 AM EST   SUNSET   557 PM EST
FEBRUARY 23 2018......SUNRISE   645 AM EST   SUNSET   558 PM EST


-  INDICATES NEGATIVE NUMBERS.
R  INDICATES RECORD WAS SET OR TIED.
MM INDICATES DATA IS MISSING.
T  INDICATES TRACE AMOUNT.




$$
