000
CDUS42 KMHX 182227
CLIEWN


CLIMATE REPORT
NATIONAL WEATHER SERVICE NEWPORT/MOREHEAD CITY NC
526 PM EST SAT NOV 18 2017


...................................

...THE NEW BERN NC CLIMATE SUMMARY FOR NOVEMBER 18 2017...
VALID TODAY AS OF 0500 PM LOCAL TIME.

CLIMATE NORMAL PERIOD 1981 TO 2010
CLIMATE RECORD PERIOD 1948 TO 2017


WEATHER ITEM   OBSERVED TIME   RECORD YEAR NORMAL DEPARTURE LAST
                VALUE   (LST)  VALUE       VALUE  FROM      YEAR
                                                  NORMAL
..................................................................
TEMPERATURE (F)
 TODAY
  MAXIMUM         69    231 PM  83    1978  66      3       74
  MINIMUM         31    415 AM  28    2014  43    -12       38
  AVERAGE         50                        54     -4       56

PRECIPITATION (IN)
  TODAY            0.00          1.24 1980   0.12  -0.12     0.00
  MONTH TO DATE    0.15                      2.01  -1.86     0.61
  SINCE SEP 1      8.13                     11.16  -3.03    18.31
  SINCE JAN 1     46.77                     47.96  -1.19    61.68

SNOWFALL (IN)
  TODAY            0.0
  MONTH TO DATE    0.0
  SINCE NOV 1      0.0
  SINCE JUL 1      0.0
  SNOW DEPTH       0

DEGREE DAYS
 HEATING
  TODAY           15                        11      4        9
  MONTH TO DATE  180                       158     22      174
  SINCE SEP 1    258                       275    -17      232
  SINCE JUL 1    258                       275    -17      232

 COOLING
  TODAY            0                         0      0        0
  MONTH TO DATE    6                        14     -8        6
  SINCE SEP 1    467                       370     97      500
  SINCE JAN 1   2150                      1899    251     2255
..................................................................


WIND (MPH)
  HIGHEST WIND SPEED    20   HIGHEST WIND DIRECTION    SW (210)
  HIGHEST GUST SPEED    27   HIGHEST GUST DIRECTION     S (180)
  AVERAGE WIND SPEED     5.2


SKY COVER
  POSSIBLE SUNSHINE  MM
  AVERAGE SKY COVER 0.3


WEATHER CONDITIONS
 THE FOLLOWING WEATHER WAS RECORDED TODAY.
  FOG
  FOG W/VISIBILITY <= 1/4 MILE


RELATIVE HUMIDITY (PERCENT)
 HIGHEST   100          1200 AM
 LOWEST     45           300 PM
 AVERAGE    73

..........................................................


THE NEW BERN NC CLIMATE NORMALS FOR TOMORROW
                         NORMAL    RECORD    YEAR
 MAXIMUM TEMPERATURE (F)   66        83      1985
 MINIMUM TEMPERATURE (F)   43        22      2014


SUNRISE AND SUNSET
NOVEMBER 18 2017......SUNRISE   646 AM EST   SUNSET   501 PM EST
NOVEMBER 19 2017......SUNRISE   647 AM EST   SUNSET   500 PM EST


-  INDICATES NEGATIVE NUMBERS.
R  INDICATES RECORD WAS SET OR TIED.
MM INDICATES DATA IS MISSING.
T  INDICATES TRACE AMOUNT.




$$
