000
CDUS42 KMHX 050527
CLIEWN


CLIMATE REPORT
NATIONAL WEATHER SERVICE NEWPORT/MOREHEAD CITY NC
126 AM EDT WED AUG 5 2015


...................................

...THE NEW BERN NC CLIMATE SUMMARY FOR AUGUST 4 2015...

CLIMATE NORMAL PERIOD 1981 TO 2010
CLIMATE RECORD PERIOD 1948 TO 2015


WEATHER ITEM   OBSERVED TIME   RECORD YEAR NORMAL DEPARTURE LAST
                VALUE   (LST)  VALUE       VALUE  FROM      YEAR
                                                  NORMAL
..................................................................
TEMPERATURE (F)
 YESTERDAY
  MAXIMUM         88    236 PM  99    1980  89     -1       82
  MINIMUM         75    928 AM  61    1956  71      4       72
  AVERAGE         82                        80      2       77

PRECIPITATION (IN)
  YESTERDAY        0.26          1.61 2014   0.22   0.04     1.61
  MONTH TO DATE    0.33                      0.86  -0.53     4.98
  SINCE JUN 1     15.96                     11.62   4.34    14.98
  SINCE JAN 1     32.78                     31.01   1.77    32.86

SNOWFALL (IN)
  YESTERDAY        0.0
  MONTH TO DATE    0.0
  SINCE NOV 1      3.0
  SINCE JUL 1      0.0
  SNOW DEPTH       0

DEGREE DAYS
 HEATING
  YESTERDAY        0                         0      0        0
  MONTH TO DATE    0                         0      0        0
  SINCE JUN 1      0                         1     -1        0
  SINCE JUL 1      0                         0      0        0

 COOLING
  YESTERDAY       17                        15      2       12
  MONTH TO DATE   67                        60      7       44
  SINCE JUN 1   1058                       907    151      948
  SINCE JAN 1   1356                      1150    206     1309
..................................................................


WIND (MPH)
  HIGHEST WIND SPEED    21   HIGHEST WIND DIRECTION     S (180)
  HIGHEST GUST SPEED    31   HIGHEST GUST DIRECTION     S (170)
  AVERAGE WIND SPEED     5.7


SKY COVER
  POSSIBLE SUNSHINE  MM
  AVERAGE SKY COVER 0.4


WEATHER CONDITIONS
 THE FOLLOWING WEATHER WAS RECORDED YESTERDAY.
  HEAVY RAIN
  RAIN
  LIGHT RAIN
  FOG


RELATIVE HUMIDITY (PERCENT)
 HIGHEST    91           100 AM
 LOWEST     59           200 PM
 AVERAGE    75

..........................................................


THE NEW BERN NC CLIMATE NORMALS FOR TODAY
                         NORMAL    RECORD    YEAR
 MAXIMUM TEMPERATURE (F)   89       103      1954
 MINIMUM TEMPERATURE (F)   71        62      1951


SUNRISE AND SUNSET
AUGUST  5 2015........SUNRISE   620 AM EDT   SUNSET   808 PM EDT
AUGUST  6 2015........SUNRISE   621 AM EDT   SUNSET   807 PM EDT


-  INDICATES NEGATIVE NUMBERS.
R  INDICATES RECORD WAS SET OR TIED.
MM INDICATES DATA IS MISSING.
T  INDICATES TRACE AMOUNT.




$$
