000
CDUS42 KMHX 250525
CLIEWN


CLIMATE REPORT
NATIONAL WEATHER SERVICE NEWPORT/MOREHEAD CITY NC
125 AM EDT SAT MAR 25 2017


...................................

...THE NEW BERN NC CLIMATE SUMMARY FOR MARCH 24 2017...

CLIMATE NORMAL PERIOD 1981 TO 2010
CLIMATE RECORD PERIOD 1948 TO 2017


WEATHER ITEM   OBSERVED TIME   RECORD YEAR NORMAL DEPARTURE LAST
                VALUE   (LST)  VALUE       VALUE  FROM      YEAR
                                                  NORMAL
..................................................................
TEMPERATURE (F)
 YESTERDAY
  MAXIMUM         72    231 PM  85    2007  67      5       79
  MINIMUM         34    611 AM  27    2004  44    -10       51
  AVERAGE         53                        56     -3       65

PRECIPITATION (IN)
  YESTERDAY        0.00          1.36 1989   0.14  -0.14     0.00
  MONTH TO DATE    3.19                      3.44  -0.25     2.04
  SINCE MAR 1      3.19                      3.44  -0.25     2.04
  SINCE JAN 1      9.41                     11.12  -1.71    13.06

SNOWFALL (IN)
  YESTERDAY        0.0
  MONTH TO DATE    0.0
  SINCE NOV 1      T
  SINCE JUL 1      T
  SNOW DEPTH       0

DEGREE DAYS
 HEATING
  YESTERDAY       12                        10      2        0
  MONTH TO DATE  396                       309     87      193
  SINCE MAR 1    396                       309     87      193
  SINCE JUL 1   2136                      2455   -319     1881

 COOLING
  YESTERDAY        0                         0      0        0
  MONTH TO DATE    8                         0      8       36
  SINCE MAR 1      8                         0      8       36
  SINCE JAN 1     14                         3     11       36
..................................................................


WIND (MPH)
  HIGHEST WIND SPEED    17   HIGHEST WIND DIRECTION     S (200)
  HIGHEST GUST SPEED    24   HIGHEST GUST DIRECTION    SW (210)
  AVERAGE WIND SPEED     7.5


SKY COVER
  POSSIBLE SUNSHINE  MM
  AVERAGE SKY COVER 0.1


WEATHER CONDITIONS
 THE FOLLOWING WEATHER WAS RECORDED YESTERDAY.
  NO SIGNIFICANT WEATHER WAS OBSERVED.


RELATIVE HUMIDITY (PERCENT)
 HIGHEST    92           500 AM
 LOWEST     38           100 PM
 AVERAGE    65

..........................................................


THE NEW BERN NC CLIMATE NORMALS FOR TODAY
                         NORMAL    RECORD    YEAR
 MAXIMUM TEMPERATURE (F)   68        84      2016
                                             1954
 MINIMUM TEMPERATURE (F)   44        29      1968


SUNRISE AND SUNSET
MARCH 25 2017.........SUNRISE   704 AM EDT   SUNSET   724 PM EDT
MARCH 26 2017.........SUNRISE   703 AM EDT   SUNSET   725 PM EDT


-  INDICATES NEGATIVE NUMBERS.
R  INDICATES RECORD WAS SET OR TIED.
MM INDICATES DATA IS MISSING.
T  INDICATES TRACE AMOUNT.




$$
