000
CDUS42 KMHX 022146
CLIEWN


CLIMATE REPORT
NATIONAL WEATHER SERVICE NEWPORT/MOREHEAD CITY NC
546 PM EDT TUE JUN 2 2015


...................................

...THE NEW BERN NC CLIMATE SUMMARY FOR JUNE 2 2015...
VALID TODAY AS OF 0500 PM LOCAL TIME.

CLIMATE NORMAL PERIOD 1981 TO 2010
CLIMATE RECORD PERIOD 1948 TO 2015


WEATHER ITEM   OBSERVED TIME   RECORD YEAR NORMAL DEPARTURE LAST
                VALUE   (LST)  VALUE       VALUE  FROM      YEAR
                                                  NORMAL
..................................................................
TEMPERATURE (F)
 TODAY
  MAXIMUM         88   1153 AM 101    1989  84      4       82
  MINIMUM         68   1244 AM  44    1966  64      4       54
  AVERAGE         78                        74      4       68

PRECIPITATION (IN)
  TODAY            0.66          2.18 2010   0.15   0.51     0.00
  MONTH TO DATE    0.66                      0.30   0.36     0.00
  SINCE JUN 1      0.66                      0.30   0.36     0.00
  SINCE JAN 1     17.48                     19.69  -2.21    17.88

SNOWFALL (IN)
  TODAY            0.0
  MONTH TO DATE    0.0
  SINCE NOV 1      3.0
  SINCE JUL 1      3.0
  SNOW DEPTH       0

DEGREE DAYS
 HEATING
  TODAY            0                         0      0        0
  MONTH TO DATE    0                         0      0        0
  SINCE JUN 1      0                         0      0        0
  SINCE JUL 1   2719                      2701     18     2637

 COOLING
  TODAY           13                         9      4        3
  MONTH TO DATE   25                        18      7        5
  SINCE JUN 1     25                        18      7        5
  SINCE JAN 1    323                       261     62      366
..................................................................


WIND (MPH)
  HIGHEST WIND SPEED    25   HIGHEST WIND DIRECTION     W (290)
  HIGHEST GUST SPEED    33   HIGHEST GUST DIRECTION    NW (300)
  AVERAGE WIND SPEED     4.2


SKY COVER
  POSSIBLE SUNSHINE  MM
  AVERAGE SKY COVER 0.3


WEATHER CONDITIONS
 THE FOLLOWING WEATHER WAS RECORDED TODAY.
  THUNDERSTORM
  HEAVY RAIN
  RAIN
  LIGHT RAIN
  FOG


RELATIVE HUMIDITY (PERCENT)
 HIGHEST    90          1200 AM
 LOWEST     50          1200 PM
 AVERAGE    70

..........................................................


THE NEW BERN NC CLIMATE NORMALS FOR TOMORROW
                         NORMAL    RECORD    YEAR
 MAXIMUM TEMPERATURE (F)   84        97      1961
 MINIMUM TEMPERATURE (F)   64        51      1966


SUNRISE AND SUNSET
JUNE  2 2015..........SUNRISE   555 AM EDT   SUNSET   818 PM EDT
JUNE  3 2015..........SUNRISE   555 AM EDT   SUNSET   818 PM EDT


-  INDICATES NEGATIVE NUMBERS.
R  INDICATES RECORD WAS SET OR TIED.
MM INDICATES DATA IS MISSING.
T  INDICATES TRACE AMOUNT.




$$
