000
CDUS42 KMHX 220540
CLIEWN


CLIMATE REPORT
NATIONAL WEATHER SERVICE NEWPORT/MOREHEAD CITY NC
140 AM EDT WED OCT 22 2014


...................................

...THE NEW BERN NC CLIMATE SUMMARY FOR OCTOBER 21 2014...

CLIMATE NORMAL PERIOD 1981 TO 2010
CLIMATE RECORD PERIOD 1948 TO 2014


WEATHER ITEM   OBSERVED TIME   RECORD YEAR NORMAL DEPARTURE LAST
                VALUE   (LST)  VALUE       VALUE  FROM      YEAR
                                                  NORMAL
..................................................................
TEMPERATURE (F)
 YESTERDAY
  MAXIMUM         79    230 PM  87    1984  73      6       73
  MINIMUM         54    548 AM  34    1967  51      3       52
  AVERAGE         67                        62      5       63

PRECIPITATION (IN)
  YESTERDAY        0.00          2.31 1958   0.10  -0.10     0.00
  MONTH TO DATE    2.13                      2.33  -0.20     3.08
  SINCE SEP 1      9.71                      8.22   1.49     6.33
  SINCE JAN 1     46.72                     45.02   1.70    35.70

SNOWFALL (IN)
  YESTERDAY        0.0
  MONTH TO DATE    0.0
  SINCE NOV 1     14.0
  SINCE JUL 1      0.0
  SNOW DEPTH       0

DEGREE DAYS
 HEATING
  YESTERDAY        0                         5     -5        2
  MONTH TO DATE   22                        54    -32        7
  SINCE SEP 1     22                        61    -39        9
  SINCE JUL 1     22                        61    -39        9

 COOLING
  YESTERDAY        2                         2      0        0
  MONTH TO DATE  107                        68     39      105
  SINCE SEP 1    457                       342    115      373
  SINCE JAN 1   2168                      1871    297     1990
..................................................................


WIND (MPH)
  HIGHEST WIND SPEED    15   HIGHEST WIND DIRECTION     N (360)
  HIGHEST GUST SPEED    23   HIGHEST GUST DIRECTION    NW (320)
  AVERAGE WIND SPEED     4.2


SKY COVER
  POSSIBLE SUNSHINE  MM
  AVERAGE SKY COVER 0.3


WEATHER CONDITIONS
 THE FOLLOWING WEATHER WAS RECORDED YESTERDAY.
  FOG


RELATIVE HUMIDITY (PERCENT)
 HIGHEST    93          1200 AM
 LOWEST     37           300 PM
 AVERAGE    65

..........................................................


THE NEW BERN NC CLIMATE NORMALS FOR TODAY
                         NORMAL    RECORD    YEAR
 MAXIMUM TEMPERATURE (F)   73        85      1984
 MINIMUM TEMPERATURE (F)   51        30      1952


SUNRISE AND SUNSET
OCTOBER 22 2014.......SUNRISE   720 AM EDT   SUNSET   625 PM EDT
OCTOBER 23 2014.......SUNRISE   721 AM EDT   SUNSET   623 PM EDT


-  INDICATES NEGATIVE NUMBERS.
R  INDICATES RECORD WAS SET OR TIED.
MM INDICATES DATA IS MISSING.
T  INDICATES TRACE AMOUNT.




$$
