000
CDUS41 KOKX 010617
CLIEWR


CLIMATE REPORT
NATIONAL WEATHER SERVICE NEW YORK NY
117 AM EST SUN FEB 1 2015


...................................

...THE NEWARK NJ CLIMATE SUMMARY FOR JANUARY 31 2015...

CLIMATE NORMAL PERIOD 1981 TO 2010
CLIMATE RECORD PERIOD 1929 TO 2015


WEATHER ITEM   OBSERVED TIME   RECORD YEAR NORMAL DEPARTURE LAST
                VALUE   (LST)  VALUE       VALUE  FROM      YEAR
                                                  NORMAL
..................................................................
TEMPERATURE (F)
 YESTERDAY
  MAXIMUM         26    418 PM  64    1947  40    -14       39
  MINIMUM         13    802 AM   1    1948  25    -12       22
                                      1935
  AVERAGE         20                        32    -12       31

PRECIPITATION (IN)
  YESTERDAY        0.00          1.04 1937   0.11  -0.11      T
  MONTH TO DATE    4.42                      3.54   0.88     2.78
  SINCE DEC 1      9.33                      7.35   1.98     7.40
  SINCE JAN 1      4.42                      3.54   0.88     2.78

SNOWFALL (IN)
  YESTERDAY        0.0           4.4  1949   0.3   -0.3       T
  MONTH TO DATE   14.9                       7.9    7.0     20.8
  SINCE OCT 1     16.6                      13.7    2.9     30.2
  SINCE JUL 1     16.6                      13.7    2.9     30.2
  SNOW DEPTH       6

DEGREE DAYS
 HEATING
  YESTERDAY       45                        33     12       34
  MONTH TO DATE 1123                      1036     87     1166
  SINCE DEC 1   1888                      1916    -28     2028
  SINCE JUL 1   2720                      2784    -64     2898

 COOLING
  YESTERDAY        0                         0      0        0
  MONTH TO DATE    0                         0      0        0
  SINCE DEC 1      0                         0      0        0
  SINCE JAN 1      0                         0      0        0
..................................................................


WIND (MPH)
  HIGHEST WIND SPEED    29   HIGHEST WIND DIRECTION    NW (310)
  HIGHEST GUST SPEED    37   HIGHEST GUST DIRECTION    NW (320)
  AVERAGE WIND SPEED    16.4


SKY COVER
  AVERAGE SKY COVER 0.1


WEATHER CONDITIONS
 THE FOLLOWING WEATHER WAS RECORDED YESTERDAY.
  NO SIGNIFICANT WEATHER WAS OBSERVED.


RELATIVE HUMIDITY (PERCENT)
 HIGHEST    56          1000 PM
 LOWEST     33           300 PM
 AVERAGE    45

..........................................................


THE NEWARK NJ CLIMATE NORMALS FOR TODAY
                         NORMAL    RECORD    YEAR
 MAXIMUM TEMPERATURE (F)   40        68      1989
 MINIMUM TEMPERATURE (F)   25         1      1935


SUNRISE AND SUNSET
FEBRUARY  1 2015......SUNRISE   707 AM EST   SUNSET   514 PM EST
FEBRUARY  2 2015......SUNRISE   706 AM EST   SUNSET   515 PM EST


-  INDICATES NEGATIVE NUMBERS.
R  INDICATES RECORD WAS SET OR TIED.
MM INDICATES DATA IS MISSING.
T  INDICATES TRACE AMOUNT.




$$
