000
CDUS41 KOKX 310626
CLIEWR


CLIMATE REPORT
NATIONAL WEATHER SERVICE NEW YORK NY
226 AM EDT FRI OCT 31 2014


...................................

...THE NEWARK NJ CLIMATE SUMMARY FOR OCTOBER 30 2014...

CLIMATE NORMAL PERIOD 1981 TO 2010
CLIMATE RECORD PERIOD 1929 TO 2014


WEATHER ITEM   OBSERVED TIME   RECORD YEAR NORMAL DEPARTURE LAST
                VALUE   (LST)  VALUE       VALUE  FROM      YEAR
                                                  NORMAL
..................................................................
TEMPERATURE (F)
 YESTERDAY
  MAXIMUM         61   1249 PM  82    1946  61      0       62
  MINIMUM         43    629 AM  31    1952  44     -1       42
  AVERAGE         52                        52      0       52

PRECIPITATION (IN)
  YESTERDAY        0.00          1.57 1955   0.11  -0.11     0.00
  MONTH TO DATE    4.14                      3.48   0.66     0.43
  SINCE SEP 1      5.66                      7.30  -1.64     1.97
  SINCE JAN 1     40.28                     38.67   1.61    35.27

SNOWFALL (IN)
  YESTERDAY        0.0           T    2011   0.0    0.0      0.0
                                      2002
  MONTH TO DATE    T                         0.0    0.0      0.0
  SINCE OCT 1      T                         0.0    0.0      0.0
  SINCE JUL 1      T                         0.0    0.0      0.0
  SNOW DEPTH       0

DEGREE DAYS
 HEATING
  YESTERDAY       13                        13      0       13
  MONTH TO DATE  172                       263    -91      205
  SINCE SEP 1    191                       307   -116      252
  SINCE JUL 1    191                       308   -117      252

 COOLING
  YESTERDAY        0                         0      0        0
  MONTH TO DATE   21                        14      7       47
  SINCE SEP 1    190                       154     36      166
  SINCE JAN 1   1175                      1188    -13     1337
..................................................................


WIND (MPH)
  HIGHEST WIND SPEED    18   HIGHEST WIND DIRECTION    NW (320)
  HIGHEST GUST SPEED    26   HIGHEST GUST DIRECTION    NW (320)
  AVERAGE WIND SPEED     8.5


SKY COVER
  AVERAGE SKY COVER 0.3


WEATHER CONDITIONS
 THE FOLLOWING WEATHER WAS RECORDED YESTERDAY.
  FOG


RELATIVE HUMIDITY (PERCENT)
 HIGHEST   100           500 AM
 LOWEST     40           200 PM
 AVERAGE    70

..........................................................


THE NEWARK NJ CLIMATE NORMALS FOR TODAY
                         NORMAL    RECORD    YEAR
 MAXIMUM TEMPERATURE (F)   60        82      1946
 MINIMUM TEMPERATURE (F)   43        29      1975


SUNRISE AND SUNSET
OCTOBER 31 2014.......SUNRISE   726 AM EDT   SUNSET   554 PM EDT
NOVEMBER  1 2014......SUNRISE   727 AM EDT   SUNSET   553 PM EDT


-  INDICATES NEGATIVE NUMBERS.
R  INDICATES RECORD WAS SET OR TIED.
MM INDICATES DATA IS MISSING.
T  INDICATES TRACE AMOUNT.




$$
