000
CDUS41 KOKX 290617
CLIEWR


CLIMATE REPORT
NATIONAL WEATHER SERVICE NEW YORK NY
217 AM EDT THU SEP 29 2016


...................................

...THE NEWARK NJ CLIMATE SUMMARY FOR SEPTEMBER 28 2016...

CLIMATE NORMAL PERIOD 1981 TO 2010
CLIMATE RECORD PERIOD 1929 TO 2016


WEATHER ITEM   OBSERVED TIME   RECORD YEAR NORMAL DEPARTURE LAST
                VALUE   (LST)  VALUE       VALUE  FROM      YEAR
                                                  NORMAL
..................................................................
TEMPERATURE (F)
 YESTERDAY
  MAXIMUM         73    141 PM  87    2014  72      1       79
  MINIMUM         56    418 AM  38    1947  55      1       66
  AVERAGE         65                        63      2       73

PRECIPITATION (IN)
  YESTERDAY        T             3.10 2004   0.15  -0.15      T
  MONTH TO DATE    1.82                      3.54  -1.72     1.02
  SINCE SEP 1      1.82                      3.54  -1.72     1.02
  SINCE JAN 1     25.63                     34.91  -9.28    28.62

SNOWFALL (IN)
  YESTERDAY        0.0           0.0  2002   0.0    0.0      0.0
                                      2001
  MONTH TO DATE    0.0                       0.0    0.0      0.0
  SINCE OCT 1     32.8                      28.5    4.3     46.4
  SINCE JUL 1      0.0                       0.0    0.0      0.0
  SNOW DEPTH       0

DEGREE DAYS
 HEATING
  YESTERDAY        0                         4     -4        0
  MONTH TO DATE    6                        35    -29        3
  SINCE SEP 1      6                        35    -29        3
  SINCE JUL 1      6                        36    -30        3

 COOLING
  YESTERDAY        0                         2     -2        8
  MONTH TO DATE  227                       135     92      243
  SINCE SEP 1    227                       135     92      243
  SINCE JAN 1   1537                      1169    368     1525
..................................................................


WIND (MPH)
  HIGHEST WIND SPEED    20   HIGHEST WIND DIRECTION    NE (30)
  HIGHEST GUST SPEED    26   HIGHEST GUST DIRECTION     E (80)
  AVERAGE WIND SPEED    12.2


SKY COVER
  AVERAGE SKY COVER 0.7


WEATHER CONDITIONS
 THE FOLLOWING WEATHER WAS RECORDED YESTERDAY.
  LIGHT RAIN
  FOG


RELATIVE HUMIDITY (PERCENT)
 HIGHEST    93          1000 PM
 LOWEST     61           200 PM
 AVERAGE    77

..........................................................


THE NEWARK NJ CLIMATE NORMALS FOR TODAY
                         NORMAL    RECORD    YEAR
 MAXIMUM TEMPERATURE (F)   72        89      1945
 MINIMUM TEMPERATURE (F)   54        40      1942


SUNRISE AND SUNSET
SEPTEMBER 29 2016.....SUNRISE   652 AM EDT   SUNSET   641 PM EDT
SEPTEMBER 30 2016.....SUNRISE   653 AM EDT   SUNSET   640 PM EDT


-  INDICATES NEGATIVE NUMBERS.
R  INDICATES RECORD WAS SET OR TIED.
MM INDICATES DATA IS MISSING.
T  INDICATES TRACE AMOUNT.




$$
