569
CDUS43 KIND 280543
CLIEYE


CLIMATE REPORT
NATIONAL WEATHER SERVICE INDIANAPOLIS IN
143 AM EDT FRI JUL 28 2017


...................................

...THE INDIANAPOLIS EAGLE CREEK IN CLIMATE SUMMARY FOR JULY 27 2017...

CLIMATE NORMAL PERIOD 1981 TO 2010
CLIMATE RECORD PERIOD 9999 TO 9999


WEATHER ITEM   OBSERVED TIME   NORMAL DEPARTURE LAST
                VALUE   (LST)  VALUE  FROM      YEAR
                                      NORMAL
......................................................
TEMPERATURE (F)
 YESTERDAY
  MAXIMUM         81    348 PM  84     -3       89
  MINIMUM         74   1117 PM  66      8       69
  AVERAGE         78            75      3       79

PRECIPITATION (IN)
  YESTERDAY        0.25          0.10   0.15     0.00
  MONTH TO DATE    4.94          3.88   1.06     5.23
  SINCE JUN 1      9.29          8.27   1.02    14.09
  SINCE JAN 1     31.13         25.08   6.05    25.60

DEGREE DAYS
 HEATING
  YESTERDAY        0             0      0        0
  MONTH TO DATE    0             0      0        3
  SINCE JUN 1      3            14    -11        3
  SINCE JUL 1      0             0      0        3

 COOLING
  YESTERDAY       13            10      3       14
  MONTH TO DATE  318           280     38      321
  SINCE JUN 1    549           514     35      622
  SINCE JAN 1    651           598     53      724
......................................................


WIND (MPH)
  HIGHEST WIND SPEED    13   HIGHEST WIND DIRECTION     W (280)
  HIGHEST GUST SPEED    17   HIGHEST GUST DIRECTION     S (160)
  AVERAGE WIND SPEED     3.8


SKY COVER
  AVERAGE SKY COVER 0.9


WEATHER CONDITIONS
 THE FOLLOWING WEATHER WAS RECORDED YESTERDAY.
  HEAVY RAIN
  RAIN
  LIGHT RAIN
  FOG


RELATIVE HUMIDITY (PERCENT)
 HIGHEST    87           500 AM
 LOWEST     74           200 PM
 AVERAGE    81

..........................................................


THE INDIANAPOLIS EAGLE CREEK IN CLIMATE NORMALS FOR TODAY
                         NORMAL
 MAXIMUM TEMPERATURE (F)   83
 MINIMUM TEMPERATURE (F)   66


SUNRISE AND SUNSET
JULY 28 2017..........SUNRISE   641 AM EDT   SUNSET   902 PM EDT
JULY 29 2017..........SUNRISE   641 AM EDT   SUNSET   901 PM EDT


-  INDICATES NEGATIVE NUMBERS.
R  INDICATES RECORD WAS SET OR TIED.
MM INDICATES DATA IS MISSING.
T  INDICATES TRACE AMOUNT.




$$
