000
CDUS42 KKEY 050533
CLIEYW

CLIMATE REPORT NATIONAL WEATHER SERVICE KEY WEST, FL

1232 AM EST THU MAR 5 2015


...................................

...THE KEY WEST CLIMATE SUMMARY FOR MARCH 4 2015...

CLIMATE NORMAL PERIOD 1981 TO 2010
CLIMATE RECORD PERIOD 1871 TO 2015


WEATHER ITEM   OBSERVED TIME   RECORD YEAR NORMAL DEPARTURE LAST
                VALUE   (LST)  VALUE       VALUE  FROM      YEAR
                                                  NORMAL
..................................................................
TEMPERATURE (F)
 YESTERDAY
  MAXIMUM         81    339 PM  85    1956  77      4       80
                                      1948
                                      1932
  MINIMUM         75    728 AM  49    1980  67      8       67
  AVERAGE         78                        72      6       74

PRECIPITATION (IN)
  YESTERDAY        0.00          1.06 1889   0.07  -0.07     0.00
  MONTH TO DATE    T                         0.29  -0.29     0.00
  SINCE MAR 1      T                         0.29  -0.29     0.00
  SINCE JAN 1      3.23                      3.82  -0.59     7.60

SNOWFALL (IN)
  YESTERDAY        0.0
  MONTH TO DATE    0.0
  SINCE MAR 1      0.0
  SINCE JUL 1      0.0
  SNOW DEPTH       0

DEGREE DAYS
 HEATING
  YESTERDAY        0                         0      0        0
  MONTH TO DATE    0                         0      0        0
  SINCE MAR 1      0                         0      0        0
  SINCE JUL 1     27                        66    -39       22

 COOLING
  YESTERDAY       13                         8      5        9
  MONTH TO DATE   50                        31     19       34
  SINCE MAR 1     50                        31     19       34
  SINCE JAN 1    408                       379     29      460
..................................................................


WIND (MPH)
  HIGHEST WIND SPEED    20   HIGHEST WIND DIRECTION     E (110)
  HIGHEST GUST SPEED    24   HIGHEST GUST DIRECTION    SE (120)
  AVERAGE WIND SPEED    14.4


SKY COVER
  POSSIBLE SUNSHINE  MM
  AVERAGE SKY COVER 0.0


WEATHER CONDITIONS
 THE FOLLOWING WEATHER WAS RECORDED YESTERDAY.
  NO SIGNIFICANT WEATHER WAS OBSERVED.


RELATIVE HUMIDITY (PERCENT)
 HIGHEST    87
 LOWEST     74
 AVERAGE    81

..........................................................


THE KEY WEST CLIMATE NORMALS FOR TODAY
                         NORMAL    RECORD    YEAR
 MAXIMUM TEMPERATURE (F)   77        85      2003
                                             1982
                                             1957
 MINIMUM TEMPERATURE (F)   67        53      2010
                                             1873


SUNRISE AND SUNSET
MARCH  5 2015.........SUNRISE   646 AM EST   SUNSET   631 PM EST
MARCH  6 2015.........SUNRISE   645 AM EST   SUNSET   632 PM EST


-  INDICATES NEGATIVE NUMBERS.
R  INDICATES RECORD WAS SET OR TIED.
MM INDICATES DATA IS MISSING.
T  INDICATES TRACE AMOUNT.




$$
