000
CDAK49 PAFG 120034
CLIFAI

CLIMATE REPORT
NATIONAL WEATHER SERVICE FAIRBANKS AK
334 PM AKST THU FEB 11 2016

...................................

...THE FAIRBANKS AK CLIMATE SUMMARY FOR FEBRUARY 11 2016...
VALID TODAY AS OF 0300 PM LOCAL TIME.

CLIMATE NORMAL PERIOD 1981 TO 2010
CLIMATE RECORD PERIOD 1904 TO 2016


WEATHER ITEM   OBSERVED TIME   RECORD YEAR NORMAL DEPARTURE LAST
                VALUE   (LST)  VALUE       VALUE  FROM      YEAR
                                                  NORMAL
..................................................................
TEMPERATURE (F)
 TODAY
  MAXIMUM         16    236 PM  46    2004   8      8       12
  MINIMUM          7    952 AM -53    1932 -14     21      -11
  AVERAGE         12                        -3     15        1

PRECIPITATION (IN)
  TODAY            T             0.86 1966   0.02  -0.02      T
  MONTH TO DATE    0.05                      0.18  -0.13      T
  SINCE DEC 1      0.13                      1.40  -1.27     1.08
  SINCE JAN 1      0.06                      0.76  -0.70     0.15

SNOWFALL (IN)
  TODAY            T            16.0  1966   0.3   -0.3      0.1
  MONTH TO DATE    0.6                       3.3   -2.7      0.1
  SINCE DEC 1      2.5                      25.7  -23.2     19.9
  SINCE JUL 1     52.6                      51.5    1.1     29.7
  SNOW DEPTH      13

DEGREE DAYS
 HEATING
  TODAY           53                        68    -15       64
  MONTH TO DATE  701                       765    -64      927
  SINCE DEC 1   4672                      5166   -494     4891
  SINCE JUL 1   8460                      9297   -837     8609

 COOLING
  TODAY            0                         0      0        0
  MONTH TO DATE    0                         0      0        0
  SINCE DEC 1      0                         0      0        0
  SINCE JAN 1      0                         0      0        0
..................................................................


WIND (MPH)
  HIGHEST GUST SPEED    11   HIGHEST GUST DIRECTION     N (360)


SKY COVER
  AVERAGE SKY COVER 0.8


WEATHER CONDITIONS
 THE FOLLOWING WEATHER WAS RECORDED TODAY.
  LIGHT SNOW


RELATIVE HUMIDITY (PERCENT)
 HIGHEST    80
 LOWEST     67
 AVERAGE    74

..........................................................


THE FAIRBANKS AK CLIMATE NORMALS FOR TOMORROW
                         NORMAL    RECORD    YEAR
 MAXIMUM TEMPERATURE (F)    9        44      1942
 MINIMUM TEMPERATURE (F)  -13       -53      1932


SUNRISE AND SUNSET
FEBRUARY 11 2016..........SUNRISE  905 AM AKST   SUNSET  508 PM AKST
FEBRUARY 12 2016..........SUNRISE  902 AM AKST   SUNSET  512 PM AKST


-  INDICATES NEGATIVE NUMBERS.
R  INDICATES RECORD WAS SET OR TIED.
MM INDICATES DATA IS MISSING.
T  INDICATES TRACE AMOUNT.

&&

SNOW DEPTH IS MEASURED AT 3AM AKST/4AM AKDT

----------------------------
AVAILABLE DAYLIGHT

AMOUNT OF DAYLIGHT TODAY  (HOUR:MIN)........8:03
GAIN SINCE YESTERDAY........................7 MINUTES
----------------------------

$$
CLE FEB 16
