000
CDAK49 PAFG 050932
CLIFAI

CLIMATE REPORT
NATIONAL WEATHER SERVICE FAIRBANKS AK
132 AM AKDT THU MAY 5 2016

...................................

...THE FAIRBANKS AK CLIMATE SUMMARY FOR MAY 4 2016...

CLIMATE NORMAL PERIOD 1981 TO 2010
CLIMATE RECORD PERIOD 1904 TO 2016


WEATHER ITEM   OBSERVED TIME   RECORD YEAR NORMAL DEPARTURE LAST
                VALUE   (LST)  VALUE       VALUE  FROM      YEAR
                                                  NORMAL
..................................................................
TEMPERATURE (F)
 YESTERDAY
  MAXIMUM         59    354 PM  69    1907  56      3       61
  MINIMUM         36    403 AM   9    1945  33      3       37
  AVERAGE         48                        44      4       49

PRECIPITATION (IN)
  YESTERDAY        0.00          0.37 1984   0.01  -0.01     0.00
  MONTH TO DATE    0.44                      0.06   0.38     0.00
  SINCE MAR 1      1.49                      0.62   0.87     0.65
  SINCE JAN 1      1.55                      1.62  -0.07     1.28

SNOWFALL (IN)
  YESTERDAY        0.0           3.2  2001   0.0    0.0      0.0
  MONTH TO DATE    0.0                       0.2   -0.2      0.0
  SINCE MAR 1      7.4                       8.0   -0.6     10.2
  SINCE JUL 1     60.0                      64.3   -4.3     43.8
  SNOW DEPTH       0

DEGREE DAYS
 HEATING
  YESTERDAY       17                        21     -4       16
  MONTH TO DATE   67                        86    -19       79
  SINCE MAR 1   2134                      2720   -586     2447
  SINCE JUL 1  11540                     13110  -1570    11914

 COOLING
  YESTERDAY        0                         0      0        0
  MONTH TO DATE    0                         0      0        0
  SINCE MAR 1      0                         0      0        0
  SINCE JAN 1      0                         0      0        0
..................................................................


WIND (MPH)
  HIGHEST GUST SPEED    27   HIGHEST GUST DIRECTION    NW (300)


SKY COVER
  AVERAGE SKY COVER 0.8


WEATHER CONDITIONS
 THE FOLLOWING WEATHER WAS RECORDED YESTERDAY.
  NO SIGNIFICANT WEATHER WAS OBSERVED.


RELATIVE HUMIDITY (PERCENT)
 HIGHEST    92
 LOWEST     33
 AVERAGE    63

..........................................................


THE FAIRBANKS AK CLIMATE NORMALS FOR TODAY
                         NORMAL    RECORD    YEAR
 MAXIMUM TEMPERATURE (F)   56        70      1960
 MINIMUM TEMPERATURE (F)   33        11      1945


SUNRISE AND SUNSET
MAY 05 2016..........SUNRISE  502 AM AKDT   SUNSET  1038 PM AKDT
MAY 06 2016..........SUNRISE  458 AM AKDT   SUNSET  1041 PM AKDT


-  INDICATES NEGATIVE NUMBERS.
R  INDICATES RECORD WAS SET OR TIED.
MM INDICATES DATA IS MISSING.
T  INDICATES TRACE AMOUNT.

&&

SNOW DEPTH IS MEASURED AT 3AM AKST/4AM AKDT

----------------------------
AVAILABLE DAYLIGHT

AMOUNT OF DAYLIGHT TODAY  (HOUR:MIN)........17:36
GAIN SINCE YESTERDAY........................7 MINUTES
----------------------------

$$
LTH MAY 16
