000
CDAK49 PAFG 211006
CLIFAI

CLIMATE REPORT
NATIONAL WEATHER SERVICE FAIRBANKS AK
206 AM AKDT THU SEP 21 2017

...................................

...THE FAIRBANKS AK CLIMATE SUMMARY FOR SEPTEMBER 20 2017...

CLIMATE NORMAL PERIOD 1981 TO 2010
CLIMATE RECORD PERIOD 1904 TO 2017


WEATHER ITEM   OBSERVED TIME   RECORD YEAR NORMAL DEPARTURE LAST
                VALUE   (LST)  VALUE       VALUE  FROM      YEAR
                                                  NORMAL
..................................................................
TEMPERATURE (F)
 YESTERDAY
  MAXIMUM         45    348 PM  73    1995  53     -8       62
  MINIMUM         34    443 AM  14    1947  33      1       38
                                      1939
  AVERAGE         40                        43     -3       50

PRECIPITATION (IN)
  YESTERDAY        0.01          0.56 1942   0.03  -0.02     0.00
  MONTH TO DATE    0.28                      0.80  -0.52     1.77
  SINCE SEP 1      0.28                      0.80  -0.52     1.77
  SINCE JAN 1      9.15                      8.37   0.78    13.48

SNOWFALL (IN)
  YESTERDAY        0.0           0.5  1989   0.0    0.0      0.0
  MONTH TO DATE    0.0                       0.7   -0.7      0.0
  SINCE SEP 1      0.0                       0.7   -0.7      0.0
  SINCE JUL 1      0.0                       0.7   -0.7      0.0
  SNOW DEPTH       0

DEGREE DAYS
 HEATING
  YESTERDAY       25                        22      3       15
  MONTH TO DATE  298                       354    -56      323
  SINCE SEP 1    298                       354    -56      323
  SINCE JUL 1    521                       743   -222      525

 COOLING
  YESTERDAY        0                         0      0        0
  MONTH TO DATE    0                         0      0        0
  SINCE SEP 1      0                         0      0        0
  SINCE JAN 1    104                        61     43       76
..................................................................


WIND (MPH)
  HIGHEST GUST SPEED     8   HIGHEST GUST DIRECTION    SW (230)


SKY COVER
  AVERAGE SKY COVER 0.8


WEATHER CONDITIONS
 THE FOLLOWING WEATHER WAS RECORDED YESTERDAY.
  LIGHT RAIN


RELATIVE HUMIDITY (PERCENT)
 HIGHEST   100
 LOWEST     76
 AVERAGE    88

..........................................................


THE FAIRBANKS AK CLIMATE NORMALS FOR TODAY
                         NORMAL    RECORD    YEAR
 MAXIMUM TEMPERATURE (F)   52        78      1995
 MINIMUM TEMPERATURE (F)   33        12      1910


SUNRISE AND SUNSET
SEPTEMBER 21 2017.....SUNRISE   733 AM AKDT  SUNSET   754 PM AKDT
SEPTEMBER 22 2017.....SUNRISE   735 AM AKDT  SUNSET   751 PM AKDT


-  INDICATES NEGATIVE NUMBERS.
R  INDICATES RECORD WAS SET OR TIED.
MM INDICATES DATA IS MISSING.
T  INDICATES TRACE AMOUNT.

&&

SNOW DEPTH IS MEASURED AT 3AM AKST/4AM AKDT

----------------------------
AVAILABLE DAYLIGHT

AMOUNT OF DAYLIGHT TODAY  (HOUR:MIN)........12:21
LOSS SINCE YESTERDAY........................7 MINUTES
----------------------------

$$
CCC SEP 17
