000
CDAK49 PAFG 280944
CLIFAI

CLIMATE REPORT
NATIONAL WEATHER SERVICE FAIRBANKS AK
144 AM AKDT TUE MAR 28 2017

...................................

...THE FAIRBANKS AK CLIMATE SUMMARY FOR MARCH 27 2017...

CLIMATE NORMAL PERIOD 1981 TO 2010
CLIMATE RECORD PERIOD 1904 TO 2017


WEATHER ITEM   OBSERVED TIME   RECORD YEAR NORMAL DEPARTURE LAST
                VALUE   (LST)  VALUE       VALUE  FROM      YEAR
                                                  NORMAL
..................................................................
TEMPERATURE (F)
 YESTERDAY
  MAXIMUM         30    326 PM  53    1940  31     -1       42
  MINIMUM         -3    739 AM -37    1925   4     -7       26
  AVERAGE         14                        18     -4       34

PRECIPITATION (IN)
  YESTERDAY        0.00          0.33 2001   0.01  -0.01     0.02
  MONTH TO DATE    0.07                      0.22  -0.15     0.18
  SINCE MAR 1      0.07                      0.22  -0.15     0.18
  SINCE JAN 1      2.27                      1.22   1.05     0.24

SNOWFALL (IN)
  YESTERDAY        0.0           4.9  2001   0.2   -0.2      0.2
  MONTH TO DATE    1.7                       4.4   -2.7      3.7
  SINCE MAR 1      1.7                       4.4   -2.7      3.7
  SINCE JUL 1     80.1                      60.7   19.4     56.3
  SNOW DEPTH      26

DEGREE DAYS
 HEATING
  YESTERDAY       51                        47      4       31
  MONTH TO DATE 1915                      1479    436     1276
  SINCE MAR 1   1915                      1479    436     1276
  SINCE JUL 1  12045                     11869    176    10682

 COOLING
  YESTERDAY        0                         0      0        0
  MONTH TO DATE    0                         0      0        0
  SINCE MAR 1      0                         0      0        0
  SINCE JAN 1      0                         0      0        0
..................................................................


WIND (MPH)
  HIGHEST GUST SPEED    19   HIGHEST GUST DIRECTION    NE (30)


SKY COVER
  AVERAGE SKY COVER 0.6


WEATHER CONDITIONS
 THE FOLLOWING WEATHER WAS RECORDED YESTERDAY.
  NO SIGNIFICANT WEATHER WAS OBSERVED.


RELATIVE HUMIDITY (PERCENT)
 HIGHEST    75
 LOWEST     45
 AVERAGE    60

..........................................................


THE FAIRBANKS AK CLIMATE NORMALS FOR TODAY
                         NORMAL    RECORD    YEAR
 MAXIMUM TEMPERATURE (F)   32        55      1939
 MINIMUM TEMPERATURE (F)    5       -31      1963


SUNRISE AND SUNSET
MARCH 28 2017..........SUNRISE  721 AM AKDT   SUNSET  834 PM AKDT
MARCH 29 2017..........SUNRISE  717 AM AKDT   SUNSET  837 PM AKDT


-  INDICATES NEGATIVE NUMBERS.
R  INDICATES RECORD WAS SET OR TIED.
MM INDICATES DATA IS MISSING.
T  INDICATES TRACE AMOUNT.

&&

SNOW DEPTH IS MEASURED AT 3AM AKST/4AM AKDT

----------------------------
AVAILABLE DAYLIGHT

AMOUNT OF DAYLIGHT TODAY  (HOUR:MIN)........13:13
GAIN SINCE YESTERDAY........................8 MINUTES
----------------------------

$$
MAR 17
