000
CDAK49 PAFG 290942
CLIFAI

CLIMATE REPORT
NATIONAL WEATHER SERVICE FAIRBANKS AK
142 AM AKDT MON JUN 29 2015

...................................

...THE FAIRBANKS AK CLIMATE SUMMARY FOR JUNE 28 2015...

CLIMATE NORMAL PERIOD 1981 TO 2010
CLIMATE RECORD PERIOD 1904 TO 2015


WEATHER ITEM   OBSERVED TIME   RECORD YEAR NORMAL DEPARTURE LAST
                VALUE   (LST)  VALUE       VALUE  FROM      YEAR
                                                  NORMAL
..................................................................
TEMPERATURE (F)
 YESTERDAY
  MAXIMUM         68    425 PM  88    1992  74     -6       71
  MINIMUM         51    425 AM  32    1918  53     -2       48
  AVERAGE         60                        63     -3       60

PRECIPITATION (IN)
  YESTERDAY        0.00          0.39 1979   0.06  -0.06     0.00
  MONTH TO DATE    0.81                      1.25  -0.44     3.55
  SINCE JUN 1      0.81                      1.25  -0.44     3.55
  SINCE JAN 1      2.38                      3.41  -1.03     4.64

SNOWFALL (IN)
  YESTERDAY        0.0           0.0  2002   0.0    0.0      0.0
                                      2001
                                      2000
  MONTH TO DATE    0.0                       0.0    0.0      0.0
  SINCE JUN 1      0.0                       0.0    0.0      0.0
  SINCE JUL 1     43.8                      65.0  -21.2     48.9
  SNOW DEPTH       0

DEGREE DAYS
 HEATING
  YESTERDAY        5                         3      2        5
  MONTH TO DATE  177                       153     24      188
  SINCE JUN 1    177                       153     24      188
  SINCE JUL 1  12308                     13662  -1354    12497

 COOLING
  YESTERDAY        0                         2     -2        0
  MONTH TO DATE   31                        17     14        0
  SINCE JUN 1     31                        17     14        0
  SINCE JAN 1     33                        18     15        0
..................................................................


WIND (MPH)
  HIGHEST GUST SPEED    19   HIGHEST GUST DIRECTION    NW (320)


SKY COVER
  AVERAGE SKY COVER 0.7


WEATHER CONDITIONS
 THE FOLLOWING WEATHER WAS RECORDED YESTERDAY.
  FOG
  HAZE


RELATIVE HUMIDITY (PERCENT)
 HIGHEST    96
 LOWEST     45
 AVERAGE    71

..........................................................


THE FAIRBANKS AK CLIMATE NORMALS FOR TODAY
                         NORMAL    RECORD    YEAR
 MAXIMUM TEMPERATURE (F)   74        91      1992
 MINIMUM TEMPERATURE (F)   53        28      1918


SUNRISE AND SUNSET
JUNE 29 2015..........SUNRISE  308 AM AKDT   SUNSET  1241 AM AKDT
JUNE 30 2015..........SUNRISE  310 AM AKDT   SUNSET  1240 AM AKDT


-  INDICATES NEGATIVE NUMBERS.
R  INDICATES RECORD WAS SET OR TIED.
MM INDICATES DATA IS MISSING.
T  INDICATES TRACE AMOUNT.

&&

SNOW DEPTH IS MEASURED AT 3AM AKST/4AM AKDT

----------------------------
AVAILABLE DAYLIGHT

AMOUNT OF DAYLIGHT TODAY  (HOUR:MIN)........21:33
LOSS SINCE YESTERDAY........................3 MINUTES
----------------------------

$$
CCC JUN 15
