000
CDAK49 PAFG 240038
CLIFAI

CLIMATE REPORT
NATIONAL WEATHER SERVICE FAIRBANKS AK
338 PM AKST TUE JAN 23 2018

...................................

...THE FAIRBANKS AK CLIMATE SUMMARY FOR JANUARY 23 2018...
VALID TODAY AS OF 0300 PM LOCAL TIME.

CLIMATE NORMAL PERIOD 1981 TO 2010
CLIMATE RECORD PERIOD 1904 TO 2018


WEATHER ITEM   OBSERVED TIME   RECORD YEAR NORMAL DEPARTURE LAST
                VALUE   (LST)  VALUE       VALUE  FROM      YEAR
                                                  NORMAL
..................................................................
TEMPERATURE (F)
 TODAY
  MAXIMUM         -9    257 AM  39    1981   1    -10       -9
  MINIMUM        -16    259 PM -60    1906 -17      1      -39
  AVERAGE        -12                        -8     -4      -24

PRECIPITATION (IN)
  TODAY            0.07          0.39 1950   0.01   0.06      T
  MONTH TO DATE    1.09                      0.44   0.65     0.86
  SINCE DEC 1      1.47                      1.08   0.39     2.82
  SINCE JAN 1      1.09                      0.44   0.65     0.86

SNOWFALL (IN)
  TODAY            1.3           6.8  1950   0.2    1.1       T
  MONTH TO DATE   13.9                       7.8    6.1     14.4
  SINCE DEC 1     20.9                      19.9    1.0     47.3
  SINCE JUL 1     50.7                      45.7    5.0     52.5
  SNOW DEPTH      22

DEGREE DAYS
 HEATING
  TODAY           77                        73      4       89
  MONTH TO DATE 1486                      1683   -197     1792
  SINCE DEC 1   3215                      3824   -609     4058
  SINCE JUL 1   6780                      7955  -1175     7828

 COOLING
  TODAY            0                         0      0        0
  MONTH TO DATE    0                         0      0        0
  SINCE DEC 1      0                         0      0        0
  SINCE JAN 1      0                         0      0        0
..................................................................


WIND (MPH)
  HIGHEST GUST SPEED     9   HIGHEST GUST DIRECTION     S (200)


SKY COVER
  AVERAGE SKY COVER 1.0


WEATHER CONDITIONS
 THE FOLLOWING WEATHER WAS RECORDED TODAY.
  LIGHT SNOW
  FOG


RELATIVE HUMIDITY (PERCENT)
 HIGHEST    83
 LOWEST     74
 AVERAGE    79

..........................................................


THE FAIRBANKS AK CLIMATE NORMALS FOR TOMORROW
                         NORMAL    RECORD    YEAR
 MAXIMUM TEMPERATURE (F)    1        46      1977
 MINIMUM TEMPERATURE (F)  -17       -60      1911


SUNRISE AND SUNSET
JANUARY 23 2018.......SUNRISE  1004 AM AKST  SUNSET   403 PM AKST
JANUARY 24 2018.......SUNRISE  1001 AM AKST  SUNSET   407 PM AKST


-  INDICATES NEGATIVE NUMBERS.
R  INDICATES RECORD WAS SET OR TIED.
MM INDICATES DATA IS MISSING.
T  INDICATES TRACE AMOUNT.

&&

SNOW DEPTH IS MEASURED AT 3AM AKST/4AM AKDT

----------------------------
AVAILABLE DAYLIGHT

AMOUNT OF DAYLIGHT TODAY  (HOUR:MIN)........06:06
GAIN SINCE YESTERDAY........................6 MINUTES
----------------------------

$$
AY JAN 18
